Back to Multiple platform build/check report for BioC 3.10 |
|
This page was generated on 2020-04-15 12:09:32 -0400 (Wed, 15 Apr 2020).
Package 1145/1823 | Hostname | OS / Arch | INSTALL | BUILD | CHECK | BUILD BIN | ||||||
nethet 1.18.0 Nicolas Staedler
| malbec1 | Linux (Ubuntu 18.04.4 LTS) / x86_64 | OK | OK | [ WARNINGS ] | |||||||
tokay1 | Windows Server 2012 R2 Standard / x64 | OK | OK | WARNINGS | OK | |||||||
merida1 | OS X 10.11.6 El Capitan / x86_64 | OK | OK | WARNINGS | OK |
Package: nethet |
Version: 1.18.0 |
Command: /home/biocbuild/bbs-3.10-bioc/R/bin/R CMD check --install=check:nethet.install-out.txt --library=/home/biocbuild/bbs-3.10-bioc/R/library --no-vignettes --timings nethet_1.18.0.tar.gz |
StartedAt: 2020-04-15 02:40:31 -0400 (Wed, 15 Apr 2020) |
EndedAt: 2020-04-15 02:44:02 -0400 (Wed, 15 Apr 2020) |
EllapsedTime: 210.7 seconds |
RetCode: 0 |
Status: WARNINGS |
CheckDir: nethet.Rcheck |
Warnings: 1 |
############################################################################## ############################################################################## ### ### Running command: ### ### /home/biocbuild/bbs-3.10-bioc/R/bin/R CMD check --install=check:nethet.install-out.txt --library=/home/biocbuild/bbs-3.10-bioc/R/library --no-vignettes --timings nethet_1.18.0.tar.gz ### ############################################################################## ############################################################################## * using log directory ‘/home/biocbuild/bbs-3.10-bioc/meat/nethet.Rcheck’ * using R version 3.6.3 (2020-02-29) * using platform: x86_64-pc-linux-gnu (64-bit) * using session charset: UTF-8 * using option ‘--no-vignettes’ * checking for file ‘nethet/DESCRIPTION’ ... OK * checking extension type ... Package * this is package ‘nethet’ version ‘1.18.0’ * checking package namespace information ... OK * checking package dependencies ... OK * checking if this is a source package ... OK * checking if there is a namespace ... OK * checking for hidden files and directories ... OK * checking for portable file names ... OK * checking for sufficient/correct file permissions ... OK * checking whether package ‘nethet’ can be installed ... WARNING Found the following significant warnings: Warning: replacing previous import ‘mclust::dmvnorm’ by ‘mvtnorm::dmvnorm’ when loading ‘nethet’ Warning: replacing previous import ‘multtest::update’ by ‘stats::update’ when loading ‘nethet’ See ‘/home/biocbuild/bbs-3.10-bioc/meat/nethet.Rcheck/00install.out’ for details. * checking installed package size ... OK * checking package directory ... OK * checking ‘build’ directory ... OK * checking DESCRIPTION meta-information ... OK * checking top-level files ... OK * checking for left-over files ... OK * checking index information ... OK * checking package subdirectories ... OK * checking R files for non-ASCII characters ... OK * checking R files for syntax errors ... OK * checking whether the package can be loaded ... OK * checking whether the package can be loaded with stated dependencies ... OK * checking whether the package can be unloaded cleanly ... OK * checking whether the namespace can be loaded with stated dependencies ... OK * checking whether the namespace can be unloaded cleanly ... OK * checking dependencies in R code ... OK * checking S3 generic/method consistency ... OK * checking replacement functions ... OK * checking foreign function calls ... OK * checking R code for possible problems ... OK * checking Rd files ... OK * checking Rd metadata ... OK * checking Rd cross-references ... OK * checking for missing documentation entries ... OK * checking for code/documentation mismatches ... OK * checking Rd \usage sections ... OK * checking Rd contents ... OK * checking for unstated dependencies in examples ... OK * checking line endings in C/C++/Fortran sources/headers ... OK * checking compiled code ... NOTE Note: information on .o files is not available * checking files in ‘vignettes’ ... OK * checking examples ... OK Examples with CPU or elapsed time > 5s user system elapsed het_cv_glasso 33.424 0.000 33.605 ggmgsa_multisplit 20.512 0.000 20.826 mixglasso 14.888 0.008 14.954 diffregr_multisplit 10.828 0.036 10.929 diffnet_multisplit 5.816 0.004 5.927 * checking for unstated dependencies in ‘tests’ ... OK * checking tests ... Running ‘testthat.R’ OK * checking for unstated dependencies in vignettes ... OK * checking package vignettes in ‘inst/doc’ ... OK * checking running R code from vignettes ... SKIPPED * checking re-building of vignette outputs ... SKIPPED * checking PDF version of manual ... OK * DONE Status: 1 WARNING, 1 NOTE See ‘/home/biocbuild/bbs-3.10-bioc/meat/nethet.Rcheck/00check.log’ for details.
nethet.Rcheck/00install.out
############################################################################## ############################################################################## ### ### Running command: ### ### /home/biocbuild/bbs-3.10-bioc/R/bin/R CMD INSTALL nethet ### ############################################################################## ############################################################################## * installing to library ‘/home/biocbuild/bbs-3.10-bioc/R/library’ * installing *source* package ‘nethet’ ... ** using staged installation ** libs gcc -I"/home/biocbuild/bbs-3.10-bioc/R/include" -DNDEBUG -I/usr/local/include -fpic -g -O2 -Wall -c betamat_diffnet.c -o betamat_diffnet.o gcc -shared -L/home/biocbuild/bbs-3.10-bioc/R/lib -L/usr/local/lib -o nethet.so betamat_diffnet.o -L/home/biocbuild/bbs-3.10-bioc/R/lib -lR installing to /home/biocbuild/bbs-3.10-bioc/R/library/00LOCK-nethet/00new/nethet/libs ** R ** inst ** byte-compile and prepare package for lazy loading Warning: replacing previous import ‘mclust::dmvnorm’ by ‘mvtnorm::dmvnorm’ when loading ‘nethet’ Warning: replacing previous import ‘multtest::update’ by ‘stats::update’ when loading ‘nethet’ ** help *** installing help indices ** building package indices ** installing vignettes ** testing if installed package can be loaded from temporary location Warning: replacing previous import ‘mclust::dmvnorm’ by ‘mvtnorm::dmvnorm’ when loading ‘nethet’ Warning: replacing previous import ‘multtest::update’ by ‘stats::update’ when loading ‘nethet’ ** checking absolute paths in shared objects and dynamic libraries ** testing if installed package can be loaded from final location Warning: replacing previous import ‘mclust::dmvnorm’ by ‘mvtnorm::dmvnorm’ when loading ‘nethet’ Warning: replacing previous import ‘multtest::update’ by ‘stats::update’ when loading ‘nethet’ ** testing if installed package keeps a record of temporary installation path * DONE (nethet)
nethet.Rcheck/tests/testthat.Rout
R version 3.6.3 (2020-02-29) -- "Holding the Windsock" Copyright (C) 2020 The R Foundation for Statistical Computing Platform: x86_64-pc-linux-gnu (64-bit) R is free software and comes with ABSOLUTELY NO WARRANTY. You are welcome to redistribute it under certain conditions. Type 'license()' or 'licence()' for distribution details. R is a collaborative project with many contributors. Type 'contributors()' for more information and 'citation()' on how to cite R or R packages in publications. Type 'demo()' for some demos, 'help()' for on-line help, or 'help.start()' for an HTML browser interface to help. Type 'q()' to quit R. > library(testthat) > library(nethet) Warning messages: 1: replacing previous import 'mclust::dmvnorm' by 'mvtnorm::dmvnorm' when loading 'nethet' 2: replacing previous import 'multtest::update' by 'stats::update' when loading 'nethet' > > test_check("nethet") ══ testthat results ═══════════════════════════════════════════════════════════ [ OK: 18 | SKIPPED: 0 | WARNINGS: 0 | FAILED: 0 ] > > proc.time() user system elapsed 10.792 0.164 11.012
nethet.Rcheck/nethet-Ex.timings
name | user | system | elapsed | |
aggpval | 0.000 | 0.004 | 0.006 | |
bwprun_mixglasso | 2.752 | 0.036 | 2.879 | |
diffnet_multisplit | 5.816 | 0.004 | 5.927 | |
diffnet_singlesplit | 2.672 | 0.004 | 2.684 | |
diffregr_multisplit | 10.828 | 0.036 | 10.929 | |
diffregr_singlesplit | 0.704 | 0.004 | 0.710 | |
dot_plot | 1.224 | 0.000 | 1.229 | |
export_network | 0.236 | 0.000 | 0.242 | |
generate_2networks | 0.056 | 0.000 | 0.058 | |
generate_inv_cov | 0.072 | 0.072 | 0.143 | |
ggmgsa_multisplit | 20.512 | 0.000 | 20.826 | |
gsea.iriz | 0.008 | 0.000 | 0.010 | |
het_cv_glasso | 33.424 | 0.000 | 33.605 | |
invcov2parcor | 0.004 | 0.000 | 0.001 | |
invcov2parcor_array | 0.004 | 0.000 | 0.006 | |
logratio | 0.000 | 0.000 | 0.001 | |
mixglasso | 14.888 | 0.008 | 14.954 | |
plot_2networks | 0.320 | 0.000 | 0.319 | |
scatter_plot | 1.756 | 0.000 | 1.768 | |
screen_aic.glasso | 1.072 | 0.000 | 1.073 | |
screen_bic.glasso | 1.116 | 0.000 | 1.122 | |
screen_cv.glasso | 2.280 | 0.000 | 2.295 | |
screen_cv1se.lasso | 0.200 | 0.000 | 0.202 | |
screen_cvfix.lasso | 0.204 | 0.000 | 0.204 | |
screen_cvmin.lasso | 0.220 | 0.000 | 0.223 | |
screen_cvsqrt.lasso | 0.204 | 0.000 | 0.207 | |
screen_cvtrunc.lasso | 0.208 | 0.000 | 0.207 | |
screen_mb | 0.012 | 0.000 | 0.010 | |
sim_mix | 0.008 | 0.000 | 0.006 | |
sim_mix_networks | 0.012 | 0.000 | 0.010 | |