Back to Multiple platform build/check report for BioC 3.11 |
|
This page was generated on 2020-01-16 13:36:50 -0500 (Thu, 16 Jan 2020).
Package 1000/1818 | Hostname | OS / Arch | INSTALL | BUILD | CHECK | BUILD BIN | ||||||
metagenomeSeq 1.29.0 Joseph N. Paulson
| malbec2 | Linux (Ubuntu 18.04.3 LTS) / x86_64 | OK | OK | WARNINGS | ![]() | ||||||
tokay2 | Windows Server 2012 R2 Standard / x64 | OK | OK | WARNINGS | OK | ![]() | ||||||
celaya2 | OS X 10.11.6 El Capitan / x86_64 | OK | OK | [ WARNINGS ] | OK | ![]() |
Package: metagenomeSeq |
Version: 1.29.0 |
Command: /Library/Frameworks/R.framework/Versions/Current/Resources/bin/R CMD check --install=check:metagenomeSeq.install-out.txt --library=/Library/Frameworks/R.framework/Versions/Current/Resources/library --no-vignettes --timings metagenomeSeq_1.29.0.tar.gz |
StartedAt: 2020-01-16 06:15:00 -0500 (Thu, 16 Jan 2020) |
EndedAt: 2020-01-16 06:22:05 -0500 (Thu, 16 Jan 2020) |
EllapsedTime: 425.0 seconds |
RetCode: 0 |
Status: WARNINGS |
CheckDir: metagenomeSeq.Rcheck |
Warnings: 2 |
############################################################################## ############################################################################## ### ### Running command: ### ### /Library/Frameworks/R.framework/Versions/Current/Resources/bin/R CMD check --install=check:metagenomeSeq.install-out.txt --library=/Library/Frameworks/R.framework/Versions/Current/Resources/library --no-vignettes --timings metagenomeSeq_1.29.0.tar.gz ### ############################################################################## ############################################################################## * using log directory ‘/Users/biocbuild/bbs-3.11-bioc/meat/metagenomeSeq.Rcheck’ * using R Under development (unstable) (2019-12-14 r77572) * using platform: x86_64-apple-darwin15.6.0 (64-bit) * using session charset: UTF-8 * using option ‘--no-vignettes’ * checking for file ‘metagenomeSeq/DESCRIPTION’ ... OK * this is package ‘metagenomeSeq’ version ‘1.29.0’ * checking package namespace information ... OK * checking package dependencies ... OK * checking if this is a source package ... OK * checking if there is a namespace ... OK * checking for hidden files and directories ... OK * checking for portable file names ... OK * checking for sufficient/correct file permissions ... OK * checking whether package ‘metagenomeSeq’ can be installed ... OK * checking installed package size ... OK * checking package directory ... OK * checking ‘build’ directory ... OK * checking DESCRIPTION meta-information ... OK * checking top-level files ... OK * checking for left-over files ... OK * checking index information ... OK * checking package subdirectories ... OK * checking R files for non-ASCII characters ... OK * checking R files for syntax errors ... OK * checking whether the package can be loaded ... OK * checking whether the package can be loaded with stated dependencies ... OK * checking whether the package can be unloaded cleanly ... OK * checking whether the namespace can be loaded with stated dependencies ... OK * checking whether the namespace can be unloaded cleanly ... OK * checking dependencies in R code ... OK * checking S3 generic/method consistency ... OK * checking replacement functions ... OK * checking foreign function calls ... OK * checking R code for possible problems ... OK * checking Rd files ... OK * checking Rd metadata ... OK * checking Rd cross-references ... WARNING Missing link or links in documentation object 'MRihw-fitFeatureModelResults.Rd': ‘fitFeatureModelResults’ ‘fitZigResults’ Missing link or links in documentation object 'MRihw-fitZigResults.Rd': ‘fitFeatureModelResults’ ‘fitZigResults’ See section 'Cross-references' in the 'Writing R Extensions' manual. * checking for missing documentation entries ... OK * checking for code/documentation mismatches ... OK * checking Rd \usage sections ... WARNING Documented arguments not in \usage in documentation object 'MRcoefs': ‘IHWcov’ Functions with \usage entries need to have the appropriate \alias entries, and all their arguments documented. The \usage entries must correspond to syntactically valid R code. See chapter ‘Writing R documentation files’ in the ‘Writing R Extensions’ manual. * checking Rd contents ... OK * checking for unstated dependencies in examples ... OK * checking contents of ‘data’ directory ... OK * checking data for non-ASCII characters ... OK * checking data for ASCII and uncompressed saves ... OK * checking sizes of PDF files under ‘inst/doc’ ... OK * checking files in ‘vignettes’ ... OK * checking examples ... OK Examples with CPU (user + system) or elapsed time > 5s user system elapsed wrenchNorm 26.734 4.455 31.188 exportMat 3.525 4.347 7.875 extractMR 4.069 2.172 6.242 MRfulltable 1.866 0.137 10.403 fitDO 0.885 0.120 6.144 plotBubble 0.648 0.216 5.043 fitPA 0.718 0.125 5.707 * checking for unstated dependencies in ‘tests’ ... OK * checking tests ... Running ‘testthat.R’ OK * checking for unstated dependencies in vignettes ... OK * checking package vignettes in ‘inst/doc’ ... OK * checking running R code from vignettes ... SKIPPED * checking re-building of vignette outputs ... SKIPPED * checking PDF version of manual ... OK * DONE Status: 2 WARNINGs See ‘/Users/biocbuild/bbs-3.11-bioc/meat/metagenomeSeq.Rcheck/00check.log’ for details.
metagenomeSeq.Rcheck/00install.out
############################################################################## ############################################################################## ### ### Running command: ### ### /Library/Frameworks/R.framework/Versions/Current/Resources/bin/R CMD INSTALL metagenomeSeq ### ############################################################################## ############################################################################## * installing to library ‘/Library/Frameworks/R.framework/Versions/4.0/Resources/library’ * installing *source* package ‘metagenomeSeq’ ... ** using staged installation ** R ** data ** inst ** byte-compile and prepare package for lazy loading in method for ‘MRihw’ with signature ‘"fitFeatureModelResults"’: no definition for class “fitFeatureModelResults” in method for ‘MRihw’ with signature ‘"fitZigResults"’: no definition for class “fitZigResults” ** help *** installing help indices ** building package indices ** installing vignettes ** testing if installed package can be loaded from temporary location ** testing if installed package can be loaded from final location ** testing if installed package keeps a record of temporary installation path * DONE (metagenomeSeq)
metagenomeSeq.Rcheck/tests/testthat.Rout
R Under development (unstable) (2019-12-14 r77572) -- "Unsuffered Consequences" Copyright (C) 2019 The R Foundation for Statistical Computing Platform: x86_64-apple-darwin15.6.0 (64-bit) R is free software and comes with ABSOLUTELY NO WARRANTY. You are welcome to redistribute it under certain conditions. Type 'license()' or 'licence()' for distribution details. R is a collaborative project with many contributors. Type 'contributors()' for more information and 'citation()' on how to cite R or R packages in publications. Type 'demo()' for some demos, 'help()' for on-line help, or 'help.start()' for an HTML browser interface to help. Type 'q()' to quit R. > library("testthat") > packageVersion("metagenomeSeq") [1] '1.29.0' > # As suggested for opt-out option on testing by users, > # recommended by CRAN: http://adv-r.had.co.nz/Testing.html > # Previously, best practice was to put all test files in inst/tests > # and ensure that R CMD check ran them by putting the following code in tests/test-all.R: > # >library(testthat) > # >library(yourpackage) > # >test_package("yourpackage") > # Now, recommended practice is to put your tests in tests/testthat, > # and ensure R CMD check runs them by putting the following code in tests/test-all.R: > # >library(testthat) > # >test_check("yourpackage") > # The advantage of this new structure is that the user has control over whether or not tests are installed using the –install-tests parameter to > # R CMD install, or INSTALL_opts = c(“–install-tests”) argument to install.packages(). I’m not sure why you wouldn’t want to install the tests, > # but now you have the flexibility as requested by CRAN maintainers. > test_check("metagenomeSeq") Loading required package: metagenomeSeq Loading required package: Biobase Loading required package: BiocGenerics Loading required package: parallel Attaching package: 'BiocGenerics' The following objects are masked from 'package:parallel': clusterApply, clusterApplyLB, clusterCall, clusterEvalQ, clusterExport, clusterMap, parApply, parCapply, parLapply, parLapplyLB, parRapply, parSapply, parSapplyLB The following objects are masked from 'package:stats': IQR, mad, sd, var, xtabs The following objects are masked from 'package:base': Filter, Find, Map, Position, Reduce, anyDuplicated, append, as.data.frame, basename, cbind, colnames, dirname, do.call, duplicated, eval, evalq, get, grep, grepl, intersect, is.unsorted, lapply, mapply, match, mget, order, paste, pmax, pmax.int, pmin, pmin.int, rank, rbind, rownames, sapply, setdiff, sort, table, tapply, union, unique, unsplit, which, which.max, which.min Welcome to Bioconductor Vignettes contain introductory material; view with 'browseVignettes()'. To cite Bioconductor, see 'citation("Biobase")', and for packages 'citation("pkgname")'. Loading required package: limma Attaching package: 'limma' The following object is masked from 'package:BiocGenerics': plotMA Loading required package: glmnet Loading required package: Matrix Loaded glmnet 3.0-2 Loading required package: RColorBrewer ══ testthat results ═══════════════════════════════════════════════════════════ [ OK: 15 | SKIPPED: 0 | WARNINGS: 6 | FAILED: 0 ] > > proc.time() user system elapsed 161.624 21.521 183.093
metagenomeSeq.Rcheck/metagenomeSeq-Ex.timings
name | user | system | elapsed | |
MRcoefs | 1.847 | 0.253 | 2.099 | |
MRcounts | 0.823 | 0.058 | 0.882 | |
MRexperiment-class | 0 | 0 | 0 | |
MRfulltable | 1.866 | 0.137 | 10.403 | |
MRtable | 1.758 | 0.116 | 1.874 | |
aggregateBySample | 0.250 | 0.026 | 0.276 | |
aggregateByTaxonomy | 0.210 | 0.029 | 0.239 | |
biom2MRexperiment | 0.390 | 0.028 | 0.419 | |
calcNormFactors | 0.804 | 0.187 | 0.993 | |
correctIndices | 0.202 | 0.047 | 0.249 | |
correlationTest | 0.651 | 0.072 | 0.723 | |
cumNorm | 0.728 | 0.143 | 0.871 | |
cumNormMat | 0.835 | 0.183 | 1.018 | |
cumNormStat | 0.751 | 0.153 | 0.905 | |
cumNormStatFast | 0.444 | 0.035 | 0.479 | |
expSummary | 0.161 | 0.022 | 0.183 | |
exportMat | 3.525 | 4.347 | 7.875 | |
exportStats | 0.729 | 0.120 | 0.849 | |
extractMR | 4.069 | 2.172 | 6.242 | |
filterData | 0.307 | 0.069 | 0.377 | |
fitDO | 0.885 | 0.120 | 6.144 | |
fitFeatureModel | 2.043 | 0.167 | 2.210 | |
fitLogNormal | 2.826 | 0.676 | 3.502 | |
fitMultipleTimeSeries | 3.003 | 0.339 | 3.345 | |
fitPA | 0.718 | 0.125 | 5.707 | |
fitSSTimeSeries | 0.684 | 0.092 | 0.776 | |
fitTimeSeries | 0.748 | 0.135 | 0.883 | |
fitZig | 2.973 | 0.696 | 3.671 | |
libSize-set | 0.585 | 0.062 | 0.646 | |
libSize | 0.530 | 0.011 | 0.541 | |
loadBiom | 0.074 | 0.001 | 0.075 | |
loadMeta | 0.035 | 0.002 | 0.042 | |
loadMetaQ | 0.000 | 0.001 | 0.000 | |
loadPhenoData | 0.043 | 0.001 | 0.045 | |
makeLabels | 0.001 | 0.000 | 0.000 | |
mergeMRexperiments | 2.504 | 0.751 | 3.256 | |
newMRexperiment | 0.042 | 0.000 | 0.042 | |
normFactors-set | 0.482 | 0.011 | 0.493 | |
normFactors | 0.493 | 0.011 | 0.505 | |
plotBubble | 0.648 | 0.216 | 5.043 | |
plotClassTimeSeries | 1.385 | 0.358 | 1.747 | |
plotCorr | 0.771 | 0.182 | 0.954 | |
plotFeature | 0.159 | 0.020 | 0.184 | |
plotGenus | 0.226 | 0.042 | 0.268 | |
plotMRheatmap | 3.766 | 0.246 | 4.016 | |
plotOTU | 0.231 | 0.030 | 0.273 | |
plotOrd | 0.298 | 0.086 | 0.385 | |
plotRare | 0.175 | 0.046 | 0.223 | |
plotTimeSeries | 1.408 | 0.282 | 1.690 | |
posteriorProbs | 2.699 | 0.838 | 3.537 | |
returnAppropriateObj | 0.529 | 0.055 | 0.584 | |
ssFit | 0.000 | 0.000 | 0.001 | |
ssIntervalCandidate | 0.001 | 0.000 | 0.001 | |
ssPerm | 0.000 | 0.001 | 0.001 | |
ssPermAnalysis | 0.001 | 0.000 | 0.000 | |
trapz | 0.001 | 0.001 | 0.001 | |
ts2MRexperiment | 2.753 | 0.430 | 3.182 | |
uniqueFeatures | 0.175 | 0.027 | 0.202 | |
wrenchNorm | 26.734 | 4.455 | 31.188 | |
zigControl | 0.001 | 0.000 | 0.001 | |