This page was generated on 2020-01-16 13:32:19 -0500 (Thu, 16 Jan 2020).
CSAR 1.39.0 Jose M Muino
Snapshot Date: 2020-01-15 16:46:30 -0500 (Wed, 15 Jan 2020) |
URL: https://git.bioconductor.org/packages/CSAR |
Branch: master |
Last Commit: 4743121 |
Last Changed Date: 2019-10-29 13:35:12 -0500 (Tue, 29 Oct 2019) |
| malbec2 | Linux (Ubuntu 18.04.3 LTS) / x86_64 | OK | OK | OK | | ![UNNEEDED, same version exists in internal repository UNNEEDED, same version exists in internal repository](../120px-Blue_Light_Icon.svg.png) |
tokay2 | Windows Server 2012 R2 Standard / x64 | OK | ERROR | skipped | skipped | |
celaya2 | OS X 10.11.6 El Capitan / x86_64 | OK | [ ERROR ] | skipped | skipped | |
##############################################################################
##############################################################################
###
### Running command:
###
### /Library/Frameworks/R.framework/Versions/Current/Resources/bin/R CMD build --keep-empty-dirs --no-resave-data CSAR
###
##############################################################################
##############################################################################
* checking for file ‘CSAR/DESCRIPTION’ ... OK
* preparing ‘CSAR’:
* checking DESCRIPTION meta-information ... OK
* cleaning src
* installing the package to build vignettes
* creating vignettes ... ERROR
--- re-building ‘CSAR.Rnw’ using Sweave
Loading required package: S4Vectors
Loading required package: stats4
Loading required package: BiocGenerics
Loading required package: parallel
Attaching package: ‘BiocGenerics’
The following objects are masked from ‘package:parallel’:
clusterApply, clusterApplyLB, clusterCall,
clusterEvalQ, clusterExport, clusterMap,
parApply, parCapply, parLapply, parLapplyLB,
parRapply, parSapply, parSapplyLB
The following objects are masked from ‘package:stats’:
IQR, mad, sd, var, xtabs
The following objects are masked from ‘package:base’:
Filter, Find, Map, Position, Reduce,
anyDuplicated, append, as.data.frame, basename,
cbind, colnames, dirname, do.call, duplicated,
eval, evalq, get, grep, grepl, intersect,
is.unsorted, lapply, mapply, match, mget, order,
paste, pmax, pmax.int, pmin, pmin.int, rank,
rbind, rownames, sapply, setdiff, sort, table,
tapply, union, unique, unsplit, which, which.max,
which.min
Attaching package: ‘S4Vectors’
The following object is masked from ‘package:base’:
expand.grid
Loading required package: IRanges
Loading required package: GenomeInfoDb
Loading required package: GenomicRanges
mappedReads2Nhits has just finished CHR1v01212004 ...
mappedReads2Nhits has just finished CHR1v01212004 ...
CHR1v01212004 done...
CHR1v01212004 done...
CHR1v01212004 done...
Starting CHR1v01212004 ...
mappedReads2Nhits has just finished CHR1v01212004 ...
mappedReads2Nhits has just finished CHR1v01212004 ...
CHR1v01212004 done...
CHR1v01212004 done...
Win file for permutation 1 can be found at test-1.permutatedWin
mappedReads2Nhits has just finished CHR1v01212004 ...
mappedReads2Nhits has just finished CHR1v01212004 ...
CHR1v01212004 done...
CHR1v01212004 done...
Win file for permutation 2 can be found at test-2.permutatedWin
Read 128 items
Read 122 items
Warning in getThreshold(winscores = values(win)$score, permutatedScores = nulldist, :
The number of permutated scores is low.
Error: processing vignette 'CSAR.Rnw' failed with diagnostics:
Running 'texi2dvi' on 'CSAR.tex' failed.
LaTeX errors:
! Package inputenc Error: Invalid UTF-8 byte sequence.
See the inputenc package documentation for explanation.
Type H <return> for immediate help.
...
! Package inputenc Error: Invalid UTF-8 byte sequence.
See the inputenc package documentation for explanation.
Type H <return> for immediate help.
...
--- failed re-building ‘CSAR.Rnw’
SUMMARY: processing the following file failed:
‘CSAR.Rnw’
Error: Vignette re-building failed.
Execution halted