Back to Multiple platform build/check report for BioC 3.11
AB[C]DEFGHIJKLMNOPQRSTUVWXYZ

CHECK report for CrispRVariants on celaya2

This page was generated on 2020-01-09 13:52:06 -0500 (Thu, 09 Jan 2020).

Package 379/1813HostnameOS / ArchINSTALLBUILDCHECKBUILD BIN
CrispRVariants 1.15.0
Helen Lindsay
Snapshot Date: 2020-01-08 16:46:10 -0500 (Wed, 08 Jan 2020)
URL: https://git.bioconductor.org/packages/CrispRVariants
Branch: master
Last Commit: d7bf5eb
Last Changed Date: 2019-10-29 13:40:16 -0500 (Tue, 29 Oct 2019)
malbec2 Linux (Ubuntu 18.04.3 LTS) / x86_64  OK  OK  WARNINGS UNNEEDED, same version exists in internal repository
tokay2 Windows Server 2012 R2 Standard / x64  OK  OK  WARNINGS  OK UNNEEDED, same version exists in internal repository
celaya2 OS X 10.11.6 El Capitan / x86_64  OK  OK [ WARNINGS ] OK UNNEEDED, same version exists in internal repository

Summary

Package: CrispRVariants
Version: 1.15.0
Command: /Library/Frameworks/R.framework/Versions/Current/Resources/bin/R CMD check --install=check:CrispRVariants.install-out.txt --library=/Library/Frameworks/R.framework/Versions/Current/Resources/library --no-vignettes --timings CrispRVariants_1.15.0.tar.gz
StartedAt: 2020-01-09 03:07:45 -0500 (Thu, 09 Jan 2020)
EndedAt: 2020-01-09 03:15:18 -0500 (Thu, 09 Jan 2020)
EllapsedTime: 453.0 seconds
RetCode: 0
Status:  WARNINGS 
CheckDir: CrispRVariants.Rcheck
Warnings: 2

Command output

##############################################################################
##############################################################################
###
### Running command:
###
###   /Library/Frameworks/R.framework/Versions/Current/Resources/bin/R CMD check --install=check:CrispRVariants.install-out.txt --library=/Library/Frameworks/R.framework/Versions/Current/Resources/library --no-vignettes --timings CrispRVariants_1.15.0.tar.gz
###
##############################################################################
##############################################################################


* using log directory ‘/Users/biocbuild/bbs-3.11-bioc/meat/CrispRVariants.Rcheck’
* using R Under development (unstable) (2019-12-14 r77572)
* using platform: x86_64-apple-darwin15.6.0 (64-bit)
* using session charset: UTF-8
* using option ‘--no-vignettes’
* checking for file ‘CrispRVariants/DESCRIPTION’ ... OK
* checking extension type ... Package
* this is package ‘CrispRVariants’ version ‘1.15.0’
* checking package namespace information ... OK
* checking package dependencies ... OK
* checking if this is a source package ... OK
* checking if there is a namespace ... OK
* checking for hidden files and directories ... OK
* checking for portable file names ... OK
* checking for sufficient/correct file permissions ... OK
* checking whether package ‘CrispRVariants’ can be installed ... OK
* checking installed package size ... OK
* checking package directory ... OK
* checking ‘build’ directory ... OK
* checking DESCRIPTION meta-information ... OK
* checking top-level files ... OK
* checking for left-over files ... OK
* checking index information ... OK
* checking package subdirectories ... OK
* checking R files for non-ASCII characters ... OK
* checking R files for syntax errors ... OK
* checking whether the package can be loaded ... OK
* checking whether the package can be loaded with stated dependencies ... OK
* checking whether the package can be unloaded cleanly ... OK
* checking whether the namespace can be loaded with stated dependencies ... OK
* checking whether the namespace can be unloaded cleanly ... OK
* checking dependencies in R code ... WARNING
'::' or ':::' import not declared from: ‘SummarizedExperiment’
There are ::: calls to the package's namespace in its code. A package
  almost never needs to use ::: for its own objects:
  ‘indelLabels’
* checking S3 generic/method consistency ... OK
* checking replacement functions ... OK
* checking foreign function calls ... OK
* checking R code for possible problems ... OK
* checking Rd files ... OK
* checking Rd metadata ... OK
* checking Rd cross-references ... OK
* checking for missing documentation entries ... OK
* checking for code/documentation mismatches ... WARNING
Codoc mismatches from documentation object 'arrangePlots':
arrangePlots
  Code: function(top.plot, left.plot, right.plot, fig.height = NULL,
                 col.wdth.ratio = c(2, 1), row.ht.ratio = c(1, 6),
                 left.plot.margin = grid::unit(c(0.1, 0.2, 3, 0.2),
                 "lines"))
  Docs: function(top.plot, left.plot, right.plot, fig.height = NULL,
                 col.wdth.ratio = c(2, 1), row.ht.ratio = c(1, 6),
                 left.plot.margin = grid::unit(c(0.1, 0, 3, 0.2),
                 "lines"))
  Mismatches in argument default values:
    Name: 'left.plot.margin' Code: grid::unit(c(0.1, 0.2, 3, 0.2), "lines") Docs: grid::unit(c(0.1, 0, 3, 0.2), "lines")

Codoc mismatches from documentation object 'indelLabels':
indelLabels
  Code: function(alns, rc = FALSE, genome.to.pos = NULL, keep.ops =
                 c("I", "D", "N"), regions = NULL, as.string = TRUE,
                 ...)
  Docs: function(alns, rc = FALSE, genome.to.pos = NULL, keep.ops =
                 c("I", "D", "N"), regions = NULL, ...)
  Argument names in code not in docs:
    as.string
  Mismatches in argument names:
    Position: 6 Code: as.string Docs: ...

* checking Rd \usage sections ... OK
* checking Rd contents ... OK
* checking for unstated dependencies in examples ... OK
* checking contents of ‘data’ directory ... OK
* checking data for non-ASCII characters ... OK
* checking data for ASCII and uncompressed saves ... OK
* checking sizes of PDF files under ‘inst/doc’ ... OK
* checking installed files from ‘inst/doc’ ... OK
* checking files in ‘vignettes’ ... OK
* checking examples ... OK
Examples with CPU (user + system) or elapsed time > 5s
                  user system elapsed
plotVariants    12.967  0.340  13.520
CrisprSet-class 10.724  0.279  11.566
readsToTarget    7.933  0.111   8.070
mergeCrisprSets  7.865  0.064   8.087
* checking for unstated dependencies in ‘tests’ ... OK
* checking tests ...
  Running ‘testthat.R’
 OK
* checking for unstated dependencies in vignettes ... OK
* checking package vignettes in ‘inst/doc’ ... OK
* checking running R code from vignettes ... SKIPPED
* checking re-building of vignette outputs ... SKIPPED
* checking PDF version of manual ... OK
* DONE

Status: 2 WARNINGs
See
  ‘/Users/biocbuild/bbs-3.11-bioc/meat/CrispRVariants.Rcheck/00check.log’
for details.



Installation output

CrispRVariants.Rcheck/00install.out

##############################################################################
##############################################################################
###
### Running command:
###
###   /Library/Frameworks/R.framework/Versions/Current/Resources/bin/R CMD INSTALL CrispRVariants
###
##############################################################################
##############################################################################


* installing to library ‘/Library/Frameworks/R.framework/Versions/4.0/Resources/library’
* installing *source* package ‘CrispRVariants’ ...
** using staged installation
** R
** data
*** moving datasets to lazyload DB
** inst
** byte-compile and prepare package for lazy loading
** help
*** installing help indices
** building package indices
** installing vignettes
** testing if installed package can be loaded from temporary location
** testing if installed package can be loaded from final location
** testing if installed package keeps a record of temporary installation path
* DONE (CrispRVariants)

Tests output

CrispRVariants.Rcheck/tests/testthat.Rout


R Under development (unstable) (2019-12-14 r77572) -- "Unsuffered Consequences"
Copyright (C) 2019 The R Foundation for Statistical Computing
Platform: x86_64-apple-darwin15.6.0 (64-bit)

R is free software and comes with ABSOLUTELY NO WARRANTY.
You are welcome to redistribute it under certain conditions.
Type 'license()' or 'licence()' for distribution details.

R is a collaborative project with many contributors.
Type 'contributors()' for more information and
'citation()' on how to cite R or R packages in publications.

Type 'demo()' for some demos, 'help()' for on-line help, or
'help.start()' for an HTML browser interface to help.
Type 'q()' to quit R.

> library(testthat)
> test_check("CrispRVariants")
Loading required package: CrispRVariants
Loading required package: ggplot2
══ testthat results  ═══════════════════════════════════════════════════════════
[ OK: 75 | SKIPPED: 1 | WARNINGS: 0 | FAILED: 0 ]
> 
> proc.time()
   user  system elapsed 
 45.311   2.104  48.064 

Example timings

CrispRVariants.Rcheck/CrispRVariants-Ex.timings

nameusersystemelapsed
CrisprRun-class1.3010.1131.416
CrisprSet-class10.724 0.27911.566
abifToFastq0.3820.0210.420
alleles0.2950.0070.317
alns0.2790.0110.302
barplotAlleleFreqs1.6160.0191.771
consensusSeqs1.0040.0201.073
dispatchDots0.0050.0010.006
findChimeras0.0590.0020.067
getChimeras0.0510.0040.085
indelCounts0.2260.0020.268
intersperse0.0010.0000.001
mergeCrisprSets7.8650.0648.087
mutationEfficiency0.1440.0410.186
narrowAlignments0.4570.0030.459
plotAlignments1.3590.0391.399
plotChimeras2.1770.0072.190
plotFreqHeatmap0.5860.0070.593
plotVariants12.967 0.34013.520
readsToTarget7.9330.1118.070
selectAlnRegionsHelpers0.0010.0000.001
variantCounts0.0550.0060.061