Back to Multiple platform build/check report for BioC 3.11 |
|
This page was generated on 2020-01-16 13:46:44 -0500 (Thu, 16 Jan 2020).
Package 747/1818 | Hostname | OS / Arch | INSTALL | BUILD | CHECK | BUILD BIN | ||||||
GRridge 1.11.0 Mark A. van de Wiel
| malbec2 | Linux (Ubuntu 18.04.3 LTS) / x86_64 | OK | OK | WARNINGS | |||||||
tokay2 | Windows Server 2012 R2 Standard / x64 | OK | OK | WARNINGS | OK | |||||||
celaya2 | OS X 10.11.6 El Capitan / x86_64 | OK | OK | [ WARNINGS ] | OK |
Package: GRridge |
Version: 1.11.0 |
Command: /Library/Frameworks/R.framework/Versions/Current/Resources/bin/R CMD check --install=check:GRridge.install-out.txt --library=/Library/Frameworks/R.framework/Versions/Current/Resources/library --no-vignettes --timings GRridge_1.11.0.tar.gz |
StartedAt: 2020-01-16 05:12:28 -0500 (Thu, 16 Jan 2020) |
EndedAt: 2020-01-16 05:16:04 -0500 (Thu, 16 Jan 2020) |
EllapsedTime: 216.2 seconds |
RetCode: 0 |
Status: WARNINGS |
CheckDir: GRridge.Rcheck |
Warnings: 2 |
############################################################################## ############################################################################## ### ### Running command: ### ### /Library/Frameworks/R.framework/Versions/Current/Resources/bin/R CMD check --install=check:GRridge.install-out.txt --library=/Library/Frameworks/R.framework/Versions/Current/Resources/library --no-vignettes --timings GRridge_1.11.0.tar.gz ### ############################################################################## ############################################################################## * using log directory ‘/Users/biocbuild/bbs-3.11-bioc/meat/GRridge.Rcheck’ * using R Under development (unstable) (2019-12-14 r77572) * using platform: x86_64-apple-darwin15.6.0 (64-bit) * using session charset: UTF-8 * using option ‘--no-vignettes’ * checking for file ‘GRridge/DESCRIPTION’ ... OK * checking extension type ... Package * this is package ‘GRridge’ version ‘1.11.0’ * checking package namespace information ... OK * checking package dependencies ... NOTE Depends: includes the non-default packages: 'penalized', 'Iso', 'survival', 'graph', 'glmnet', 'mvtnorm' Adding so many packages to the search path is excessive and importing selectively is preferable. * checking if this is a source package ... OK * checking if there is a namespace ... OK * checking for hidden files and directories ... OK * checking for portable file names ... OK * checking for sufficient/correct file permissions ... OK * checking whether package ‘GRridge’ can be installed ... OK * checking installed package size ... NOTE installed size is 9.1Mb sub-directories of 1Mb or more: data 8.8Mb * checking package directory ... OK * checking ‘build’ directory ... OK * checking DESCRIPTION meta-information ... OK * checking top-level files ... OK * checking for left-over files ... OK * checking index information ... OK * checking package subdirectories ... OK * checking R files for non-ASCII characters ... OK * checking R files for syntax errors ... OK * checking whether the package can be loaded ... OK * checking whether the package can be loaded with stated dependencies ... OK * checking whether the package can be unloaded cleanly ... OK * checking whether the namespace can be loaded with stated dependencies ... OK * checking whether the namespace can be unloaded cleanly ... OK * checking dependencies in R code ... OK * checking S3 generic/method consistency ... NOTE Found the following apparent S3 methods exported but not registered: predict.grridge See section ‘Registering S3 methods’ in the ‘Writing R Extensions’ manual. * checking replacement functions ... OK * checking foreign function calls ... OK * checking R code for possible problems ... NOTE .grridgelin: no visible binding for global variable ‘datapred’ predict.grridge: no visible binding for global variable ‘samout’ Undefined global functions or variables: datapred samout * checking Rd files ... OK * checking Rd metadata ... OK * checking Rd cross-references ... OK * checking for missing documentation entries ... WARNING Undocumented data sets: ‘Y’ ‘part5’ ‘simdata’ All user-level objects in a package should have documentation entries. See chapter ‘Writing R documentation files’ in the ‘Writing R Extensions’ manual. * checking for code/documentation mismatches ... OK * checking Rd \usage sections ... OK * checking Rd contents ... OK * checking for unstated dependencies in examples ... OK * checking contents of ‘data’ directory ... OK * checking data for non-ASCII characters ... OK * checking data for ASCII and uncompressed saves ... WARNING Note: significantly better compression could be obtained by using R CMD build --resave-data old_size new_size compress dataFarkas.rda 3.4Mb 2.5Mb bzip2 dataWurdinger.rda 2.0Mb 1.2Mb xz * checking sizes of PDF files under ‘inst/doc’ ... OK * checking files in ‘vignettes’ ... OK * checking examples ... OK Examples with CPU (user + system) or elapsed time > 5s user system elapsed dataSimlin 35.366 2.473 37.84 * checking for unstated dependencies in ‘tests’ ... OK * checking tests ... Running ‘testthat.R’ OK * checking for unstated dependencies in vignettes ... OK * checking package vignettes in ‘inst/doc’ ... OK * checking running R code from vignettes ... SKIPPED * checking re-building of vignette outputs ... SKIPPED * checking PDF version of manual ... OK * DONE Status: 2 WARNINGs, 4 NOTEs See ‘/Users/biocbuild/bbs-3.11-bioc/meat/GRridge.Rcheck/00check.log’ for details.
GRridge.Rcheck/00install.out
############################################################################## ############################################################################## ### ### Running command: ### ### /Library/Frameworks/R.framework/Versions/Current/Resources/bin/R CMD INSTALL GRridge ### ############################################################################## ############################################################################## * installing to library ‘/Library/Frameworks/R.framework/Versions/4.0/Resources/library’ * installing *source* package ‘GRridge’ ... ** using staged installation ** R ** data ** byte-compile and prepare package for lazy loading ** help *** installing help indices ** building package indices ** installing vignettes ** testing if installed package can be loaded from temporary location ** testing if installed package can be loaded from final location ** testing if installed package keeps a record of temporary installation path * DONE (GRridge)
GRridge.Rcheck/tests/testthat.Rout
R Under development (unstable) (2019-12-14 r77572) -- "Unsuffered Consequences" Copyright (C) 2019 The R Foundation for Statistical Computing Platform: x86_64-apple-darwin15.6.0 (64-bit) R is free software and comes with ABSOLUTELY NO WARRANTY. You are welcome to redistribute it under certain conditions. Type 'license()' or 'licence()' for distribution details. R is a collaborative project with many contributors. Type 'contributors()' for more information and 'citation()' on how to cite R or R packages in publications. Type 'demo()' for some demos, 'help()' for on-line help, or 'help.start()' for an HTML browser interface to help. Type 'q()' to quit R. > library("testthat") > library("GRridge") Loading required package: penalized Loading required package: survival Welcome to penalized. For extended examples, see vignette("penalized"). Loading required package: Iso Iso 0.0-18 Loading required package: graph Loading required package: BiocGenerics Loading required package: parallel Attaching package: 'BiocGenerics' The following objects are masked from 'package:parallel': clusterApply, clusterApplyLB, clusterCall, clusterEvalQ, clusterExport, clusterMap, parApply, parCapply, parLapply, parLapplyLB, parRapply, parSapply, parSapplyLB The following object is masked from 'package:penalized': as.data.frame The following objects are masked from 'package:stats': IQR, mad, sd, var, xtabs The following objects are masked from 'package:base': Filter, Find, Map, Position, Reduce, anyDuplicated, append, as.data.frame, basename, cbind, colnames, dirname, do.call, duplicated, eval, evalq, get, grep, grepl, intersect, is.unsorted, lapply, mapply, match, mget, order, paste, pmax, pmax.int, pmin, pmin.int, rank, rbind, rownames, sapply, setdiff, sort, table, tapply, union, unique, unsplit, which, which.max, which.min Loading required package: glmnet Loading required package: Matrix Loaded glmnet 3.0-2 Loading required package: mvtnorm > > testthat::test_check("GRridge") [1] "Summary of group sizes:" VarIn VarOut 50 50 ══ testthat results ═══════════════════════════════════════════════════════════ [ OK: 1 | SKIPPED: 0 | WARNINGS: 0 | FAILED: 0 ] > > proc.time() user system elapsed 5.337 0.590 5.875
GRridge.Rcheck/GRridge-Ex.timings
name | user | system | elapsed | |
CreatePartition | 0.163 | 0.003 | 0.166 | |
PartitionsSelection | 0.000 | 0.001 | 0.001 | |
auc | 0.140 | 0.027 | 0.166 | |
dataFarkas | 0.108 | 0.020 | 0.128 | |
dataSimlin | 35.366 | 2.473 | 37.840 | |
dataVerlaat | 0.045 | 0.012 | 0.057 | |
dataWurdinger | 3.055 | 0.255 | 3.310 | |
grridge | 0.140 | 0.026 | 0.166 | |
grridgeCV | 0.130 | 0.027 | 0.158 | |
hello | 0.000 | 0.000 | 0.001 | |
matchGeneSets | 2.348 | 0.088 | 2.436 | |
mergeGroups | 2.221 | 0.098 | 2.319 | |
predict.grridge | 0.001 | 0.001 | 0.002 | |
roc | 2.523 | 0.108 | 2.630 | |