Back to Multiple platform build/check report for BioC 3.11 |
|
This page was generated on 2020-01-16 13:52:10 -0500 (Thu, 16 Jan 2020).
Package 1808/1818 | Hostname | OS / Arch | INSTALL | BUILD | CHECK | BUILD BIN | ||||||
XINA 1.5.0 Lang Ho Lee
| malbec2 | Linux (Ubuntu 18.04.3 LTS) / x86_64 | OK | ERROR | skipped | |||||||
tokay2 | Windows Server 2012 R2 Standard / x64 | OK | ERROR | skipped | skipped | |||||||
celaya2 | OS X 10.11.6 El Capitan / x86_64 | OK | [ ERROR ] | skipped | skipped |
Package: XINA |
Version: 1.5.0 |
Command: /Library/Frameworks/R.framework/Versions/Current/Resources/bin/R CMD build --keep-empty-dirs --no-resave-data XINA |
StartedAt: 2020-01-16 00:11:22 -0500 (Thu, 16 Jan 2020) |
EndedAt: 2020-01-16 00:12:54 -0500 (Thu, 16 Jan 2020) |
EllapsedTime: 91.8 seconds |
RetCode: 1 |
Status: ERROR |
PackageFile: None |
PackageFileSize: NA |
############################################################################## ############################################################################## ### ### Running command: ### ### /Library/Frameworks/R.framework/Versions/Current/Resources/bin/R CMD build --keep-empty-dirs --no-resave-data XINA ### ############################################################################## ############################################################################## * checking for file ‘XINA/DESCRIPTION’ ... OK * preparing ‘XINA’: * checking DESCRIPTION meta-information ... OK * installing the package to build vignettes * creating vignettes ... ERROR --- re-building ‘xina_user_code.Rmd’ using rmarkdown Quitting from lines 262-264 (xina_user_code.Rmd) Error: processing vignette 'xina_user_code.Rmd' failed with diagnostics: --- failed re-building ‘xina_user_code.Rmd’ SUMMARY: processing the following file failed: ‘xina_user_code.Rmd’ Error: Vignette re-building failed. Execution halted