Back to Multiple platform build/check report for BioC 3.11 |
|
This page was generated on 2020-01-16 13:28:42 -0500 (Thu, 16 Jan 2020).
Package 23/1818 | Hostname | OS / Arch | INSTALL | BUILD | CHECK | BUILD BIN | ||||||
affy 1.65.1 Rafael A. Irizarry
| malbec2 | Linux (Ubuntu 18.04.3 LTS) / x86_64 | OK | OK | WARNINGS | |||||||
tokay2 | Windows Server 2012 R2 Standard / x64 | OK | OK | WARNINGS | OK | |||||||
celaya2 | OS X 10.11.6 El Capitan / x86_64 | OK | OK | [ WARNINGS ] | OK |
Package: affy |
Version: 1.65.1 |
Command: /Library/Frameworks/R.framework/Versions/Current/Resources/bin/R CMD check --install=check:affy.install-out.txt --library=/Library/Frameworks/R.framework/Versions/Current/Resources/library --no-vignettes --timings affy_1.65.1.tar.gz |
StartedAt: 2020-01-16 01:34:09 -0500 (Thu, 16 Jan 2020) |
EndedAt: 2020-01-16 01:37:33 -0500 (Thu, 16 Jan 2020) |
EllapsedTime: 204.9 seconds |
RetCode: 0 |
Status: WARNINGS |
CheckDir: affy.Rcheck |
Warnings: 1 |
############################################################################## ############################################################################## ### ### Running command: ### ### /Library/Frameworks/R.framework/Versions/Current/Resources/bin/R CMD check --install=check:affy.install-out.txt --library=/Library/Frameworks/R.framework/Versions/Current/Resources/library --no-vignettes --timings affy_1.65.1.tar.gz ### ############################################################################## ############################################################################## * using log directory ‘/Users/biocbuild/bbs-3.11-bioc/meat/affy.Rcheck’ * using R Under development (unstable) (2019-12-14 r77572) * using platform: x86_64-apple-darwin15.6.0 (64-bit) * using session charset: UTF-8 * using option ‘--no-vignettes’ * checking for file ‘affy/DESCRIPTION’ ... OK * this is package ‘affy’ version ‘1.65.1’ * checking package namespace information ... OK * checking package dependencies ... OK * checking if this is a source package ... OK * checking if there is a namespace ... OK * checking for hidden files and directories ... OK * checking for portable file names ... OK * checking for sufficient/correct file permissions ... OK * checking whether package ‘affy’ can be installed ... OK * checking installed package size ... OK * checking package directory ... OK * checking ‘build’ directory ... OK * checking DESCRIPTION meta-information ... OK * checking top-level files ... OK * checking for left-over files ... OK * checking index information ... OK * checking package subdirectories ... OK * checking R files for non-ASCII characters ... OK * checking R files for syntax errors ... OK * checking whether the package can be loaded ... OK * checking whether the package can be loaded with stated dependencies ... OK * checking whether the package can be unloaded cleanly ... OK * checking whether the namespace can be loaded with stated dependencies ... OK * checking whether the namespace can be unloaded cleanly ... OK * checking dependencies in R code ... NOTE Unexported objects imported by ':::' calls: ‘stats:::C_loess_raw’ ‘stats:::C_lowesp’ ‘stats:::C_lowesw’ See the note in ?`:::` about the use of this operator. * checking S3 generic/method consistency ... OK * checking replacement functions ... OK * checking foreign function calls ... WARNING Foreign function calls to a base package: .C(stats:::C_loess_raw, ...) .Fortran(stats:::C_lowesp, ...) .Fortran(stats:::C_lowesw, ...) Packages should not make .C/.Call/.External/.Fortran calls to a base package. They are not part of the API, for use only by R itself and subject to change without notice. * checking R code for possible problems ... OK * checking Rd files ... OK * checking Rd metadata ... OK * checking Rd cross-references ... OK * checking for missing documentation entries ... OK * checking for code/documentation mismatches ... OK * checking Rd \usage sections ... OK * checking Rd contents ... OK * checking for unstated dependencies in examples ... OK * checking contents of ‘data’ directory ... OK * checking data for non-ASCII characters ... OK * checking data for ASCII and uncompressed saves ... OK * checking line endings in shell scripts ... OK * checking line endings in C/C++/Fortran sources/headers ... OK * checking line endings in Makefiles ... OK * checking compilation flags in Makevars ... OK * checking for GNU extensions in Makefiles ... OK * checking for portable use of $(BLAS_LIBS) and $(LAPACK_LIBS) ... OK * checking use of PKG_*FLAGS in Makefiles ... OK * checking compiled code ... NOTE Note: information on .o files is not available * checking sizes of PDF files under ‘inst/doc’ ... OK * checking files in ‘vignettes’ ... OK * checking examples ... OK Examples with CPU (user + system) or elapsed time > 5s user system elapsed mas5 44.981 0.451 45.461 expresso 20.085 0.311 21.100 MAplot 15.081 1.001 16.130 AffyBatch-class 5.251 0.421 5.675 ProgressBarText-class 1.147 0.089 17.108 * checking for unstated dependencies in vignettes ... OK * checking package vignettes in ‘inst/doc’ ... OK * checking running R code from vignettes ... SKIPPED * checking re-building of vignette outputs ... SKIPPED * checking PDF version of manual ... OK * DONE Status: 1 WARNING, 2 NOTEs See ‘/Users/biocbuild/bbs-3.11-bioc/meat/affy.Rcheck/00check.log’ for details.
affy.Rcheck/00install.out
############################################################################## ############################################################################## ### ### Running command: ### ### /Library/Frameworks/R.framework/Versions/Current/Resources/bin/R CMD INSTALL affy ### ############################################################################## ############################################################################## * installing to library ‘/Library/Frameworks/R.framework/Versions/4.0/Resources/library’ * installing *source* package ‘affy’ ... ** using staged installation creating cache ./config.cache checking how to run the C preprocessor... cc -E checking for main in -lz... yes checking for zlib.h... yes checking if zlib version >= 1.1.3... yes updating cache ./config.cache creating ./config.status creating src/Makevars ** libs clang -I"/Library/Frameworks/R.framework/Resources/include" -DNDEBUG -DHAVE_ZLIB=1 -I'/Library/Frameworks/R.framework/Versions/4.0/Resources/library/preprocessCore/include' -isysroot /Library/Developer/CommandLineTools/SDKs/MacOSX.sdk -I/usr/local/include -fPIC -Wall -g -O2 -c chipbackground.c -o chipbackground.o clang -I"/Library/Frameworks/R.framework/Resources/include" -DNDEBUG -DHAVE_ZLIB=1 -I'/Library/Frameworks/R.framework/Versions/4.0/Resources/library/preprocessCore/include' -isysroot /Library/Developer/CommandLineTools/SDKs/MacOSX.sdk -I/usr/local/include -fPIC -Wall -g -O2 -c getall_locations.c -o getall_locations.o clang -I"/Library/Frameworks/R.framework/Resources/include" -DNDEBUG -DHAVE_ZLIB=1 -I'/Library/Frameworks/R.framework/Versions/4.0/Resources/library/preprocessCore/include' -isysroot /Library/Developer/CommandLineTools/SDKs/MacOSX.sdk -I/usr/local/include -fPIC -Wall -g -O2 -c mas5calls.c -o mas5calls.o clang -I"/Library/Frameworks/R.framework/Resources/include" -DNDEBUG -DHAVE_ZLIB=1 -I'/Library/Frameworks/R.framework/Versions/4.0/Resources/library/preprocessCore/include' -isysroot /Library/Developer/CommandLineTools/SDKs/MacOSX.sdk -I/usr/local/include -fPIC -Wall -g -O2 -c rma2.c -o rma2.o clang -I"/Library/Frameworks/R.framework/Resources/include" -DNDEBUG -DHAVE_ZLIB=1 -I'/Library/Frameworks/R.framework/Versions/4.0/Resources/library/preprocessCore/include' -isysroot /Library/Developer/CommandLineTools/SDKs/MacOSX.sdk -I/usr/local/include -fPIC -Wall -g -O2 -c rma_common.c -o rma_common.o clang -dynamiclib -Wl,-headerpad_max_install_names -undefined dynamic_lookup -single_module -multiply_defined suppress -L/Library/Frameworks/R.framework/Resources/lib -L/usr/local/lib -o affy.so chipbackground.o getall_locations.o mas5calls.o rma2.o rma_common.o -lz -F/Library/Frameworks/R.framework/.. -framework R -Wl,-framework -Wl,CoreFoundation installing to /Library/Frameworks/R.framework/Versions/4.0/Resources/library/00LOCK-affy/00new/affy/libs ** R ** data ** demo ** inst ** byte-compile and prepare package for lazy loading ** help *** installing help indices ** building package indices ** installing vignettes ** testing if installed package can be loaded from temporary location ** checking absolute paths in shared objects and dynamic libraries ** testing if installed package can be loaded from final location ** testing if installed package keeps a record of temporary installation path * DONE (affy)
affy.Rcheck/affy-Ex.timings
name | user | system | elapsed | |
AffyBatch-class | 5.251 | 0.421 | 5.675 | |
AffyRNAdeg | 2.764 | 0.150 | 2.914 | |
MAplot | 15.081 | 1.001 | 16.130 | |
ProbeSet-class | 0.393 | 0.028 | 0.421 | |
ProgressBarText-class | 1.147 | 0.089 | 17.108 | |
affy-options | 0.000 | 0.001 | 0.001 | |
barplot.ProbeSet | 0.571 | 0.035 | 1.084 | |
bgc | 2.414 | 0.273 | 4.879 | |
cleancdfname | 0.011 | 0.002 | 0.014 | |
expresso | 20.085 | 0.311 | 21.100 | |
expressoWidget | 0.001 | 0.000 | 0.001 | |
fit.li.wong | 0.291 | 0.020 | 0.312 | |
generateExprSet-methods | 0.694 | 0.015 | 0.710 | |
generateExprVal-methods | 0.551 | 0.013 | 0.565 | |
generateExprVal.method.avgdiff | 0.475 | 0.045 | 0.523 | |
list.celfiles | 0.000 | 0.001 | 0.000 | |
maffy.subset | 0.026 | 0.002 | 0.028 | |
mas5 | 44.981 | 0.451 | 45.461 | |
mas5calls | 2.116 | 0.224 | 2.339 | |
mva.pairs | 0.116 | 0.008 | 0.124 | |
normalize-methods | 0.392 | 0.028 | 0.419 | |
normalize.loess | 0.027 | 0.001 | 0.028 | |
plot.ProbeSet | 0.019 | 0.005 | 0.025 | |
plot.density | 0.799 | 0.111 | 0.909 | |
plotLocation | 1.900 | 0.185 | 2.086 | |
pmcorrect | 0.316 | 0.012 | 0.327 | |
ppsetApply | 0.001 | 0.000 | 0.002 | |
read.affybatch | 2.107 | 0.133 | 2.249 | |
rma | 1.874 | 0.074 | 1.949 | |
setAffyOptions | 0.001 | 0.000 | 0.001 | |
xy2indices | 2.159 | 0.233 | 2.394 | |