This page was generated on 2020-10-17 11:58:11 -0400 (Sat, 17 Oct 2020).
chimeraviz 1.14.0 Stian Lågstad
Snapshot Date: 2020-10-16 14:40:19 -0400 (Fri, 16 Oct 2020) |
URL: https://git.bioconductor.org/packages/chimeraviz |
Branch: RELEASE_3_11 |
Last Commit: fd9266e |
Last Changed Date: 2020-04-27 15:03:55 -0400 (Mon, 27 Apr 2020) |
| malbec2 | Linux (Ubuntu 18.04.4 LTS) / x86_64 | OK | OK | OK | | ![UNNEEDED, same version exists in internal repository UNNEEDED, same version exists in internal repository](../120px-Blue_Light_Icon.svg.png) |
tokay2 | Windows Server 2012 R2 Standard / x64 | OK | OK | OK | OK | ![UNNEEDED, same version exists in internal repository UNNEEDED, same version exists in internal repository](../120px-Blue_Light_Icon.svg.png) |
machv2 | macOS 10.14.6 Mojave / x86_64 | OK | [ ERROR ] | skipped | skipped | |
##############################################################################
##############################################################################
###
### Running command:
###
### /Library/Frameworks/R.framework/Versions/Current/Resources/bin/R CMD build --keep-empty-dirs --no-resave-data chimeraviz
###
##############################################################################
##############################################################################
* checking for file ‘chimeraviz/DESCRIPTION’ ... OK
* preparing ‘chimeraviz’:
* checking DESCRIPTION meta-information ... OK
* installing the package to build vignettes
* creating vignettes ... ERROR
--- re-building ‘chimeraviz-vignette.Rmd’ using rmarkdown
Loading required package: Biostrings
Loading required package: BiocGenerics
Loading required package: parallel
Attaching package: 'BiocGenerics'
The following objects are masked from 'package:parallel':
clusterApply, clusterApplyLB, clusterCall, clusterEvalQ,
clusterExport, clusterMap, parApply, parCapply, parLapply,
parLapplyLB, parRapply, parSapply, parSapplyLB
The following objects are masked from 'package:stats':
IQR, mad, sd, var, xtabs
The following objects are masked from 'package:base':
Filter, Find, Map, Position, Reduce, anyDuplicated, append,
as.data.frame, basename, cbind, colnames, dirname, do.call,
duplicated, eval, evalq, get, grep, grepl, intersect, is.unsorted,
lapply, mapply, match, mget, order, paste, pmax, pmax.int, pmin,
pmin.int, rank, rbind, rownames, sapply, setdiff, sort, table,
tapply, union, unique, unsplit, which, which.max, which.min
Loading required package: S4Vectors
Loading required package: stats4
Attaching package: 'S4Vectors'
The following object is masked from 'package:base':
expand.grid
Loading required package: IRanges
Loading required package: XVector
Attaching package: 'Biostrings'
The following object is masked from 'package:base':
strsplit
Loading required package: GenomicRanges
Loading required package: GenomeInfoDb
Loading required package: Gviz
Loading required package: grid
Loading required package: ensembldb
Loading required package: GenomicFeatures
Loading required package: AnnotationDbi
Loading required package: Biobase
Welcome to Bioconductor
Vignettes contain introductory material; view with
'browseVignettes()'. To cite Bioconductor, see
'citation("Biobase")', and for packages 'citation("pkgname")'.
Loading required package: AnnotationFilter
Attaching package: 'AnnotationFilter'
The following object is masked from 'package:Gviz':
feature
Attaching package: 'ensembldb'
The following object is masked from 'package:stats':
filter
Loading required package: data.table
Attaching package: 'data.table'
The following object is masked from 'package:GenomicRanges':
shift
The following object is masked from 'package:IRanges':
shift
The following objects are masked from 'package:S4Vectors':
first, second
RCircos.Core.Components initialized.
Type ?RCircos.Reset.Plot.Parameters to see how to modify the core components.
Warning in doTryCatch(return(expr), name, parentenv, handler) :
semi-transparency is not supported on this device: reported only once per page
RCircos.Core.Components initialized.
Type ?RCircos.Reset.Plot.Parameters to see how to modify the core components.
Warning in doTryCatch(return(expr), name, parentenv, handler) :
semi-transparency is not supported on this device: reported only once per page
Quitting from lines 108-126 (chimeraviz-vignette.Rmd)
Error: processing vignette 'chimeraviz-vignette.Rmd' failed with diagnostics:
R: GeometryDoesNotContainImage `/private/tmp/RtmpBT8hyQ/Rbuild1638c2ac88d25/chimeraviz/vignettes/chimeraviz-vignette_files/figure-html/unnamed-chunk-7-1.png' @ warning/attribute.c/GetImageBoundingBox/247
--- failed re-building ‘chimeraviz-vignette.Rmd’
SUMMARY: processing the following file failed:
‘chimeraviz-vignette.Rmd’
Error: Vignette re-building failed.
Execution halted