Back to Multiple platform build/check report for BioC 3.11 |
|
This page was generated on 2020-01-16 13:33:29 -0500 (Thu, 16 Jan 2020).
Package 916/1818 | Hostname | OS / Arch | INSTALL | BUILD | CHECK | BUILD BIN | ||||||
lol 1.35.0 Yinyin Yuan
| malbec2 | Linux (Ubuntu 18.04.3 LTS) / x86_64 | OK | ERROR | skipped | |||||||
tokay2 | Windows Server 2012 R2 Standard / x64 | OK | ERROR | skipped | skipped | |||||||
celaya2 | OS X 10.11.6 El Capitan / x86_64 | OK | [ ERROR ] | skipped | skipped |
Package: lol |
Version: 1.35.0 |
Command: /Library/Frameworks/R.framework/Versions/Current/Resources/bin/R CMD build --keep-empty-dirs --no-resave-data lol |
StartedAt: 2020-01-15 20:32:48 -0500 (Wed, 15 Jan 2020) |
EndedAt: 2020-01-15 20:33:05 -0500 (Wed, 15 Jan 2020) |
EllapsedTime: 17.4 seconds |
RetCode: 1 |
Status: ERROR |
PackageFile: None |
PackageFileSize: NA |
############################################################################## ############################################################################## ### ### Running command: ### ### /Library/Frameworks/R.framework/Versions/Current/Resources/bin/R CMD build --keep-empty-dirs --no-resave-data lol ### ############################################################################## ############################################################################## * checking for file ‘lol/DESCRIPTION’ ... OK * preparing ‘lol’: * checking DESCRIPTION meta-information ... OK * installing the package to build vignettes * creating vignettes ... ERROR --- re-building ‘lol.Rnw’ using Sweave Loading required package: penalized Loading required package: survival Welcome to penalized. For extended examples, see vignette("penalized"). Loading required package: Matrix Error: processing vignette 'lol.Rnw' failed with diagnostics: chunk 4 Error in UseMethod("lasso") : no applicable method for 'lasso' applied to an object of class "cv" --- failed re-building ‘lol.Rnw’ SUMMARY: processing the following file failed: ‘lol.Rnw’ Error: Vignette re-building failed. Execution halted