This page was generated on 2020-01-16 13:30:49 -0500 (Thu, 16 Jan 2020).
puma 3.29.1 Xuejun Liu
Snapshot Date: 2020-01-15 16:46:30 -0500 (Wed, 15 Jan 2020) |
URL: https://git.bioconductor.org/packages/puma |
Branch: master |
Last Commit: 9fd1ec9 |
Last Changed Date: 2020-01-06 21:57:43 -0500 (Mon, 06 Jan 2020) |
| malbec2 | Linux (Ubuntu 18.04.3 LTS) / x86_64 | OK | ERROR | skipped | | |
tokay2 | Windows Server 2012 R2 Standard / x64 | OK | ERROR | skipped | skipped | |
celaya2 | OS X 10.11.6 El Capitan / x86_64 | OK | [ ERROR ] | skipped | skipped | |
##############################################################################
##############################################################################
###
### Running command:
###
### /Library/Frameworks/R.framework/Versions/Current/Resources/bin/R CMD build --keep-empty-dirs --no-resave-data puma
###
##############################################################################
##############################################################################
* checking for file ‘puma/DESCRIPTION’ ... OK
* preparing ‘puma’:
* checking DESCRIPTION meta-information ... OK
* cleaning src
* installing the package to build vignettes
* creating vignettes ... ERROR
--- re-building ‘puma.Rnw’ using Sweave
Loading required package: oligo
Loading required package: BiocGenerics
Loading required package: parallel
Attaching package: ‘BiocGenerics’
The following objects are masked from ‘package:parallel’:
clusterApply, clusterApplyLB, clusterCall,
clusterEvalQ, clusterExport, clusterMap,
parApply, parCapply, parLapply, parLapplyLB,
parRapply, parSapply, parSapplyLB
The following objects are masked from ‘package:stats’:
IQR, mad, sd, var, xtabs
The following objects are masked from ‘package:base’:
Filter, Find, Map, Position, Reduce,
anyDuplicated, append, as.data.frame, basename,
cbind, colnames, dirname, do.call, duplicated,
eval, evalq, get, grep, grepl, intersect,
is.unsorted, lapply, mapply, match, mget, order,
paste, pmax, pmax.int, pmin, pmin.int, rank,
rbind, rownames, sapply, setdiff, sort, table,
tapply, union, unique, unsplit, which, which.max,
which.min
Loading required package: oligoClasses
Welcome to oligoClasses version 1.49.1
Loading required package: Biobase
Welcome to Bioconductor
Vignettes contain introductory material; view
with 'browseVignettes()'. To cite Bioconductor,
see 'citation("Biobase")', and for packages
'citation("pkgname")'.
Loading required package: Biostrings
Loading required package: S4Vectors
Loading required package: stats4
Attaching package: ‘S4Vectors’
The following object is masked from ‘package:base’:
expand.grid
Loading required package: IRanges
Loading required package: XVector
Attaching package: ‘Biostrings’
The following object is masked from ‘package:base’:
strsplit
No methods found in package ‘RSQLite’ for request: ‘dbListFields’ when loading ‘oligo’
============================================================
Welcome to oligo version 1.51.2
============================================================
Loading required package: mclust
Package 'mclust' version 5.4.5
Type 'citation("mclust")' for citing this R package in publications.
Warning: S3 method ‘plot.puma’ was declared in NAMESPACE but not found
Error: processing vignette 'puma.Rnw' failed with diagnostics:
chunk 7
Error in library(pumadata) : there is no package called ‘pumadata’
--- failed re-building ‘puma.Rnw’
SUMMARY: processing the following file failed:
‘puma.Rnw’
Error: Vignette re-building failed.
Execution halted