Back to Multiple platform build/check report for BioC 3.12 |
|
This page was generated on 2021-05-06 12:31:02 -0400 (Thu, 06 May 2021).
To the developers/maintainers of the EMDomics package: Please make sure to use the following settings in order to reproduce any error or warning you see on this page. |
Package 542/1974 | Hostname | OS / Arch | INSTALL | BUILD | CHECK | BUILD BIN | ||||||||
EMDomics 2.20.0 (landing page) Sadhika Malladi
| malbec1 | Linux (Ubuntu 18.04.5 LTS) / x86_64 | OK | OK | OK | ![]() | ||||||||
tokay1 | Windows Server 2012 R2 Standard / x64 | OK | OK | WARNINGS | OK | ![]() | ||||||||
merida1 | macOS 10.14.6 Mojave / x86_64 | OK | OK | OK | OK | ![]() | ||||||||
Package: EMDomics |
Version: 2.20.0 |
Command: C:\Users\biocbuild\bbs-3.12-bioc\R\bin\R.exe CMD check --force-multiarch --install=check:EMDomics.install-out.txt --library=C:\Users\biocbuild\bbs-3.12-bioc\R\library --no-vignettes --timings EMDomics_2.20.0.tar.gz |
StartedAt: 2021-05-06 02:31:20 -0400 (Thu, 06 May 2021) |
EndedAt: 2021-05-06 02:36:01 -0400 (Thu, 06 May 2021) |
EllapsedTime: 281.2 seconds |
RetCode: 0 |
Status: WARNINGS |
CheckDir: EMDomics.Rcheck |
Warnings: 1 |
############################################################################## ############################################################################## ### ### Running command: ### ### C:\Users\biocbuild\bbs-3.12-bioc\R\bin\R.exe CMD check --force-multiarch --install=check:EMDomics.install-out.txt --library=C:\Users\biocbuild\bbs-3.12-bioc\R\library --no-vignettes --timings EMDomics_2.20.0.tar.gz ### ############################################################################## ############################################################################## * using log directory 'C:/Users/biocbuild/bbs-3.12-bioc/meat/EMDomics.Rcheck' * using R version 4.0.5 (2021-03-31) * using platform: x86_64-w64-mingw32 (64-bit) * using session charset: ISO8859-1 * using option '--no-vignettes' * checking for file 'EMDomics/DESCRIPTION' ... OK * this is package 'EMDomics' version '2.20.0' * checking package namespace information ... OK * checking package dependencies ... OK * checking if this is a source package ... OK * checking if there is a namespace ... OK * checking for hidden files and directories ... OK * checking for portable file names ... OK * checking whether package 'EMDomics' can be installed ... WARNING Found the following significant warnings: Rd warning: C:/Users/biocbuild/bbs-3.12-bioc/tmpdir/RtmpQnzKyV/R.INSTALL534ea41cc8/EMDomics/man/calculate_emd.Rd:101: file link 'emd2d' in package 'emdist' does not exist and so has been treated as a topic Rd warning: C:/Users/biocbuild/bbs-3.12-bioc/tmpdir/RtmpQnzKyV/R.INSTALL534ea41cc8/EMDomics/man/calculate_emd_gene.Rd:31: file link 'emd2d' in package 'emdist' does not exist and so has been treated as a topic Rd warning: C:/Users/biocbuild/bbs-3.12-bioc/tmpdir/RtmpQnzKyV/R.INSTALL534ea41cc8/EMDomics/man/calculate_emd_gene.Rd:47: file link 'emd2d' in package 'emdist' does not exist and so has been treated as a topic See 'C:/Users/biocbuild/bbs-3.12-bioc/meat/EMDomics.Rcheck/00install.out' for details. * checking installed package size ... OK * checking package directory ... OK * checking 'build' directory ... OK * checking DESCRIPTION meta-information ... NOTE Authors@R field gives more than one person with maintainer role: Sadhika Malladi <contact@sadhikamalladi.com> [aut, cre] Daniel Schmolze <emd@schmolze.com> [aut, cre] * checking top-level files ... OK * checking for left-over files ... OK * checking index information ... OK * checking package subdirectories ... OK * checking R files for non-ASCII characters ... OK * checking R files for syntax errors ... OK * loading checks for arch 'i386' ** checking whether the package can be loaded ... OK ** checking whether the package can be loaded with stated dependencies ... OK ** checking whether the package can be unloaded cleanly ... OK ** checking whether the namespace can be loaded with stated dependencies ... OK ** checking whether the namespace can be unloaded cleanly ... OK * loading checks for arch 'x64' ** checking whether the package can be loaded ... OK ** checking whether the package can be loaded with stated dependencies ... OK ** checking whether the package can be unloaded cleanly ... OK ** checking whether the namespace can be loaded with stated dependencies ... OK ** checking whether the namespace can be unloaded cleanly ... OK * checking dependencies in R code ... OK * checking S3 generic/method consistency ... OK * checking replacement functions ... OK * checking foreign function calls ... OK * checking R code for possible problems ... NOTE .cvm_pairwise_q: no visible global function definition for 'combn' .cvm_pairwise_q : <anonymous>: no visible global function definition for 'median' .emd_gene_pairwise: no visible global function definition for 'hist' .emd_pairwise_q: no visible global function definition for 'combn' .emd_pairwise_q : <anonymous>: no visible global function definition for 'median' .ks_pairwise_table: no visible global function definition for 'ks.test' calculate_cvm: no visible global function definition for 'combn' calculate_cvm : <anonymous>: no visible global function definition for 'median' calculate_cvm_gene: no visible global function definition for 'combn' calculate_emd: no visible global function definition for 'combn' calculate_emd : <anonymous>: no visible global function definition for 'median' calculate_emd_gene: no visible global function definition for 'combn' calculate_ks: no visible global function definition for 'combn' calculate_ks : <anonymous>: no visible global function definition for 'p.adjust' calculate_ks : <anonymous>: no visible global function definition for 'median' calculate_ks_gene: no visible global function definition for 'combn' calculate_ks_gene: no visible global function definition for 'ks.test' Undefined global functions or variables: combn hist ks.test median p.adjust Consider adding importFrom("graphics", "hist") importFrom("stats", "ks.test", "median", "p.adjust") importFrom("utils", "combn") to your NAMESPACE file. * checking Rd files ... OK * checking Rd metadata ... OK * checking Rd cross-references ... OK * checking for missing documentation entries ... OK * checking for code/documentation mismatches ... OK * checking Rd \usage sections ... OK * checking Rd contents ... OK * checking for unstated dependencies in examples ... OK * checking files in 'vignettes' ... OK * checking examples ... ** running examples for arch 'i386' ... OK Examples with CPU (user + system) or elapsed time > 5s user system elapsed calculate_cvm 15.03 0.01 15.05 plot_cvmperms 14.11 0.00 14.13 plot_cvm_density 11.69 0.03 11.72 calculate_emd 10.02 0.00 10.02 plot_emd_density 9.72 0.01 9.73 plot_cvmnull 9.55 0.00 9.55 plot_emdperms 8.79 0.03 8.83 plot_ksperms 7.45 0.02 7.47 plot_ks_density 6.30 0.02 6.31 plot_emdnull 6.14 0.02 6.19 ** running examples for arch 'x64' ... OK Examples with CPU (user + system) or elapsed time > 5s user system elapsed calculate_cvm 15.15 0.00 15.15 plot_cvmperms 13.53 0.00 13.54 plot_cvm_density 13.15 0.03 13.22 plot_emd_density 11.80 0.03 11.83 plot_emdperms 11.02 0.00 11.01 calculate_emd 10.97 0.01 10.99 calculate_ks 7.45 0.00 7.46 plot_emdnull 7.40 0.00 7.41 plot_cvmnull 7.33 0.00 7.32 plot_ksnull 7.30 0.00 7.29 plot_ksperms 7.28 0.00 7.28 plot_ks_density 6.47 0.02 6.49 * checking for unstated dependencies in vignettes ... OK * checking package vignettes in 'inst/doc' ... OK * checking running R code from vignettes ... SKIPPED * checking re-building of vignette outputs ... SKIPPED * checking PDF version of manual ... OK * DONE Status: 1 WARNING, 2 NOTEs See 'C:/Users/biocbuild/bbs-3.12-bioc/meat/EMDomics.Rcheck/00check.log' for details.
EMDomics.Rcheck/00install.out
############################################################################## ############################################################################## ### ### Running command: ### ### C:\cygwin\bin\curl.exe -O http://172.29.0.3/BBS/3.12/bioc/src/contrib/EMDomics_2.20.0.tar.gz && rm -rf EMDomics.buildbin-libdir && mkdir EMDomics.buildbin-libdir && C:\Users\biocbuild\bbs-3.12-bioc\R\bin\R.exe CMD INSTALL --merge-multiarch --build --library=EMDomics.buildbin-libdir EMDomics_2.20.0.tar.gz && C:\Users\biocbuild\bbs-3.12-bioc\R\bin\R.exe CMD INSTALL EMDomics_2.20.0.zip && rm EMDomics_2.20.0.tar.gz EMDomics_2.20.0.zip ### ############################################################################## ############################################################################## % Total % Received % Xferd Average Speed Time Time Time Current Dload Upload Total Spent Left Speed 0 0 0 0 0 0 0 0 --:--:-- --:--:-- --:--:-- 0 100 96623 100 96623 0 0 5635k 0 --:--:-- --:--:-- --:--:-- 5897k install for i386 * installing *source* package 'EMDomics' ... ** using staged installation ** R ** byte-compile and prepare package for lazy loading ** help *** installing help indices converting help for package 'EMDomics' finding HTML links ... done CVMomics html EMDomics html KSomics html calculate_cvm html calculate_cvm_gene html calculate_emd html Rd warning: C:/Users/biocbuild/bbs-3.12-bioc/tmpdir/RtmpQnzKyV/R.INSTALL534ea41cc8/EMDomics/man/calculate_emd.Rd:101: file link 'emd2d' in package 'emdist' does not exist and so has been treated as a topic calculate_emd_gene html Rd warning: C:/Users/biocbuild/bbs-3.12-bioc/tmpdir/RtmpQnzKyV/R.INSTALL534ea41cc8/EMDomics/man/calculate_emd_gene.Rd:31: file link 'emd2d' in package 'emdist' does not exist and so has been treated as a topic Rd warning: C:/Users/biocbuild/bbs-3.12-bioc/tmpdir/RtmpQnzKyV/R.INSTALL534ea41cc8/EMDomics/man/calculate_emd_gene.Rd:47: file link 'emd2d' in package 'emdist' does not exist and so has been treated as a topic calculate_ks html calculate_ks_gene html emdomics-package html plot_cvm_density html plot_cvmnull html plot_cvmperms html plot_emd_density html plot_emdnull html plot_emdperms html plot_ks_density html plot_ksnull html plot_ksperms html ** building package indices ** installing vignettes ** testing if installed package can be loaded from temporary location ** testing if installed package can be loaded from final location ** testing if installed package keeps a record of temporary installation path install for x64 * installing *source* package 'EMDomics' ... ** testing if installed package can be loaded * MD5 sums packaged installation of 'EMDomics' as EMDomics_2.20.0.zip * DONE (EMDomics) * installing to library 'C:/Users/biocbuild/bbs-3.12-bioc/R/library' package 'EMDomics' successfully unpacked and MD5 sums checked
EMDomics.Rcheck/examples_i386/EMDomics-Ex.timings
|
EMDomics.Rcheck/examples_x64/EMDomics-Ex.timings
|