Back to Multiple platform build/check report for BioC 3.12 |
|
This page was generated on 2021-05-06 12:36:58 -0400 (Thu, 06 May 2021).
To the developers/maintainers of the StarBioTrek package: Please make sure to use the following settings in order to reproduce any error or warning you see on this page. |
Package 1798/1974 | Hostname | OS / Arch | INSTALL | BUILD | CHECK | BUILD BIN | ||||||||
StarBioTrek 1.16.0 (landing page) Claudia Cava
| malbec1 | Linux (Ubuntu 18.04.5 LTS) / x86_64 | OK | OK | WARNINGS | |||||||||
tokay1 | Windows Server 2012 R2 Standard / x64 | OK | OK | WARNINGS | OK | |||||||||
merida1 | macOS 10.14.6 Mojave / x86_64 | OK | OK | WARNINGS | OK | |||||||||
Package: StarBioTrek |
Version: 1.16.0 |
Command: /Library/Frameworks/R.framework/Versions/Current/Resources/bin/R CMD check --install=check:StarBioTrek.install-out.txt --library=/Library/Frameworks/R.framework/Versions/Current/Resources/library --no-vignettes --timings StarBioTrek_1.16.0.tar.gz |
StartedAt: 2021-05-06 06:38:16 -0400 (Thu, 06 May 2021) |
EndedAt: 2021-05-06 06:42:04 -0400 (Thu, 06 May 2021) |
EllapsedTime: 227.4 seconds |
RetCode: 0 |
Status: WARNINGS |
CheckDir: StarBioTrek.Rcheck |
Warnings: 1 |
############################################################################## ############################################################################## ### ### Running command: ### ### /Library/Frameworks/R.framework/Versions/Current/Resources/bin/R CMD check --install=check:StarBioTrek.install-out.txt --library=/Library/Frameworks/R.framework/Versions/Current/Resources/library --no-vignettes --timings StarBioTrek_1.16.0.tar.gz ### ############################################################################## ############################################################################## * using log directory ‘/Users/biocbuild/bbs-3.12-bioc/meat/StarBioTrek.Rcheck’ * using R version 4.0.5 (2021-03-31) * using platform: x86_64-apple-darwin17.0 (64-bit) * using session charset: UTF-8 * using option ‘--no-vignettes’ * checking for file ‘StarBioTrek/DESCRIPTION’ ... OK * checking extension type ... Package * this is package ‘StarBioTrek’ version ‘1.16.0’ * checking package namespace information ... OK * checking package dependencies ... OK * checking if this is a source package ... OK * checking if there is a namespace ... OK * checking for hidden files and directories ... OK * checking for portable file names ... OK * checking for sufficient/correct file permissions ... OK * checking whether package ‘StarBioTrek’ can be installed ... OK * checking installed package size ... NOTE installed size is 6.2Mb sub-directories of 1Mb or more: data 6.1Mb * checking package directory ... OK * checking ‘build’ directory ... OK * checking DESCRIPTION meta-information ... OK * checking top-level files ... OK * checking for left-over files ... OK * checking index information ... OK * checking package subdirectories ... OK * checking R files for non-ASCII characters ... OK * checking R files for syntax errors ... OK * checking whether the package can be loaded ... OK * checking whether the package can be loaded with stated dependencies ... OK * checking whether the package can be unloaded cleanly ... OK * checking whether the namespace can be loaded with stated dependencies ... OK * checking whether the namespace can be unloaded cleanly ... OK * checking dependencies in R code ... NOTE Namespace in Imports field not imported from: ‘AnnotationDbi’ All declared Imports should be used. * checking S3 generic/method consistency ... OK * checking replacement functions ... OK * checking foreign function calls ... OK * checking R code for possible problems ... NOTE svm_classification: no visible binding for global variable ‘Target’ Undefined global functions or variables: Target * checking Rd files ... OK * checking Rd metadata ... OK * checking Rd cross-references ... OK * checking for missing documentation entries ... OK * checking for code/documentation mismatches ... OK * checking Rd \usage sections ... WARNING Documented arguments not in \usage in documentation object 'svm_classification': ‘Target’ Functions with \usage entries need to have the appropriate \alias entries, and all their arguments documented. The \usage entries must correspond to syntactically valid R code. See chapter ‘Writing R documentation files’ in the ‘Writing R Extensions’ manual. * checking Rd contents ... OK * checking for unstated dependencies in examples ... OK * checking contents of ‘data’ directory ... OK * checking data for non-ASCII characters ... OK * checking data for ASCII and uncompressed saves ... OK * checking files in ‘vignettes’ ... OK * checking examples ... OK * checking for unstated dependencies in vignettes ... OK * checking package vignettes in ‘inst/doc’ ... OK * checking running R code from vignettes ... SKIPPED * checking re-building of vignette outputs ... SKIPPED * checking PDF version of manual ... OK * DONE Status: 1 WARNING, 3 NOTEs See ‘/Users/biocbuild/bbs-3.12-bioc/meat/StarBioTrek.Rcheck/00check.log’ for details.
StarBioTrek.Rcheck/00install.out
############################################################################## ############################################################################## ### ### Running command: ### ### /Library/Frameworks/R.framework/Versions/Current/Resources/bin/R CMD INSTALL StarBioTrek ### ############################################################################## ############################################################################## * installing to library ‘/Library/Frameworks/R.framework/Versions/4.0/Resources/library’ * installing *source* package ‘StarBioTrek’ ... ** using staged installation ** R ** data *** moving datasets to lazyload DB ** inst ** byte-compile and prepare package for lazy loading ** help *** installing help indices ** building package indices ** installing vignettes ** testing if installed package can be loaded from temporary location ** testing if installed package can be loaded from final location ** testing if installed package keeps a record of temporary installation path * DONE (StarBioTrek)
StarBioTrek.Rcheck/StarBioTrek-Ex.timings
name | user | system | elapsed | |
ConvertedIDgenes | 3.456 | 0.057 | 3.517 | |
GE_matrix | 0.046 | 0.001 | 0.046 | |
GE_matrix_mean | 0.055 | 0.002 | 0.056 | |
GetData | 0.001 | 0.000 | 0.001 | |
GetPathData | 0.005 | 0.000 | 0.005 | |
GetPathNet | 0.004 | 0.000 | 0.004 | |
IPPI | 0 | 0 | 0 | |
SelectedSample | 0.587 | 0.012 | 0.600 | |
average | 1.233 | 0.086 | 1.322 | |
circleplot | 0.977 | 0.040 | 1.131 | |
dsscorecrtlk | 0.034 | 0.001 | 0.035 | |
eucdistcrtlk | 0.030 | 0.001 | 0.031 | |
getNETdata | 0.000 | 0.001 | 0.001 | |
listpathnet | 0.495 | 0.010 | 0.505 | |
pathnet | 0.357 | 0.016 | 0.373 | |
plotcrosstalk | 0.012 | 0.001 | 0.013 | |
stdv | 0.033 | 0.000 | 0.033 | |
svm_classification | 0.001 | 0.000 | 0.000 | |