Back to Multiple platform build/check report for BioC 3.12 |
|
This page was generated on 2021-05-06 12:36:44 -0400 (Thu, 06 May 2021).
To the developers/maintainers of the scsR package: Please make sure to use the following settings in order to reproduce any error or warning you see on this page. |
Package 1662/1974 | Hostname | OS / Arch | INSTALL | BUILD | CHECK | BUILD BIN | ||||||||
Andrea Franceschini
| malbec1 | Linux (Ubuntu 18.04.5 LTS) / x86_64 | OK | OK | ERROR | |||||||||
tokay1 | Windows Server 2012 R2 Standard / x64 | OK | OK | ERROR | OK | |||||||||
merida1 | macOS 10.14.6 Mojave / x86_64 | OK | OK | ERROR | OK | |||||||||
Package: scsR |
Version: 1.26.0 |
Command: /Library/Frameworks/R.framework/Versions/Current/Resources/bin/R CMD check --install=check:scsR.install-out.txt --library=/Library/Frameworks/R.framework/Versions/Current/Resources/library --no-vignettes --timings scsR_1.26.0.tar.gz |
StartedAt: 2021-05-06 06:02:27 -0400 (Thu, 06 May 2021) |
EndedAt: 2021-05-06 06:05:26 -0400 (Thu, 06 May 2021) |
EllapsedTime: 178.0 seconds |
RetCode: 1 |
Status: ERROR |
CheckDir: scsR.Rcheck |
Warnings: NA |
############################################################################## ############################################################################## ### ### Running command: ### ### /Library/Frameworks/R.framework/Versions/Current/Resources/bin/R CMD check --install=check:scsR.install-out.txt --library=/Library/Frameworks/R.framework/Versions/Current/Resources/library --no-vignettes --timings scsR_1.26.0.tar.gz ### ############################################################################## ############################################################################## * using log directory ‘/Users/biocbuild/bbs-3.12-bioc/meat/scsR.Rcheck’ * using R version 4.0.5 (2021-03-31) * using platform: x86_64-apple-darwin17.0 (64-bit) * using session charset: UTF-8 * using option ‘--no-vignettes’ * checking for file ‘scsR/DESCRIPTION’ ... OK * checking extension type ... Package * this is package ‘scsR’ version ‘1.26.0’ * checking package namespace information ... OK * checking package dependencies ... NOTE Depends: includes the non-default packages: 'STRINGdb', 'BiocGenerics', 'Biostrings', 'IRanges', 'plyr', 'tcltk' Adding so many packages to the search path is excessive and importing selectively is preferable. * checking if this is a source package ... OK * checking if there is a namespace ... OK * checking for hidden files and directories ... OK * checking for portable file names ... OK * checking for sufficient/correct file permissions ... OK * checking whether package ‘scsR’ can be installed ... WARNING Found the following significant warnings: Warning: Package 'scsR' is deprecated and will be removed from Bioconductor See ‘/Users/biocbuild/bbs-3.12-bioc/meat/scsR.Rcheck/00install.out’ for details. * checking installed package size ... OK * checking package directory ... OK * checking ‘build’ directory ... OK * checking DESCRIPTION meta-information ... OK * checking top-level files ... OK * checking for left-over files ... OK * checking index information ... OK * checking package subdirectories ... OK * checking R files for non-ASCII characters ... OK * checking R files for syntax errors ... OK * checking whether the package can be loaded ... OK * checking whether the package can be loaded with stated dependencies ... OK * checking whether the package can be unloaded cleanly ... OK * checking whether the namespace can be loaded with stated dependencies ... OK * checking whether the namespace can be unloaded cleanly ... OK * checking dependencies in R code ... OK * checking S3 generic/method consistency ... OK * checking replacement functions ... OK * checking foreign function calls ... OK * checking R code for possible problems ... NOTE OPIrsaScore : <anonymous>: no visible global function definition for ‘phyper’ enrichment_geneSet: no visible global function definition for ‘phyper’ enrichment_heatmap: no visible global function definition for ‘heatmap.2’ get_seed_oligos_df: no visible global function definition for ‘txtProgressBar’ get_seed_oligos_df: no visible global function definition for ‘setTxtProgressBar’ get_seed_oligos_df: no visible global function definition for ‘phyper’ get_seed_oligos_df: no visible global function definition for ‘ks.test’ plot_seed_score_sd: no visible global function definition for ‘lm’ plot_seed_score_sd: no visible global function definition for ‘cor.test’ seed_correction: no visible global function definition for ‘txtProgressBar’ seed_correction: no visible global function definition for ‘setTxtProgressBar’ seed_correction_pooled: no visible global function definition for ‘txtProgressBar’ seed_correction_pooled: no visible global function definition for ‘setTxtProgressBar’ seed_removal: no visible global function definition for ‘txtProgressBar’ seed_removal: no visible global function definition for ‘setTxtProgressBar’ seeds_analysis : <anonymous>: no visible global function definition for ‘ks.test’ seeds_analysis: no visible global function definition for ‘phyper’ transcribe_seqs: no visible global function definition for ‘txtProgressBar’ transcribe_seqs: no visible global function definition for ‘setTxtProgressBar’ Undefined global functions or variables: cor.test heatmap.2 ks.test lm phyper setTxtProgressBar txtProgressBar Consider adding importFrom("stats", "cor.test", "ks.test", "lm", "phyper") importFrom("utils", "setTxtProgressBar", "txtProgressBar") to your NAMESPACE file. * checking Rd files ... OK * checking Rd metadata ... OK * checking Rd cross-references ... OK * checking for missing documentation entries ... OK * checking for code/documentation mismatches ... OK * checking Rd \usage sections ... OK * checking Rd contents ... OK * checking for unstated dependencies in examples ... OK * checking contents of ‘data’ directory ... OK * checking data for non-ASCII characters ... OK * checking data for ASCII and uncompressed saves ... OK * checking sizes of PDF files under ‘inst/doc’ ... OK * checking files in ‘vignettes’ ... OK * checking examples ... ERROR Running examples in ‘scsR-Ex.R’ failed The error most likely occurred in: > base::assign(".ptime", proc.time(), pos = "CheckExEnv") > ### Name: get_sd_quant > ### Title: get_sd_quant > ### Aliases: get_sd_quant > > ### ** Examples > > data(uuk_screen) > > # to speed up the example we use only the first 2500 rows > uuk_screen_reduced = uuk_screen[1:2500,] > > screen = add_seed(uuk_screen_reduced) > sd_matrix = create_sd_matrix(screen) ----------- FAILURE REPORT -------------- --- failure: length > 1 in coercion to logical --- --- srcref --- : --- package (from environment) --- scsR --- call from context --- eval(e, x, parent.frame()) --- call from argument --- sa[, scoreColName] > -1.5 && sa[, scoreColName] <= 1.5 --- R stacktrace --- where 1: eval(e, x, parent.frame()) where 2: eval(e, x, parent.frame()) where 3: subset.data.frame(sa, sa[, scoreColName] > -1.5 && sa[, scoreColName] <= 1.5) where 4: subset(sa, sa[, scoreColName] > -1.5 && sa[, scoreColName] <= 1.5) where 5: subset(sa, sa[, scoreColName] > -1.5 && sa[, scoreColName] <= 1.5) where 6: create_sd_matrix(screen) --- value of length: 465 type: logical --- [1] FALSE FALSE FALSE FALSE FALSE FALSE FALSE FALSE FALSE FALSE FALSE FALSE [13] FALSE FALSE FALSE FALSE TRUE FALSE TRUE FALSE FALSE FALSE FALSE FALSE [25] FALSE FALSE FALSE FALSE FALSE FALSE FALSE FALSE FALSE FALSE FALSE FALSE [37] FALSE FALSE FALSE FALSE FALSE FALSE FALSE FALSE FALSE FALSE FALSE FALSE [49] FALSE FALSE FALSE FALSE FALSE FALSE FALSE FALSE FALSE FALSE FALSE FALSE [61] FALSE TRUE TRUE TRUE TRUE TRUE TRUE TRUE TRUE TRUE TRUE TRUE [73] TRUE TRUE TRUE TRUE TRUE TRUE TRUE TRUE FALSE FALSE FALSE FALSE [85] FALSE TRUE TRUE TRUE TRUE TRUE TRUE TRUE TRUE TRUE TRUE TRUE [97] FALSE FALSE FALSE FALSE FALSE FALSE FALSE TRUE TRUE TRUE TRUE TRUE [109] TRUE TRUE TRUE TRUE TRUE TRUE TRUE TRUE FALSE FALSE FALSE FALSE [121] FALSE FALSE FALSE FALSE FALSE FALSE FALSE FALSE FALSE FALSE FALSE FALSE [133] FALSE FALSE TRUE TRUE TRUE TRUE TRUE TRUE TRUE TRUE TRUE TRUE [145] TRUE TRUE TRUE TRUE TRUE TRUE TRUE TRUE TRUE TRUE TRUE TRUE [157] TRUE TRUE TRUE TRUE TRUE TRUE TRUE TRUE TRUE TRUE TRUE TRUE [169] TRUE TRUE TRUE TRUE TRUE TRUE TRUE TRUE TRUE TRUE TRUE TRUE [181] TRUE TRUE TRUE TRUE TRUE TRUE TRUE TRUE TRUE TRUE TRUE TRUE [193] TRUE TRUE TRUE TRUE TRUE TRUE TRUE TRUE TRUE TRUE TRUE TRUE [205] TRUE TRUE TRUE TRUE TRUE TRUE TRUE TRUE TRUE TRUE TRUE TRUE [217] TRUE TRUE TRUE TRUE TRUE TRUE TRUE TRUE TRUE TRUE TRUE TRUE [229] TRUE TRUE TRUE TRUE TRUE TRUE TRUE TRUE TRUE TRUE TRUE TRUE [241] TRUE TRUE TRUE TRUE TRUE TRUE TRUE TRUE TRUE TRUE TRUE TRUE [253] TRUE TRUE TRUE TRUE TRUE TRUE TRUE TRUE TRUE TRUE TRUE TRUE [265] TRUE TRUE TRUE TRUE TRUE TRUE TRUE TRUE TRUE TRUE TRUE TRUE [277] TRUE TRUE TRUE TRUE TRUE TRUE TRUE TRUE TRUE TRUE TRUE TRUE [289] TRUE TRUE TRUE TRUE TRUE TRUE TRUE TRUE TRUE TRUE TRUE TRUE [301] TRUE TRUE TRUE TRUE TRUE TRUE TRUE TRUE TRUE TRUE TRUE TRUE [313] TRUE TRUE TRUE TRUE TRUE TRUE TRUE TRUE TRUE TRUE TRUE TRUE [325] TRUE TRUE TRUE TRUE TRUE TRUE TRUE TRUE TRUE TRUE TRUE TRUE [337] TRUE TRUE TRUE TRUE TRUE TRUE TRUE TRUE TRUE TRUE TRUE TRUE [349] TRUE TRUE TRUE TRUE TRUE TRUE TRUE TRUE TRUE TRUE TRUE TRUE [361] TRUE TRUE TRUE TRUE TRUE TRUE TRUE TRUE TRUE TRUE TRUE TRUE [373] TRUE TRUE TRUE TRUE TRUE TRUE TRUE TRUE TRUE TRUE TRUE TRUE [385] TRUE TRUE TRUE TRUE TRUE TRUE TRUE TRUE TRUE TRUE TRUE TRUE [397] TRUE TRUE TRUE TRUE TRUE TRUE TRUE TRUE TRUE TRUE TRUE TRUE [409] TRUE TRUE TRUE TRUE TRUE TRUE TRUE TRUE TRUE TRUE TRUE TRUE [421] TRUE TRUE TRUE TRUE TRUE TRUE TRUE TRUE TRUE TRUE TRUE TRUE [433] TRUE TRUE TRUE TRUE TRUE TRUE TRUE TRUE TRUE TRUE TRUE TRUE [445] TRUE TRUE TRUE TRUE TRUE TRUE TRUE TRUE TRUE TRUE TRUE TRUE [457] TRUE TRUE TRUE TRUE TRUE TRUE TRUE TRUE TRUE --- function from context --- --- function search by body --- ----------- END OF FAILURE REPORT -------------- Fatal error: length > 1 in coercion to logical * checking for unstated dependencies in vignettes ... OK * checking package vignettes in ‘inst/doc’ ... OK * checking running R code from vignettes ... SKIPPED * checking re-building of vignette outputs ... SKIPPED * checking PDF version of manual ... OK * DONE Status: 1 ERROR, 1 WARNING, 2 NOTEs See ‘/Users/biocbuild/bbs-3.12-bioc/meat/scsR.Rcheck/00check.log’ for details.
scsR.Rcheck/00install.out
############################################################################## ############################################################################## ### ### Running command: ### ### /Library/Frameworks/R.framework/Versions/Current/Resources/bin/R CMD INSTALL scsR ### ############################################################################## ############################################################################## * installing to library ‘/Library/Frameworks/R.framework/Versions/4.0/Resources/library’ * installing *source* package ‘scsR’ ... ** using staged installation ** R ** data ** byte-compile and prepare package for lazy loading ** help *** installing help indices ** building package indices ** installing vignettes ** testing if installed package can be loaded from temporary location Warning: Package 'scsR' is deprecated and will be removed from Bioconductor version 3.13 ** testing if installed package can be loaded from final location Warning: Package 'scsR' is deprecated and will be removed from Bioconductor version 3.13 ** testing if installed package keeps a record of temporary installation path * DONE (scsR)
scsR.Rcheck/scsR-Ex.timings
name | user | system | elapsed | |
add_rank_col | 0.768 | 0.114 | 0.872 | |
add_seed | 0.301 | 0.006 | 0.307 | |
benchmark_shared_hits | 2.400 | 0.186 | 2.585 | |
bydf | 0.493 | 0.124 | 0.616 | |
check_consistency | 1.092 | 0.046 | 1.140 | |
compare_sorted_geneSets | 22.438 | 1.836 | 24.278 | |
create_sd_matrix | 0.415 | 0.058 | 0.472 | |
delColDf | 0.176 | 0.002 | 0.178 | |
delete_undefined_rows | 0.316 | 0.006 | 0.322 | |
enrichment_geneSet | 0.756 | 0.013 | 0.769 | |
enrichment_heatmap | 0.369 | 0.009 | 0.378 | |