Back to Multiple platform build/check report for BioC 3.12 |
|
This page was generated on 2021-05-06 12:27:56 -0400 (Thu, 06 May 2021).
To the developers/maintainers of the IMMAN package: Please make sure to use the following settings in order to reproduce any error or warning you see on this page. |
Package 885/1974 | Hostname | OS / Arch | INSTALL | BUILD | CHECK | BUILD BIN | ||||||||
IMMAN 1.10.0 (landing page) Minoo Ashtiani
| malbec1 | Linux (Ubuntu 18.04.5 LTS) / x86_64 | OK | ERROR | skipped | |||||||||
tokay1 | Windows Server 2012 R2 Standard / x64 | OK | OK | ERROR | OK | |||||||||
merida1 | macOS 10.14.6 Mojave / x86_64 | OK | OK | OK | OK | ![]() | ||||||||
Package: IMMAN |
Version: 1.10.0 |
Command: /home/biocbuild/bbs-3.12-bioc/R/bin/R CMD build --keep-empty-dirs --no-resave-data IMMAN |
StartedAt: 2021-05-05 19:45:35 -0400 (Wed, 05 May 2021) |
EndedAt: 2021-05-05 19:46:08 -0400 (Wed, 05 May 2021) |
EllapsedTime: 32.8 seconds |
RetCode: 1 |
Status: ERROR |
PackageFile: None |
PackageFileSize: NA |
############################################################################## ############################################################################## ### ### Running command: ### ### /home/biocbuild/bbs-3.12-bioc/R/bin/R CMD build --keep-empty-dirs --no-resave-data IMMAN ### ############################################################################## ############################################################################## * checking for file ‘IMMAN/DESCRIPTION’ ... OK * preparing ‘IMMAN’: * checking DESCRIPTION meta-information ... OK * installing the package to build vignettes * creating vignettes ... ERROR --- re-building ‘IMMAN.Rmd’ using rmarkdown Quitting from lines 82-90 (IMMAN.Rmd) Error: processing vignette 'IMMAN.Rmd' failed with diagnostics: no line starting with a > character found --- failed re-building ‘IMMAN.Rmd’ SUMMARY: processing the following file failed: ‘IMMAN.Rmd’ Error: Vignette re-building failed. Execution halted