Back to Multiple platform build/check report for BioC 3.13 |
|
This page was generated on 2021-10-15 15:05:36 -0400 (Fri, 15 Oct 2021).
To the developers/maintainers of the CAGEr package: - Please allow up to 24 hours (and sometimes 48 hours) for your latest push to git@git.bioconductor.org:packages/CAGEr.git to reflect on this report. See How and When does the builder pull? When will my changes propagate? here for more information. - Make sure to use the following settings in order to reproduce any error or warning you see on this page. |
Package 231/2041 | Hostname | OS / Arch | INSTALL | BUILD | CHECK | BUILD BIN | ||||||||
CAGEr 1.34.0 (landing page) Charles Plessy
| nebbiolo1 | Linux (Ubuntu 20.04.2 LTS) / x86_64 | OK | OK | WARNINGS | |||||||||
tokay2 | Windows Server 2012 R2 Standard / x64 | OK | OK | WARNINGS | OK | |||||||||
machv2 | macOS 10.14.6 Mojave / x86_64 | OK | OK | WARNINGS | OK | |||||||||
Package: CAGEr |
Version: 1.34.0 |
Command: /home/biocbuild/bbs-3.13-bioc/R/bin/R CMD check --install=check:CAGEr.install-out.txt --library=/home/biocbuild/bbs-3.13-bioc/R/library --no-vignettes --timings CAGEr_1.34.0.tar.gz |
StartedAt: 2021-10-14 09:07:19 -0400 (Thu, 14 Oct 2021) |
EndedAt: 2021-10-14 09:15:13 -0400 (Thu, 14 Oct 2021) |
EllapsedTime: 474.5 seconds |
RetCode: 0 |
Status: WARNINGS |
CheckDir: CAGEr.Rcheck |
Warnings: 3 |
############################################################################## ############################################################################## ### ### Running command: ### ### /home/biocbuild/bbs-3.13-bioc/R/bin/R CMD check --install=check:CAGEr.install-out.txt --library=/home/biocbuild/bbs-3.13-bioc/R/library --no-vignettes --timings CAGEr_1.34.0.tar.gz ### ############################################################################## ############################################################################## * using log directory ‘/home/biocbuild/bbs-3.13-bioc/meat/CAGEr.Rcheck’ * using R version 4.1.1 (2021-08-10) * using platform: x86_64-pc-linux-gnu (64-bit) * using session charset: UTF-8 * using option ‘--no-vignettes’ * checking for file ‘CAGEr/DESCRIPTION’ ... OK * this is package ‘CAGEr’ version ‘1.34.0’ * package encoding: UTF-8 * checking package namespace information ... OK * checking package dependencies ... OK * checking if this is a source package ... OK * checking if there is a namespace ... OK * checking for hidden files and directories ... OK * checking for portable file names ... OK * checking for sufficient/correct file permissions ... OK * checking whether package ‘CAGEr’ can be installed ... OK * checking installed package size ... OK * checking package directory ... OK * checking ‘build’ directory ... OK * checking DESCRIPTION meta-information ... OK * checking top-level files ... OK * checking for left-over files ... OK * checking index information ... OK * checking package subdirectories ... OK * checking R files for non-ASCII characters ... OK * checking R files for syntax errors ... OK * checking whether the package can be loaded ... OK * checking whether the package can be loaded with stated dependencies ... OK * checking whether the package can be unloaded cleanly ... OK * checking whether the namespace can be loaded with stated dependencies ... OK * checking whether the namespace can be unloaded cleanly ... OK * checking dependencies in R code ... OK * checking S3 generic/method consistency ... OK * checking replacement functions ... OK * checking foreign function calls ... OK * checking R code for possible problems ... OK * checking Rd files ... OK * checking Rd metadata ... OK * checking Rd cross-references ... WARNING Missing link or links in documentation object 'CustomConsensusClusters.Rd': ‘.ConsensusClusters’ Missing link or links in documentation object 'clusterCTSS.Rd': ‘TagClusters’ Missing link or links in documentation object 'consensusClusters.Rd': ‘ConsensusClusters’ Missing link or links in documentation object 'tagClusters.Rd': ‘TagClusters’ See section 'Cross-references' in the 'Writing R Extensions' manual. * checking for missing documentation entries ... WARNING Undocumented S4 methods: generic 'show' and siglist 'CTSS' All user-level objects in a package (including S4 classes and methods) should have documentation entries. See chapter ‘Writing R documentation files’ in the ‘Writing R Extensions’ manual. * checking for code/documentation mismatches ... OK * checking Rd \usage sections ... WARNING Undocumented arguments in documentation object 'CTSS-class' ‘.Object’ ‘...’ ‘bsgenomeName’ ‘seqnames’ ‘pos’ ‘strand’ ‘seqinfo’ ‘seqlengths’ ‘from’ ‘to’ ‘strict’ Functions with \usage entries need to have the appropriate \alias entries, and all their arguments documented. The \usage entries must correspond to syntactically valid R code. See chapter ‘Writing R documentation files’ in the ‘Writing R Extensions’ manual. * checking Rd contents ... OK * checking for unstated dependencies in examples ... OK * checking contents of ‘data’ directory ... OK * checking data for non-ASCII characters ... OK * checking LazyData ... OK * checking data for ASCII and uncompressed saves ... OK * checking files in ‘vignettes’ ... OK * checking examples ... OK Examples with CPU (user + system) or elapsed time > 5s user system elapsed scoreShift 31.660 0.720 32.383 importPublicData 29.508 1.793 77.503 cumulativeCTSSdistribution 22.264 5.687 27.929 quantilePositions 18.508 0.712 19.220 aggregateTagClusters 10.047 0.168 10.183 distclu-functions 5.948 0.750 6.624 clusterCTSS 6.017 0.604 6.571 * checking for unstated dependencies in vignettes ... OK * checking package vignettes in ‘inst/doc’ ... OK * checking running R code from vignettes ... SKIPPED * checking re-building of vignette outputs ... SKIPPED * checking PDF version of manual ... OK * DONE Status: 3 WARNINGs See ‘/home/biocbuild/bbs-3.13-bioc/meat/CAGEr.Rcheck/00check.log’ for details.
CAGEr.Rcheck/00install.out
############################################################################## ############################################################################## ### ### Running command: ### ### /home/biocbuild/bbs-3.13-bioc/R/bin/R CMD INSTALL CAGEr ### ############################################################################## ############################################################################## * installing to library ‘/home/biocbuild/bbs-3.13-bioc/R/library’ * installing *source* package ‘CAGEr’ ... ** using staged installation ** R ** data *** moving datasets to lazyload DB ** inst ** byte-compile and prepare package for lazy loading ** help *** installing help indices ** building package indices ** installing vignettes ** testing if installed package can be loaded from temporary location ** testing if installed package can be loaded from final location ** testing if installed package keeps a record of temporary installation path * DONE (CAGEr)
CAGEr.Rcheck/CAGEr-Ex.timings
name | user | system | elapsed | |
CAGEexp-class | 4.235 | 0.275 | 4.518 | |
CAGEr_Multicore | 1.170 | 0.014 | 1.182 | |
CAGEset-class | 0.000 | 0.003 | 0.003 | |
CTSS-class | 0.275 | 0.016 | 0.292 | |
CTSSclusteringMethod | 0.009 | 0.000 | 0.008 | |
CTSScoordinates | 0.086 | 0.000 | 0.086 | |
CTSSnormalizedTpm | 0.785 | 0.004 | 0.748 | |
CTSStagCount | 0.311 | 0.024 | 0.335 | |
CTSStagCountTable | 0.006 | 0.000 | 0.006 | |
CTSStoGenes | 0.597 | 0.016 | 0.613 | |
CustomConsensusClusters | 1.158 | 0.020 | 1.178 | |
GeneExpDESeq2 | 1.167 | 0.076 | 1.244 | |
GeneExpSE | 0.006 | 0.000 | 0.005 | |
QuantileWidthFunctions | 0 | 0 | 0 | |
aggregateTagClusters | 10.047 | 0.168 | 10.183 | |
annotateCTSS | 1.620 | 0.020 | 1.641 | |
byCtss | 0.005 | 0.000 | 0.005 | |
clusterCTSS | 6.017 | 0.604 | 6.571 | |
consensusClusterConvertors | 0.026 | 0.004 | 0.030 | |
consensusClusters | 2.352 | 0.464 | 2.816 | |
consensusClustersDESeq2 | 0.257 | 0.007 | 0.264 | |
consensusClustersTpm | 0.006 | 0.000 | 0.006 | |
coverage-functions | 3.440 | 0.636 | 4.076 | |
cumulativeCTSSdistribution | 22.264 | 5.687 | 27.929 | |
distclu-functions | 5.948 | 0.750 | 6.624 | |
exampleCAGEexp | 0.001 | 0.000 | 0.000 | |
exampleCAGEset | 0.012 | 0.000 | 0.012 | |
exportCTSStoBedGraph | 2.662 | 0.075 | 2.737 | |
exportToBed | 1.974 | 0.020 | 1.994 | |
expressionClasses | 0.001 | 0.000 | 0.002 | |
extractExpressionClass | 0.006 | 0.003 | 0.008 | |
genomeName | 0 | 0 | 0 | |
getCTSS | 0.174 | 0.016 | 0.151 | |
getExpressionProfiles | 0.123 | 0.011 | 0.135 | |
getShiftingPromoters | 0.001 | 0.004 | 0.005 | |
hanabi | 0.264 | 0.004 | 0.268 | |
hanabiPlot | 0.443 | 0.004 | 0.447 | |
import.CAGEscanMolecule | 0 | 0 | 0 | |
import.CTSS | 0.081 | 0.004 | 0.085 | |
import.bam | 0.001 | 0.000 | 0.000 | |
import.bedCTSS | 0 | 0 | 0 | |
import.bedScore | 0.000 | 0.001 | 0.001 | |
import.bedmolecule | 0 | 0 | 0 | |
importPublicData | 29.508 | 1.793 | 77.503 | |
inputFiles | 0.001 | 0.000 | 0.000 | |
inputFilesType | 0.000 | 0.001 | 0.000 | |
librarySizes | 0.000 | 0.001 | 0.001 | |
mapStats | 0.048 | 0.006 | 0.054 | |
mergeCAGEsets | 2.769 | 0.139 | 2.883 | |
mergeSamples | 0.699 | 0.040 | 0.739 | |
moleculesGR2CTSS | 0.128 | 0.008 | 0.136 | |
normalizeTagCount | 1.953 | 0.192 | 2.110 | |
parseCAGEscanBlocksToGrangeTSS | 0.024 | 0.000 | 0.023 | |
plotAnnot | 1.745 | 0.084 | 1.829 | |
plotCorrelation | 0.437 | 0.035 | 0.473 | |
plotExpressionProfiles | 0.142 | 0.012 | 0.153 | |
plotInterquantileWidth | 0.779 | 0.024 | 0.803 | |
plotReverseCumulatives | 0.542 | 0.004 | 0.479 | |
quantilePositions | 18.508 | 0.712 | 19.220 | |
ranges2annot | 0.351 | 0.028 | 0.379 | |
ranges2genes | 0.053 | 0.004 | 0.057 | |
ranges2names | 0.048 | 0.008 | 0.055 | |
sampleLabels | 0.001 | 0.000 | 0.001 | |
scoreShift | 31.660 | 0.720 | 32.383 | |
seqNameTotalsSE | 0.005 | 0.000 | 0.005 | |
setColors | 1.227 | 0.023 | 1.250 | |
strandInvaders | 0.987 | 0.112 | 1.088 | |
summariseChrExpr | 0.612 | 0.000 | 0.611 | |
tagClusterConvertors | 0.291 | 0.000 | 0.292 | |
tagClusters | 0.049 | 0.004 | 0.053 | |