Back to Multiple platform build/check report for BioC 3.13 |
|
This page was generated on 2021-10-15 15:05:44 -0400 (Fri, 15 Oct 2021).
To the developers/maintainers of the LineagePulse package: - Please allow up to 24 hours (and sometimes 48 hours) for your latest push to git@git.bioconductor.org:packages/LineagePulse.git to reflect on this report. See How and When does the builder pull? When will my changes propagate? here for more information. - Make sure to use the following settings in order to reproduce any error or warning you see on this page. |
Package 987/2041 | Hostname | OS / Arch | INSTALL | BUILD | CHECK | BUILD BIN | ||||||||
LineagePulse 1.12.0 (landing page) David S Fischer
| nebbiolo1 | Linux (Ubuntu 20.04.2 LTS) / x86_64 | OK | OK | WARNINGS | |||||||||
tokay2 | Windows Server 2012 R2 Standard / x64 | OK | OK | WARNINGS | OK | |||||||||
machv2 | macOS 10.14.6 Mojave / x86_64 | OK | OK | WARNINGS | OK | |||||||||
Package: LineagePulse |
Version: 1.12.0 |
Command: /home/biocbuild/bbs-3.13-bioc/R/bin/R CMD check --install=check:LineagePulse.install-out.txt --library=/home/biocbuild/bbs-3.13-bioc/R/library --no-vignettes --timings LineagePulse_1.12.0.tar.gz |
StartedAt: 2021-10-14 10:22:50 -0400 (Thu, 14 Oct 2021) |
EndedAt: 2021-10-14 10:30:03 -0400 (Thu, 14 Oct 2021) |
EllapsedTime: 433.1 seconds |
RetCode: 0 |
Status: WARNINGS |
CheckDir: LineagePulse.Rcheck |
Warnings: 1 |
############################################################################## ############################################################################## ### ### Running command: ### ### /home/biocbuild/bbs-3.13-bioc/R/bin/R CMD check --install=check:LineagePulse.install-out.txt --library=/home/biocbuild/bbs-3.13-bioc/R/library --no-vignettes --timings LineagePulse_1.12.0.tar.gz ### ############################################################################## ############################################################################## * using log directory ‘/home/biocbuild/bbs-3.13-bioc/meat/LineagePulse.Rcheck’ * using R version 4.1.1 (2021-08-10) * using platform: x86_64-pc-linux-gnu (64-bit) * using session charset: UTF-8 * using option ‘--no-vignettes’ * checking for file ‘LineagePulse/DESCRIPTION’ ... OK * checking extension type ... Package * this is package ‘LineagePulse’ version ‘1.12.0’ * package encoding: UTF-8 * checking package namespace information ... OK * checking package dependencies ... OK * checking if this is a source package ... OK * checking if there is a namespace ... OK * checking for hidden files and directories ... OK * checking for portable file names ... OK * checking for sufficient/correct file permissions ... OK * checking whether package ‘LineagePulse’ can be installed ... WARNING Found the following significant warnings: Note: possible error in 'evalLogLikGeneMM(vecCounts = vecCounts, ': unused arguments (matDispParam = matDispParam, matDropParam = matDropParam, matWeights = matWeights) Note: possible error in 'evalLogLikGeneMM(vecCounts = vecCounts, ': unused arguments (matDispParam = do.call(cbind, lapply(seq_len(ncol(matWeights)), function(m) vecDispParam)), matDropParam = do.call(cbind, lapply(seq_len(ncol(matWeights)), function(m) vecPiParam)), matWeights = matWeights) See ‘/home/biocbuild/bbs-3.13-bioc/meat/LineagePulse.Rcheck/00install.out’ for details. Information on the location(s) of code generating the ‘Note’s can be obtained by re-running with environment variable R_KEEP_PKG_SOURCE set to ‘yes’. * checking installed package size ... OK * checking package directory ... OK * checking ‘build’ directory ... OK * checking DESCRIPTION meta-information ... OK * checking top-level files ... OK * checking for left-over files ... OK * checking index information ... OK * checking package subdirectories ... OK * checking R files for non-ASCII characters ... OK * checking R files for syntax errors ... OK * checking whether the package can be loaded ... OK * checking whether the package can be loaded with stated dependencies ... OK * checking whether the package can be unloaded cleanly ... OK * checking whether the namespace can be loaded with stated dependencies ... OK * checking whether the namespace can be unloaded cleanly ... OK * checking dependencies in R code ... OK * checking S3 generic/method consistency ... OK * checking replacement functions ... OK * checking foreign function calls ... OK * checking R code for possible problems ... NOTE decompressDispByGeneMM: no visible binding for global variable ‘lsDispModel’ evalLogLikMatrix : <anonymous>: possible error in evalLogLikGeneMM(vecCounts = vecCounts, matMuParam = matMuParam, vecNormConst = lsMuModel$lsMuModelGlobal$vecNormConst, matDispParam = matDispParam, matDropParam = matDropParam, matWeights = matWeights, vecidxNotZero = which(!is.na(vecCounts) & vecCounts > 0), vecidxZero = which(!is.na(vecCounts) & vecCounts == 0), scaNCells = length(vecCounts)): unused arguments (matDispParam = matDispParam, matDropParam = matDropParam, matWeights = matWeights) evalLogLikMatrix : <anonymous>: possible error in evalLogLikGeneMM(vecCounts = vecCounts, matMuParam = do.call(cbind, lapply(seq_len(ncol(matWeights)), function(m) vecMuParam)), vecNormConst = lsMuModel$lsMuModelGlobal$vecNormConst, matDispParam = do.call(cbind, lapply(seq_len(ncol(matWeights)), function(m) vecDispParam)), matDropParam = do.call(cbind, lapply(seq_len(ncol(matWeights)), function(m) vecPiParam)), matWeights = matWeights, vecidxNotZero = which(!is.na(vecCounts) & vecCounts > 0), vecidxZero = which(!is.na(vecCounts) & vecCounts == 0), : unused arguments (matDispParam = do.call(cbind, lapply(seq_len(ncol(matWeights)), function(m) vecDispParam)), matDropParam = do.call(cbind, lapply(seq_len(ncol(matWeights)), function(m) vecPiParam)), matWeights = matWeights) evalLogLikMatrix : <anonymous>: possible error in scaNCells = length(vecCounts)): unused arguments (matDispParam = do.call(cbind, lapply(seq_len(ncol(matWeights)), function(m) vecDispParam)), matDropParam = do.call(cbind, lapply(seq_len(ncol(matWeights)), function(m) vecPiParam)), matWeights = matWeights) plotCellDensity: no visible binding for global variable ‘continuous’ plotGene: no visible binding for global variable ‘x’ plotGene: no visible binding for global variable ‘dropout_posterior’ plotGene: no visible binding for global variable ‘groups’ plotGene: no visible binding for global variable ‘dfAnnot’ plotGene: no visible binding for global variable ‘mean_count’ plotGene: no visible binding for global variable ‘quantile_25’ plotGene: no visible binding for global variable ‘quantile_75’ plotGene: no visible binding for global variable ‘model’ plotGene: no visible binding for global variable ‘continuous’ plotGene: no visible binding for global variable ‘trajectory_contour’ plotGene: no visible binding for global variable ‘ncells’ Undefined global functions or variables: continuous dfAnnot dropout_posterior groups lsDispModel mean_count model ncells quantile_25 quantile_75 trajectory_contour x * checking Rd files ... OK * checking Rd metadata ... OK * checking Rd cross-references ... OK * checking for missing documentation entries ... OK * checking for code/documentation mismatches ... OK * checking Rd \usage sections ... OK * checking Rd contents ... OK * checking for unstated dependencies in examples ... OK * checking files in ‘vignettes’ ... OK * checking examples ... OK Examples with CPU (user + system) or elapsed time > 5s user system elapsed plotCellDensity 38.573 0.068 38.646 sortGeneTrajectories 19.965 0.004 19.971 runLineagePulse 19.060 0.020 19.083 testDropout 18.973 0.004 18.977 getFitsDispersion 17.175 0.972 18.148 cash-LineagePulseObject-method 17.925 0.128 18.054 plotGene 17.982 0.032 18.014 getFitsDropout 17.566 0.032 17.600 accessors 17.423 0.162 17.579 names-LineagePulseObject-method 17.537 0.012 17.552 sub-sub-LineagePulseObject-character-missing-method 17.471 0.020 17.494 writeReport 17.265 0.000 17.267 getFitsMean 16.272 0.016 16.290 getNormData 15.846 0.032 15.882 getPostDrop 15.522 0.032 15.555 * checking for unstated dependencies in vignettes ... OK * checking package vignettes in ‘inst/doc’ ... OK * checking running R code from vignettes ... SKIPPED * checking re-building of vignette outputs ... SKIPPED * checking PDF version of manual ... OK * DONE Status: 1 WARNING, 1 NOTE See ‘/home/biocbuild/bbs-3.13-bioc/meat/LineagePulse.Rcheck/00check.log’ for details.
LineagePulse.Rcheck/00install.out
############################################################################## ############################################################################## ### ### Running command: ### ### /home/biocbuild/bbs-3.13-bioc/R/bin/R CMD INSTALL LineagePulse ### ############################################################################## ############################################################################## * installing to library ‘/home/biocbuild/bbs-3.13-bioc/R/library’ * installing *source* package ‘LineagePulse’ ... ** using staged installation ** R ** inst ** byte-compile and prepare package for lazy loading Note: possible error in 'evalLogLikGeneMM(vecCounts = vecCounts, ': unused arguments (matDispParam = matDispParam, matDropParam = matDropParam, matWeights = matWeights) Note: possible error in 'evalLogLikGeneMM(vecCounts = vecCounts, ': unused arguments (matDispParam = do.call(cbind, lapply(seq_len(ncol(matWeights)), function(m) vecDispParam)), matDropParam = do.call(cbind, lapply(seq_len(ncol(matWeights)), function(m) vecPiParam)), matWeights = matWeights) ** help *** installing help indices ** building package indices ** installing vignettes ** testing if installed package can be loaded from temporary location ** testing if installed package can be loaded from final location ** testing if installed package keeps a record of temporary installation path * DONE (LineagePulse)
LineagePulse.Rcheck/LineagePulse-Ex.timings
name | user | system | elapsed | |
accessors | 17.423 | 0.162 | 17.579 | |
cash-LineagePulseObject-method | 17.925 | 0.128 | 18.054 | |
getFitsDispersion | 17.175 | 0.972 | 18.148 | |
getFitsDropout | 17.566 | 0.032 | 17.600 | |
getFitsMean | 16.272 | 0.016 | 16.290 | |
getNormData | 15.846 | 0.032 | 15.882 | |
getPostDrop | 15.522 | 0.032 | 15.555 | |
names-LineagePulseObject-method | 17.537 | 0.012 | 17.552 | |
plotCellDensity | 38.573 | 0.068 | 38.646 | |
plotGene | 17.982 | 0.032 | 18.014 | |
runLineagePulse | 19.060 | 0.020 | 19.083 | |
simulateContinuousDataSet | 0.025 | 0.000 | 0.026 | |
sortGeneTrajectories | 19.965 | 0.004 | 19.971 | |
sub-sub-LineagePulseObject-character-missing-method | 17.471 | 0.020 | 17.494 | |
testDropout | 18.973 | 0.004 | 18.977 | |
writeReport | 17.265 | 0.000 | 17.267 | |