Back to Multiple platform build/check report for BioC 3.13 |
|
This page was generated on 2021-10-15 15:05:48 -0400 (Fri, 15 Oct 2021).
To the developers/maintainers of the POST package: - Please allow up to 24 hours (and sometimes 48 hours) for your latest push to git@git.bioconductor.org:packages/POST.git to reflect on this report. See How and When does the builder pull? When will my changes propagate? here for more information. - Make sure to use the following settings in order to reproduce any error or warning you see on this page. |
Package 1415/2041 | Hostname | OS / Arch | INSTALL | BUILD | CHECK | BUILD BIN | ||||||||
Xueyuan Cao
| nebbiolo1 | Linux (Ubuntu 20.04.2 LTS) / x86_64 | OK | ERROR | skipped | |||||||||
tokay2 | Windows Server 2012 R2 Standard / x64 | OK | ERROR | skipped | skipped | |||||||||
machv2 | macOS 10.14.6 Mojave / x86_64 | OK | ERROR | skipped | skipped | |||||||||
Package: POST |
Version: 1.16.0 |
Command: /home/biocbuild/bbs-3.13-bioc/R/bin/R CMD build --keep-empty-dirs --no-resave-data POST |
StartedAt: 2021-10-14 08:01:46 -0400 (Thu, 14 Oct 2021) |
EndedAt: 2021-10-14 08:02:10 -0400 (Thu, 14 Oct 2021) |
EllapsedTime: 23.2 seconds |
RetCode: 1 |
Status: ERROR |
PackageFile: None |
PackageFileSize: NA |
############################################################################## ############################################################################## ### ### Running command: ### ### /home/biocbuild/bbs-3.13-bioc/R/bin/R CMD build --keep-empty-dirs --no-resave-data POST ### ############################################################################## ############################################################################## * checking for file ‘POST/DESCRIPTION’ ... OK * preparing ‘POST’: * checking DESCRIPTION meta-information ... OK * installing the package to build vignettes * creating vignettes ... ERROR --- re-building ‘POST.Rnw’ using Sweave Warning: Package 'POST' is deprecated and will be removed from Bioconductor version 3.14 Warning in options(stringsAsFactors = TRUE) : 'options(stringsAsFactors = TRUE)' is deprecated and will be disabled Error: processing vignette 'POST.Rnw' failed with diagnostics: chunk 3 (label = POST logistic regression) Error in weights * y : non-numeric argument to binary operator --- failed re-building ‘POST.Rnw’ SUMMARY: processing the following file failed: ‘POST.Rnw’ Error: Vignette re-building failed. Execution halted