Back to Multiple platform build/check report for BioC 3.13 |
|
This page was generated on 2021-10-15 15:05:41 -0400 (Fri, 15 Oct 2021).
To the developers/maintainers of the genomation package: - Please allow up to 24 hours (and sometimes 48 hours) for your latest push to git@git.bioconductor.org:packages/genomation.git to reflect on this report. See How and When does the builder pull? When will my changes propagate? here for more information. - Make sure to use the following settings in order to reproduce any error or warning you see on this page. |
Package 735/2041 | Hostname | OS / Arch | INSTALL | BUILD | CHECK | BUILD BIN | ||||||||
genomation 1.24.0 (landing page) Altuna Akalin
| nebbiolo1 | Linux (Ubuntu 20.04.2 LTS) / x86_64 | OK | OK | WARNINGS | |||||||||
tokay2 | Windows Server 2012 R2 Standard / x64 | OK | OK | WARNINGS | OK | |||||||||
machv2 | macOS 10.14.6 Mojave / x86_64 | OK | OK | WARNINGS | OK | |||||||||
Package: genomation |
Version: 1.24.0 |
Command: /home/biocbuild/bbs-3.13-bioc/R/bin/R CMD check --install=check:genomation.install-out.txt --library=/home/biocbuild/bbs-3.13-bioc/R/library --no-vignettes --timings genomation_1.24.0.tar.gz |
StartedAt: 2021-10-14 09:58:04 -0400 (Thu, 14 Oct 2021) |
EndedAt: 2021-10-14 10:02:31 -0400 (Thu, 14 Oct 2021) |
EllapsedTime: 267.1 seconds |
RetCode: 0 |
Status: WARNINGS |
CheckDir: genomation.Rcheck |
Warnings: 1 |
############################################################################## ############################################################################## ### ### Running command: ### ### /home/biocbuild/bbs-3.13-bioc/R/bin/R CMD check --install=check:genomation.install-out.txt --library=/home/biocbuild/bbs-3.13-bioc/R/library --no-vignettes --timings genomation_1.24.0.tar.gz ### ############################################################################## ############################################################################## * using log directory ‘/home/biocbuild/bbs-3.13-bioc/meat/genomation.Rcheck’ * using R version 4.1.1 (2021-08-10) * using platform: x86_64-pc-linux-gnu (64-bit) * using session charset: UTF-8 * using option ‘--no-vignettes’ * checking for file ‘genomation/DESCRIPTION’ ... OK * checking extension type ... Package * this is package ‘genomation’ version ‘1.24.0’ * package encoding: latin1 * checking package namespace information ... OK * checking package dependencies ... OK * checking if this is a source package ... OK * checking if there is a namespace ... OK * checking for hidden files and directories ... OK * checking for portable file names ... OK * checking for sufficient/correct file permissions ... OK * checking whether package ‘genomation’ can be installed ... WARNING Found the following significant warnings: Warning: replacing previous import ‘Biostrings::pattern’ by ‘grid::pattern’ when loading ‘genomation’ See ‘/home/biocbuild/bbs-3.13-bioc/meat/genomation.Rcheck/00install.out’ for details. * checking installed package size ... OK * checking package directory ... OK * checking ‘build’ directory ... OK * checking DESCRIPTION meta-information ... OK * checking top-level files ... OK * checking for left-over files ... OK * checking index information ... OK * checking package subdirectories ... OK * checking R files for non-ASCII characters ... OK * checking R files for syntax errors ... OK * checking whether the package can be loaded ... OK * checking whether the package can be loaded with stated dependencies ... OK * checking whether the package can be unloaded cleanly ... OK * checking whether the namespace can be loaded with stated dependencies ... OK * checking whether the namespace can be unloaded cleanly ... OK * checking dependencies in R code ... NOTE Unexported object imported by a ':::' call: ‘BiocGenerics:::testPackage’ See the note in ?`:::` about the use of this operator. * checking S3 generic/method consistency ... OK * checking replacement functions ... OK * checking foreign function calls ... OK * checking R code for possible problems ... NOTE ScoreMatrixBin,RleList-GRangesList: no visible binding for global variable ‘id’ ScoreMatrixBin,RleList-GRangesList: no visible global function definition for ‘:=’ Undefined global functions or variables: := id * checking Rd files ... OK * checking Rd metadata ... OK * checking Rd cross-references ... OK * checking for missing documentation entries ... OK * checking for code/documentation mismatches ... OK * checking Rd \usage sections ... OK * checking Rd contents ... OK * checking for unstated dependencies in examples ... OK * checking contents of ‘data’ directory ... OK * checking data for non-ASCII characters ... OK * checking data for ASCII and uncompressed saves ... OK * checking line endings in C/C++/Fortran sources/headers ... OK * checking compiled code ... NOTE Note: information on .o files is not available * checking files in ‘vignettes’ ... OK * checking examples ... OK Examples with CPU (user + system) or elapsed time > 5s user system elapsed enrichmentMatrix-ScoreMatrixList-method 4.946 2.105 4.940 enrichmentMatrix-ScoreMatrixList-ScoreMatrix-method 4.140 0.553 6.379 * checking for unstated dependencies in ‘tests’ ... OK * checking tests ... Running ‘genomation_unit_tests.R’ OK * checking for unstated dependencies in vignettes ... OK * checking package vignettes in ‘inst/doc’ ... OK * checking running R code from vignettes ... SKIPPED * checking re-building of vignette outputs ... SKIPPED * checking PDF version of manual ... OK * DONE Status: 1 WARNING, 3 NOTEs See ‘/home/biocbuild/bbs-3.13-bioc/meat/genomation.Rcheck/00check.log’ for details.
genomation.Rcheck/00install.out
############################################################################## ############################################################################## ### ### Running command: ### ### /home/biocbuild/bbs-3.13-bioc/R/bin/R CMD INSTALL genomation ### ############################################################################## ############################################################################## * installing to library ‘/home/biocbuild/bbs-3.13-bioc/R/library’ * installing *source* package ‘genomation’ ... ** using staged installation ** libs g++ -std=gnu++14 -I"/home/biocbuild/bbs-3.13-bioc/R/include" -DNDEBUG -I'/home/biocbuild/bbs-3.13-bioc/R/library/Rcpp/include' -I/usr/local/include -fpic -g -O2 -Wall -c RcppExports.cpp -o RcppExports.o g++ -std=gnu++14 -I"/home/biocbuild/bbs-3.13-bioc/R/include" -DNDEBUG -I'/home/biocbuild/bbs-3.13-bioc/R/library/Rcpp/include' -I/usr/local/include -fpic -g -O2 -Wall -c binSum.cpp -o binSum.o g++ -std=gnu++14 -shared -L/home/biocbuild/bbs-3.13-bioc/R/lib -L/usr/local/lib -o genomation.so RcppExports.o binSum.o -L/home/biocbuild/bbs-3.13-bioc/R/lib -lR installing to /home/biocbuild/bbs-3.13-bioc/R/library/00LOCK-genomation/00new/genomation/libs ** R ** data ** inst ** byte-compile and prepare package for lazy loading Warning: replacing previous import ‘Biostrings::pattern’ by ‘grid::pattern’ when loading ‘genomation’ ** help *** installing help indices ** building package indices ** installing vignettes ** testing if installed package can be loaded from temporary location Warning: replacing previous import ‘Biostrings::pattern’ by ‘grid::pattern’ when loading ‘genomation’ ** checking absolute paths in shared objects and dynamic libraries ** testing if installed package can be loaded from final location Warning: replacing previous import ‘Biostrings::pattern’ by ‘grid::pattern’ when loading ‘genomation’ ** testing if installed package keeps a record of temporary installation path * DONE (genomation)
genomation.Rcheck/tests/genomation_unit_tests.Rout
R version 4.1.1 (2021-08-10) -- "Kick Things" Copyright (C) 2021 The R Foundation for Statistical Computing Platform: x86_64-pc-linux-gnu (64-bit) R is free software and comes with ABSOLUTELY NO WARRANTY. You are welcome to redistribute it under certain conditions. Type 'license()' or 'licence()' for distribution details. R is a collaborative project with many contributors. Type 'contributors()' for more information and 'citation()' on how to cite R or R packages in publications. Type 'demo()' for some demos, 'help()' for on-line help, or 'help.start()' for an HTML browser interface to help. Type 'q()' to quit R. > (require("genomation") & require("GenomicRanges") & require("GenomicAlignments") & require("rtracklayer") & require("readr") & require("Biostrings")) || stop("unable to load genomation package") Loading required package: genomation Loading required package: grid Loading required package: GenomicRanges Loading required package: stats4 Loading required package: BiocGenerics Loading required package: parallel Attaching package: 'BiocGenerics' The following objects are masked from 'package:parallel': clusterApply, clusterApplyLB, clusterCall, clusterEvalQ, clusterExport, clusterMap, parApply, parCapply, parLapply, parLapplyLB, parRapply, parSapply, parSapplyLB The following objects are masked from 'package:stats': IQR, mad, sd, var, xtabs The following objects are masked from 'package:base': Filter, Find, Map, Position, Reduce, anyDuplicated, append, as.data.frame, basename, cbind, colnames, dirname, do.call, duplicated, eval, evalq, get, grep, grepl, intersect, is.unsorted, lapply, mapply, match, mget, order, paste, pmax, pmax.int, pmin, pmin.int, rank, rbind, rownames, sapply, setdiff, sort, table, tapply, union, unique, unsplit, which.max, which.min Loading required package: S4Vectors Attaching package: 'S4Vectors' The following objects are masked from 'package:base': I, expand.grid, unname Loading required package: IRanges Loading required package: GenomeInfoDb Loading required package: GenomicAlignments Loading required package: SummarizedExperiment Loading required package: MatrixGenerics Loading required package: matrixStats Attaching package: 'MatrixGenerics' The following objects are masked from 'package:matrixStats': colAlls, colAnyNAs, colAnys, colAvgsPerRowSet, colCollapse, colCounts, colCummaxs, colCummins, colCumprods, colCumsums, colDiffs, colIQRDiffs, colIQRs, colLogSumExps, colMadDiffs, colMads, colMaxs, colMeans2, colMedians, colMins, colOrderStats, colProds, colQuantiles, colRanges, colRanks, colSdDiffs, colSds, colSums2, colTabulates, colVarDiffs, colVars, colWeightedMads, colWeightedMeans, colWeightedMedians, colWeightedSds, colWeightedVars, rowAlls, rowAnyNAs, rowAnys, rowAvgsPerColSet, rowCollapse, rowCounts, rowCummaxs, rowCummins, rowCumprods, rowCumsums, rowDiffs, rowIQRDiffs, rowIQRs, rowLogSumExps, rowMadDiffs, rowMads, rowMaxs, rowMeans2, rowMedians, rowMins, rowOrderStats, rowProds, rowQuantiles, rowRanges, rowRanks, rowSdDiffs, rowSds, rowSums2, rowTabulates, rowVarDiffs, rowVars, rowWeightedMads, rowWeightedMeans, rowWeightedMedians, rowWeightedSds, rowWeightedVars Loading required package: Biobase Welcome to Bioconductor Vignettes contain introductory material; view with 'browseVignettes()'. To cite Bioconductor, see 'citation("Biobase")', and for packages 'citation("pkgname")'. Attaching package: 'Biobase' The following object is masked from 'package:MatrixGenerics': rowMedians The following objects are masked from 'package:matrixStats': anyMissing, rowMedians Loading required package: Biostrings Loading required package: XVector Attaching package: 'Biostrings' The following object is masked from 'package:grid': pattern The following object is masked from 'package:base': strsplit Loading required package: Rsamtools Loading required package: rtracklayer Loading required package: readr [1] TRUE Warning message: replacing previous import 'Biostrings::pattern' by 'grid::pattern' when loading 'genomation' > genomation:::.test() Normalizing to rpm ... Normalizing to rpm ... Normalizing to rpm ... testing:min testing:max testing:median Normalizing to rpm ... Normalizing to rpm ... Normalizing to rpm ... Normalizing to rpm ... Normalizing to rpm ... Normalizing to rpm ... Normalizing to rpm ... Rows: 2 Columns: 9 ── Column specification ──────────────────────────────────────────────────────── Delimiter: "\t" chr (3): X1, X4, X6 dbl (5): X2, X3, X5, X7, X8 ℹ Use `spec()` to retrieve the full column specification for this data. ℹ Specify the column types or set `show_col_types = FALSE` to quiet this message. Rows: 2 Columns: 9 ── Column specification ──────────────────────────────────────────────────────── Delimiter: "\t" chr (3): X1, X4, X6 dbl (5): X2, X3, X5, X7, X8 ℹ Use `spec()` to retrieve the full column specification for this data. ℹ Specify the column types or set `show_col_types = FALSE` to quiet this message. RUNIT TEST PROTOCOL -- Thu Oct 14 10:02:27 2021 *********************************************** Number of test functions: 24 Number of errors: 0 Number of failures: 0 1 Test Suite : genomation RUnit Tests - 24 test functions, 0 errors, 0 failures Number of test functions: 24 Number of errors: 0 Number of failures: 0 Warning messages: 1: In .local(target, windows, strand.aware) : 1 windows fall off the target 2: In .local(target, windows, strand.aware) : 2 windows fall off the target 3: In .local(target, windows, strand.aware) : 2 windows fall off the target 4: In .local(target, windows, strand.aware) : 2 windows fall off the target 5: In .local(target, windows, strand.aware) : 2 windows fall off the target 6: In .local(target, windows, strand.aware) : 2 windows fall off the target 7: In .local(target, windows, bin.num, bin.op, strand.aware) : 2 windows fall off the target 8: In .local(target, windows, bin.num, bin.op, strand.aware) : 2 windows fall off the target > > proc.time() user system elapsed 29.746 1.840 31.271
genomation.Rcheck/genomation-Ex.timings
name | user | system | elapsed | |
AnnotationByGeneParts-methods | 1.075 | 0.103 | 0.897 | |
ScoreMatrix-methods | 1.730 | 0.088 | 1.819 | |
ScoreMatrixBin-methods | 2.290 | 0.038 | 2.024 | |
ScoreMatrixList-methods | 1.145 | 0.042 | 1.187 | |
annotateWithFeature-methods | 0.032 | 0.004 | 0.036 | |
annotateWithFeatureFlank-methods | 0.289 | 0.004 | 0.293 | |
annotateWithFeatures-methods | 1.172 | 0.064 | 0.849 | |
annotateWithGeneParts-methods | 0.720 | 0.128 | 0.728 | |
binMatrix-methods | 0.241 | 0.008 | 0.250 | |
convertBed2Exons-methods | 0.063 | 0.000 | 0.063 | |
convertBed2Introns-methods | 0.056 | 0.016 | 0.072 | |
enrichmentMatrix-ScoreMatrix-method | 2.245 | 0.317 | 2.682 | |
enrichmentMatrix-ScoreMatrixList-ScoreMatrix-method | 4.140 | 0.553 | 6.379 | |
enrichmentMatrix-ScoreMatrixList-method | 4.946 | 2.105 | 4.940 | |
findFeatureComb-methods | 1.995 | 1.681 | 0.374 | |
getFeatsWithTargetsStats-methods | 0.693 | 0.066 | 0.512 | |
getFlanks-methods | 0.187 | 0.027 | 0.214 | |
getRandomEnrichment-methods | 0.003 | 0.000 | 0.003 | |
getTargetAnnotationStats-methods | 0.771 | 0.030 | 0.502 | |
gffToGRanges | 0.068 | 0.016 | 0.085 | |
heatMatrix | 0.229 | 0.040 | 0.270 | |
heatMeta | 0.413 | 0.020 | 0.433 | |
heatTargetAnnotation-methods | 1.036 | 0.081 | 0.763 | |
intersectScoreMatrixList-methods | 0.334 | 0.020 | 0.354 | |
multiHeatMatrix | 0.414 | 0.012 | 0.426 | |
orderBy-methods | 0.576 | 0.012 | 0.588 | |
patternMatrix-methods | 0.136 | 0.013 | 0.148 | |
plotMeta | 1.371 | 0.216 | 1.599 | |
plotTargetAnnotation-methods | 0.685 | 0.024 | 0.461 | |
readBed | 0.174 | 0.025 | 0.188 | |
readBroadPeak | 0.035 | 0.032 | 0.054 | |
readFeatureFlank-methods | 0.246 | 0.016 | 0.259 | |
readGeneric | 0.050 | 0.026 | 0.069 | |
readNarrowPeak | 0.047 | 0.021 | 0.056 | |
readTranscriptFeatures-methods | 0.536 | 0.031 | 0.291 | |
scaleScoreMatrix-methods | 0.183 | 0.013 | 0.195 | |
scaleScoreMatrixList | 0.527 | 0.020 | 0.547 | |