Back to Multiple platform build/check report for BioC 3.15 |
|
This page was generated on 2022-10-19 13:23:15 -0400 (Wed, 19 Oct 2022).
Hostname | OS | Arch (*) | R version | Installed pkgs |
---|---|---|---|---|
nebbiolo1 | Linux (Ubuntu 20.04.5 LTS) | x86_64 | 4.2.1 (2022-06-23) -- "Funny-Looking Kid" | 4386 |
palomino3 | Windows Server 2022 Datacenter | x64 | 4.2.1 (2022-06-23 ucrt) -- "Funny-Looking Kid" | 4138 |
merida1 | macOS 10.14.6 Mojave | x86_64 | 4.2.1 (2022-06-23) -- "Funny-Looking Kid" | 4205 |
Click on any hostname to see more info about the system (e.g. compilers) (*) as reported by 'uname -p', except on Windows and Mac OS X |
To the developers/maintainers of the methylPipe package: - Please allow up to 24 hours (and sometimes 48 hours) for your latest push to git@git.bioconductor.org:packages/methylPipe.git to reflect on this report. See How and When does the builder pull? When will my changes propagate? for more information. - Make sure to use the following settings in order to reproduce any error or warning you see on this page. |
Package 1155/2140 | Hostname | OS / Arch | INSTALL | BUILD | CHECK | BUILD BIN | ||||||||
methylPipe 1.30.0 (landing page) Kamal Kishore
| nebbiolo1 | Linux (Ubuntu 20.04.5 LTS) / x86_64 | OK | OK | WARNINGS | ![]() | ||||||||
palomino3 | Windows Server 2022 Datacenter / x64 | OK | OK | WARNINGS | OK | ![]() | ||||||||
merida1 | macOS 10.14.6 Mojave / x86_64 | OK | OK | WARNINGS | OK | ![]() | ||||||||
Package: methylPipe |
Version: 1.30.0 |
Command: /Library/Frameworks/R.framework/Resources/bin/R CMD check --install=check:methylPipe.install-out.txt --library=/Library/Frameworks/R.framework/Resources/library --no-vignettes --timings methylPipe_1.30.0.tar.gz |
StartedAt: 2022-10-19 04:35:12 -0400 (Wed, 19 Oct 2022) |
EndedAt: 2022-10-19 04:47:29 -0400 (Wed, 19 Oct 2022) |
EllapsedTime: 737.1 seconds |
RetCode: 0 |
Status: WARNINGS |
CheckDir: methylPipe.Rcheck |
Warnings: 3 |
############################################################################## ############################################################################## ### ### Running command: ### ### /Library/Frameworks/R.framework/Resources/bin/R CMD check --install=check:methylPipe.install-out.txt --library=/Library/Frameworks/R.framework/Resources/library --no-vignettes --timings methylPipe_1.30.0.tar.gz ### ############################################################################## ############################################################################## * using log directory ‘/Users/biocbuild/bbs-3.15-bioc/meat/methylPipe.Rcheck’ * using R version 4.2.1 (2022-06-23) * using platform: x86_64-apple-darwin17.0 (64-bit) * using session charset: UTF-8 * using option ‘--no-vignettes’ * checking for file ‘methylPipe/DESCRIPTION’ ... OK * checking extension type ... Package * this is package ‘methylPipe’ version ‘1.30.0’ * checking package namespace information ... OK * checking package dependencies ... OK * checking if this is a source package ... OK * checking if there is a namespace ... OK * checking for hidden files and directories ... OK * checking for portable file names ... OK * checking for sufficient/correct file permissions ... OK * checking whether package ‘methylPipe’ can be installed ... WARNING Found the following significant warnings: Warning: Package 'methylPipe' is deprecated and will be removed from See ‘/Users/biocbuild/bbs-3.15-bioc/meat/methylPipe.Rcheck/00install.out’ for details. * checking installed package size ... OK * checking package directory ... OK * checking ‘build’ directory ... OK * checking DESCRIPTION meta-information ... OK * checking top-level files ... OK * checking for left-over files ... OK * checking index information ... OK * checking package subdirectories ... OK * checking R files for non-ASCII characters ... OK * checking R files for syntax errors ... OK * checking whether the package can be loaded ... OK * checking whether the package can be loaded with stated dependencies ... OK * checking whether the package can be unloaded cleanly ... OK * checking whether the namespace can be loaded with stated dependencies ... OK * checking whether the namespace can be unloaded cleanly ... OK * checking dependencies in R code ... OK * checking S3 generic/method consistency ... OK * checking replacement functions ... OK * checking foreign function calls ... OK * checking R code for possible problems ... NOTE findPMDs,BSdata : PMDchr: no visible global function definition for 'segmentPMDs' show,BSdata: no visible global function definition for 'organism' show,BSdataSet: no visible global function definition for 'organism' Undefined global functions or variables: organism segmentPMDs * checking Rd files ... OK * checking Rd metadata ... OK * checking Rd cross-references ... OK * checking for missing documentation entries ... WARNING Undocumented S4 methods: generic '[' and siglist 'BSdataSet,ANY,ANY,ANY' generic '[' and siglist 'GElist,ANY,ANY,ANY' generic '[[<-' and siglist 'BSdataSet,ANY,ANY,ANY' generic '[[<-' and siglist 'GElist,ANY,ANY,ANY' All user-level objects in a package (including S4 classes and methods) should have documentation entries. See chapter ‘Writing R documentation files’ in the ‘Writing R Extensions’ manual. * checking for code/documentation mismatches ... OK * checking Rd \usage sections ... OK * checking Rd contents ... OK * checking for unstated dependencies in examples ... OK * checking line endings in C/C++/Fortran sources/headers ... OK * checking compiled code ... NOTE Note: information on .o files is not available * checking sizes of PDF files under ‘inst/doc’ ... OK * checking files in ‘vignettes’ ... OK * checking examples ... WARNING Found the following significant warnings: Warning: working directory was changed to '/private/tmp/Rtmpkv4TQV', resetting Examples with CPU (user + system) or elapsed time > 5s user system elapsed plotMeth 36.412 1.004 47.747 findDMR 1.889 2.626 52.620 methstats 1.411 0.218 36.745 findPMDs 0.291 0.145 36.745 * checking for unstated dependencies in vignettes ... OK * checking package vignettes in ‘inst/doc’ ... OK * checking running R code from vignettes ... SKIPPED * checking re-building of vignette outputs ... SKIPPED * checking PDF version of manual ... OK * DONE Status: 3 WARNINGs, 2 NOTEs See ‘/Users/biocbuild/bbs-3.15-bioc/meat/methylPipe.Rcheck/00check.log’ for details.
methylPipe.Rcheck/00install.out
############################################################################## ############################################################################## ### ### Running command: ### ### /Library/Frameworks/R.framework/Resources/bin/R CMD INSTALL methylPipe ### ############################################################################## ############################################################################## * installing to library ‘/Library/Frameworks/R.framework/Versions/4.2/Resources/library’ * installing *source* package ‘methylPipe’ ... ** using staged installation ** libs clang -mmacosx-version-min=10.13 -I"/Library/Frameworks/R.framework/Resources/include" -DNDEBUG -I/usr/local/include -fPIC -Wall -g -O2 -c R_init_methylPipe.c -o R_init_methylPipe.o clang -mmacosx-version-min=10.13 -I"/Library/Frameworks/R.framework/Resources/include" -DNDEBUG -I/usr/local/include -fPIC -Wall -g -O2 -c binning.c -o binning.o clang -mmacosx-version-min=10.13 -dynamiclib -Wl,-headerpad_max_install_names -undefined dynamic_lookup -single_module -multiply_defined suppress -L/Library/Frameworks/R.framework/Resources/lib -L/usr/local/lib -o methylPipe.so R_init_methylPipe.o binning.o -F/Library/Frameworks/R.framework/.. -framework R -Wl,-framework -Wl,CoreFoundation installing to /Library/Frameworks/R.framework/Versions/4.2/Resources/library/00LOCK-methylPipe/00new/methylPipe/libs ** R ** exec ** inst ** byte-compile and prepare package for lazy loading ** help *** installing help indices ** building package indices ** installing vignettes ** testing if installed package can be loaded from temporary location Warning: Package 'methylPipe' is deprecated and will be removed from Bioconductor version 3.16 ** checking absolute paths in shared objects and dynamic libraries ** testing if installed package can be loaded from final location Warning: Package 'methylPipe' is deprecated and will be removed from Bioconductor version 3.16 ** testing if installed package keeps a record of temporary installation path * DONE (methylPipe)
methylPipe.Rcheck/methylPipe-Ex.timings
name | user | system | elapsed | |
BSdata-class | 0.394 | 0.012 | 0.408 | |
BSdataSet-class | 0.336 | 0.009 | 0.348 | |
BSprepare | 0.001 | 0.000 | 0.000 | |
GEcollection-class | 4.248 | 0.167 | 4.430 | |
GElist-class | 0.060 | 0.001 | 0.061 | |
chiCombP | 0.000 | 0.001 | 0.000 | |
consolidateDMRs | 0.396 | 0.002 | 0.400 | |
extractBinGRanges | 0.043 | 0.001 | 0.044 | |
findDMR | 1.889 | 2.626 | 52.620 | |
findPMDs | 0.291 | 0.145 | 36.745 | |
getCpos | 0.183 | 0.009 | 0.193 | |
getCposDensity | 0.157 | 0.010 | 0.167 | |
mCsmoothing | 0.560 | 0.036 | 0.599 | |
mapBSdata2GRanges | 1.999 | 0.013 | 2.020 | |
methstats | 1.411 | 0.218 | 36.745 | |
plotMeth | 36.412 | 1.004 | 47.747 | |
pool.reads | 0.000 | 0.000 | 0.001 | |
process.hmc | 0 | 0 | 0 | |
profileDNAmetBin | 2.551 | 0.104 | 2.661 | |