Back to Mac ARM64 build report for BioC 3.17 |
|
This page was generated on 2023-10-20 09:38:05 -0400 (Fri, 20 Oct 2023).
Hostname | OS | Arch (*) | R version | Installed pkgs |
---|---|---|---|---|
kjohnson2 | macOS 12.6.1 Monterey | arm64 | 4.3.1 (2023-06-16) -- "Beagle Scouts" | 4347 |
Click on any hostname to see more info about the system (e.g. compilers) (*) as reported by 'uname -p', except on Windows and Mac OS X |
Package 1040/2230 | Hostname | OS / Arch | INSTALL | BUILD | CHECK | BUILD BIN | ||||||||
IWTomics 1.24.0 (landing page) Marzia A Cremona
| kjohnson2 | macOS 12.6.1 Monterey / arm64 | OK | OK | WARNINGS | OK | ||||||||
To the developers/maintainers of the IWTomics package: - Use the following Renviron settings to reproduce errors and warnings. - If 'R CMD check' started to fail recently on the Linux builder(s) over a missing dependency, add the missing dependency to 'Suggests:' in your DESCRIPTION file. See Renviron.bioc for more information. |
Package: IWTomics |
Version: 1.24.0 |
Command: /Library/Frameworks/R.framework/Resources/bin/R CMD check --install=check:IWTomics.install-out.txt --library=/Library/Frameworks/R.framework/Resources/library --no-vignettes --timings IWTomics_1.24.0.tar.gz |
StartedAt: 2023-10-18 03:12:56 -0400 (Wed, 18 Oct 2023) |
EndedAt: 2023-10-18 03:18:36 -0400 (Wed, 18 Oct 2023) |
EllapsedTime: 339.4 seconds |
RetCode: 0 |
Status: WARNINGS |
CheckDir: IWTomics.Rcheck |
Warnings: 1 |
############################################################################## ############################################################################## ### ### Running command: ### ### /Library/Frameworks/R.framework/Resources/bin/R CMD check --install=check:IWTomics.install-out.txt --library=/Library/Frameworks/R.framework/Resources/library --no-vignettes --timings IWTomics_1.24.0.tar.gz ### ############################################################################## ############################################################################## * using log directory ‘/Users/biocbuild/bbs-3.17-bioc-mac-arm64/meat/IWTomics.Rcheck’ * using R version 4.3.1 (2023-06-16) * using platform: aarch64-apple-darwin20 (64-bit) * R was compiled by Apple clang version 14.0.0 (clang-1400.0.29.202) GNU Fortran (GCC) 12.2.0 * running under: macOS Monterey 12.6.7 * using session charset: UTF-8 * using option ‘--no-vignettes’ * checking for file ‘IWTomics/DESCRIPTION’ ... OK * checking extension type ... Package * this is package ‘IWTomics’ version ‘1.24.0’ * checking package namespace information ... OK * checking package dependencies ... OK * checking if this is a source package ... OK * checking if there is a namespace ... OK * checking for hidden files and directories ... OK * checking for portable file names ... OK * checking for sufficient/correct file permissions ... OK * checking whether package ‘IWTomics’ can be installed ... OK * checking installed package size ... OK * checking package directory ... OK * checking ‘build’ directory ... OK * checking DESCRIPTION meta-information ... OK * checking top-level files ... OK * checking for left-over files ... OK * checking index information ... OK * checking package subdirectories ... NOTE Problems with news in ‘NEWS’: Cannot process chunk/lines: 0.99.0 First submission Cannot process chunk/lines: 0.99.11 Revised package Cannot process chunk/lines: 0.99.12 Fixed bug in plotTest and plotSummary Cannot process chunk/lines: 1.1.1 Fixed bug in IWTomicsTest statistics=variance Cannot process chunk/lines: 1.1.2 Fixed alpha Cannot process chunk/lines: 1.1.3 Fixed bug in IWTomicsData constructor Cannot process chunk/lines: 1.3.3 Citation added * checking R files for non-ASCII characters ... OK * checking R files for syntax errors ... OK * checking whether the package can be loaded ... OK * checking whether the package can be loaded with stated dependencies ... OK * checking whether the package can be unloaded cleanly ... OK * checking whether the namespace can be loaded with stated dependencies ... OK * checking whether the namespace can be unloaded cleanly ... OK * checking dependencies in R code ... OK * checking S3 generic/method consistency ... OK * checking replacement functions ... OK * checking foreign function calls ... OK * checking R code for possible problems ... OK * checking Rd files ... WARNING checkRd: (5) IWTomicsData-class.Rd:122-126: \item in \describe must have non-empty label checkRd: (5) IWTomicsData-class.Rd:127-170: \item in \describe must have non-empty label checkRd: (5) IWTomicsData-class.Rd:177-179: \item in \describe must have non-empty label checkRd: (5) IWTomicsData-class.Rd:180-182: \item in \describe must have non-empty label checkRd: (5) IWTomicsData-class.Rd:183-186: \item in \describe must have non-empty label checkRd: (5) IWTomicsData-class.Rd:187-189: \item in \describe must have non-empty label checkRd: (5) IWTomicsData-class.Rd:190-193: \item in \describe must have non-empty label checkRd: (5) IWTomicsData-class.Rd:194-196: \item in \describe must have non-empty label checkRd: (5) IWTomicsData-class.Rd:197-200: \item in \describe must have non-empty label checkRd: (5) IWTomicsData-class.Rd:201-204: \item in \describe must have non-empty label checkRd: (5) IWTomicsData-class.Rd:205-208: \item in \describe must have non-empty label checkRd: (5) IWTomicsData-class.Rd:209-211: \item in \describe must have non-empty label checkRd: (5) IWTomicsData-class.Rd:212-214: \item in \describe must have non-empty label checkRd: (5) IWTomicsData-class.Rd:215-217: \item in \describe must have non-empty label checkRd: (5) IWTomicsData-class.Rd:218-220: \item in \describe must have non-empty label checkRd: (5) IWTomicsData-class.Rd:221-223: \item in \describe must have non-empty label checkRd: (5) IWTomicsData-class.Rd:224-226: \item in \describe must have non-empty label checkRd: (5) IWTomicsData-class.Rd:227-229: \item in \describe must have non-empty label checkRd: (5) IWTomicsData-class.Rd:230-234: \item in \describe must have non-empty label checkRd: (5) IWTomicsData-class.Rd:235-237: \item in \describe must have non-empty label checkRd: (5) IWTomicsData-class.Rd:238-248: \item in \describe must have non-empty label checkRd: (5) IWTomicsData-class.Rd:256-261: \item in \describe must have non-empty label checkRd: (5) IWTomicsData-class.Rd:269-274: \item in \describe must have non-empty label checkRd: (5) IWTomicsData-class.Rd:275-280: \item in \describe must have non-empty label checkRd: (5) IWTomicsData-class.Rd:281-286: \item in \describe must have non-empty label checkRd: (5) IWTomicsData-class.Rd:292-299: \item in \describe must have non-empty label * checking Rd metadata ... OK * checking Rd cross-references ... OK * checking for missing documentation entries ... OK * checking for code/documentation mismatches ... OK * checking Rd \usage sections ... OK * checking Rd contents ... OK * checking for unstated dependencies in examples ... OK * checking contents of ‘data’ directory ... OK * checking data for non-ASCII characters ... OK * checking data for ASCII and uncompressed saves ... OK * checking sizes of PDF files under ‘inst/doc’ ... OK * checking files in ‘vignettes’ ... OK * checking examples ... OK Examples with CPU (user + system) or elapsed time > 5s user system elapsed IWTomicsTest 58.300 1.180 89.637 IWTomicsData-class 12.543 0.152 19.403 IWTomics-package 9.319 0.615 15.194 plotSummary 5.573 0.411 8.797 plotTest 3.778 0.250 5.787 * checking for unstated dependencies in vignettes ... OK * checking package vignettes in ‘inst/doc’ ... OK * checking running R code from vignettes ... SKIPPED * checking re-building of vignette outputs ... SKIPPED * checking PDF version of manual ... OK * DONE Status: 1 WARNING, 1 NOTE See ‘/Users/biocbuild/bbs-3.17-bioc-mac-arm64/meat/IWTomics.Rcheck/00check.log’ for details.
IWTomics.Rcheck/00install.out
############################################################################## ############################################################################## ### ### Running command: ### ### /Library/Frameworks/R.framework/Resources/bin/R CMD INSTALL IWTomics ### ############################################################################## ############################################################################## * installing to library ‘/Library/Frameworks/R.framework/Versions/4.3-arm64/Resources/library’ * installing *source* package ‘IWTomics’ ... ** using staged installation ** R ** data ** inst ** byte-compile and prepare package for lazy loading Creating a new generic function for ‘smooth’ in package ‘IWTomics’ ** help *** installing help indices ** building package indices ** installing vignettes ** testing if installed package can be loaded from temporary location ** testing if installed package can be loaded from final location ** testing if installed package keeps a record of temporary installation path * DONE (IWTomics)
IWTomics.Rcheck/IWTomics-Ex.timings
name | user | system | elapsed | |
ETn_example | 0.161 | 0.008 | 0.263 | |
IWTomics-package | 9.319 | 0.615 | 15.194 | |
IWTomicsData-class | 12.543 | 0.152 | 19.403 | |
IWTomicsTest | 58.300 | 1.180 | 89.637 | |
features_example | 0.002 | 0.001 | 0.004 | |
plot-IWTomicsData | 0.491 | 0.027 | 0.773 | |
plotSummary | 5.573 | 0.411 | 8.797 | |
plotTest | 3.778 | 0.250 | 5.787 | |
regionsFeatures_center | 0.011 | 0.003 | 0.023 | |
regionsFeatures_scale | 0.010 | 0.003 | 0.018 | |
regions_example | 0.002 | 0.002 | 0.003 | |
smooth-IWTomicsData | 1.445 | 0.068 | 2.294 | |