Back to Multiple platform build/check report for BioC 3.17 |
|
This page was generated on 2023-04-12 10:55:34 -0400 (Wed, 12 Apr 2023).
Hostname | OS | Arch (*) | R version | Installed pkgs |
---|---|---|---|---|
nebbiolo1 | Linux (Ubuntu 22.04.1 LTS) | x86_64 | 4.3.0 alpha (2023-04-03 r84154) | 4547 |
nebbiolo2 | Linux (Ubuntu 20.04.5 LTS) | x86_64 | R Under development (unstable) (2023-02-14 r83833) -- "Unsuffered Consequences" | 4333 |
Click on any hostname to see more info about the system (e.g. compilers) (*) as reported by 'uname -p', except on Windows and Mac OS X |
To the developers/maintainers of the BRGenomics package: - Allow up to 24 hours (and sometimes 48 hours) for your latest push to git@git.bioconductor.org:packages/BRGenomics.git to reflect on this report. See Troubleshooting Build Report for more information. - Use the following Renviron settings to reproduce errors and warnings. Note: If "R CMD check" recently failed on the Linux builder over a missing dependency, add the missing dependency to "Suggests" in your DESCRIPTION file. See the Renviron.bioc for details. |
Package 237/2207 | Hostname | OS / Arch | INSTALL | BUILD | CHECK | BUILD BIN | ||||||||
BRGenomics 1.11.0 (landing page) Mike DeBerardine
| nebbiolo1 | Linux (Ubuntu 22.04.1 LTS) / x86_64 | OK | OK | WARNINGS | |||||||||
nebbiolo2 | Linux (Ubuntu 20.04.5 LTS) / x86_64 | OK | OK | WARNINGS | ||||||||||
Package: BRGenomics |
Version: 1.11.0 |
Command: /home/biocbuild/bbs-3.17-bioc/R/bin/R CMD check --install=check:BRGenomics.install-out.txt --library=/home/biocbuild/bbs-3.17-bioc/R/site-library --timings BRGenomics_1.11.0.tar.gz |
StartedAt: 2023-04-12 05:03:18 -0400 (Wed, 12 Apr 2023) |
EndedAt: 2023-04-12 05:11:51 -0400 (Wed, 12 Apr 2023) |
EllapsedTime: 512.3 seconds |
RetCode: 0 |
Status: WARNINGS |
CheckDir: BRGenomics.Rcheck |
Warnings: 1 |
############################################################################## ############################################################################## ### ### Running command: ### ### /home/biocbuild/bbs-3.17-bioc/R/bin/R CMD check --install=check:BRGenomics.install-out.txt --library=/home/biocbuild/bbs-3.17-bioc/R/site-library --timings BRGenomics_1.11.0.tar.gz ### ############################################################################## ############################################################################## * using log directory ‘/home/biocbuild/bbs-3.17-bioc/meat/BRGenomics.Rcheck’ * using R Under development (unstable) (2023-02-14 r83833) * using platform: x86_64-pc-linux-gnu (64-bit) * R was compiled by gcc (Ubuntu 9.4.0-1ubuntu1~20.04.1) 9.4.0 GNU Fortran (Ubuntu 9.4.0-1ubuntu1~20.04.1) 9.4.0 * running under: Ubuntu 20.04.6 LTS * using session charset: UTF-8 * checking for file ‘BRGenomics/DESCRIPTION’ ... OK * checking extension type ... Package * this is package ‘BRGenomics’ version ‘1.11.0’ * package encoding: UTF-8 * checking package namespace information ... OK * checking package dependencies ... OK * checking if this is a source package ... OK * checking if there is a namespace ... OK * checking for hidden files and directories ... OK * checking for portable file names ... OK * checking for sufficient/correct file permissions ... OK * checking whether package ‘BRGenomics’ can be installed ... OK * checking installed package size ... OK * checking package directory ... OK * checking ‘build’ directory ... OK * checking DESCRIPTION meta-information ... OK * checking top-level files ... OK * checking for left-over files ... OK * checking index information ... OK * checking package subdirectories ... OK * checking R files for non-ASCII characters ... OK * checking R files for syntax errors ... OK * checking whether the package can be loaded ... OK * checking whether the package can be loaded with stated dependencies ... OK * checking whether the package can be unloaded cleanly ... OK * checking whether the namespace can be loaded with stated dependencies ... OK * checking whether the namespace can be unloaded cleanly ... OK * checking loading without being on the library search path ... OK * checking dependencies in R code ... OK * checking S3 generic/method consistency ... OK * checking replacement functions ... OK * checking foreign function calls ... OK * checking R code for possible problems ... OK * checking Rd files ... OK * checking Rd metadata ... OK * checking Rd cross-references ... WARNING Missing link or links in documentation object 'getCountsByRegions.Rd': ‘[rtracklayer:export]{rtracklayer::import.bw}’ Missing link or links in documentation object 'import-functions.Rd': ‘[rtracklayer:export]{rtracklayer::import}’ See section 'Cross-references' in the 'Writing R Extensions' manual. * checking for missing documentation entries ... OK * checking for code/documentation mismatches ... OK * checking Rd \usage sections ... OK * checking Rd contents ... OK * checking for unstated dependencies in examples ... OK * checking contents of ‘data’ directory ... OK * checking data for non-ASCII characters ... OK * checking data for ASCII and uncompressed saves ... OK * checking files in ‘vignettes’ ... OK * checking examples ... OK Examples with CPU (user + system) or elapsed time > 5s user system elapsed getDESeqResults 11.193 0.228 11.421 * checking for unstated dependencies in ‘tests’ ... OK * checking tests ... Running ‘testthat.R’ OK * checking for unstated dependencies in vignettes ... OK * checking package vignettes in ‘inst/doc’ ... OK * checking running R code from vignettes ... ‘AnalyzingMultipleDatasets.Rmd’ using ‘UTF-8’... OK ‘DESeq2WithGlobalPerturbations.Rmd’ using ‘UTF-8’... OK ‘GettingStarted.Rmd’ using ‘UTF-8’... OK ‘ImportingModifyingAnnotations.Rmd’ using ‘UTF-8’... OK ‘ImportingProcessingData.Rmd’ using ‘UTF-8’... OK ‘Overview.Rmd’ using ‘UTF-8’... OK ‘ProfilePlotsAndBootstrapping.Rmd’ using ‘UTF-8’... OK ‘SequenceExtraction.Rmd’ using ‘UTF-8’... OK ‘SignalCounting.Rmd’ using ‘UTF-8’... OK ‘SpikeInNormalization.Rmd’ using ‘UTF-8’... OK NONE * checking re-building of vignette outputs ... OK * checking PDF version of manual ... OK * DONE Status: 1 WARNING See ‘/home/biocbuild/bbs-3.17-bioc/meat/BRGenomics.Rcheck/00check.log’ for details.
BRGenomics.Rcheck/00install.out
############################################################################## ############################################################################## ### ### Running command: ### ### /home/biocbuild/bbs-3.17-bioc/R/bin/R CMD INSTALL BRGenomics ### ############################################################################## ############################################################################## * installing to library ‘/home/biocbuild/bbs-3.17-bioc/R/site-library’ * installing *source* package ‘BRGenomics’ ... ** using staged installation ** R ** data ** inst ** byte-compile and prepare package for lazy loading ** help *** installing help indices ** building package indices ** installing vignettes ** testing if installed package can be loaded from temporary location ** testing if installed package can be loaded from final location ** testing if installed package keeps a record of temporary installation path * DONE (BRGenomics)
BRGenomics.Rcheck/tests/testthat.Rout
R Under development (unstable) (2023-02-14 r83833) -- "Unsuffered Consequences" Copyright (C) 2023 The R Foundation for Statistical Computing Platform: x86_64-pc-linux-gnu (64-bit) R is free software and comes with ABSOLUTELY NO WARRANTY. You are welcome to redistribute it under certain conditions. Type 'license()' or 'licence()' for distribution details. R is a collaborative project with many contributors. Type 'contributors()' for more information and 'citation()' on how to cite R or R packages in publications. Type 'demo()' for some demos, 'help()' for on-line help, or 'help.start()' for an HTML browser interface to help. Type 'q()' to quit R. > Sys.setenv("R_TESTS" = "") > library(testthat) > library(BRGenomics) Loading required package: rtracklayer Loading required package: GenomicRanges Loading required package: stats4 Loading required package: BiocGenerics Attaching package: 'BiocGenerics' The following objects are masked from 'package:stats': IQR, mad, sd, var, xtabs The following objects are masked from 'package:base': Filter, Find, Map, Position, Reduce, anyDuplicated, aperm, append, as.data.frame, basename, cbind, colnames, dirname, do.call, duplicated, eval, evalq, get, grep, grepl, intersect, is.unsorted, lapply, mapply, match, mget, order, paste, pmax, pmax.int, pmin, pmin.int, rank, rbind, rownames, sapply, setdiff, sort, table, tapply, union, unique, unsplit, which.max, which.min Loading required package: S4Vectors Attaching package: 'S4Vectors' The following objects are masked from 'package:base': I, expand.grid, unname Loading required package: IRanges Loading required package: GenomeInfoDb > > test_check("BRGenomics") [ FAIL 0 | WARN 0 | SKIP 0 | PASS 576 ] > > proc.time() user system elapsed 123.128 7.824 128.837
BRGenomics.Rcheck/BRGenomics-Ex.timings
name | user | system | elapsed | |
applyNFsGRanges | 0.261 | 0.000 | 0.261 | |
binNDimensions | 0.417 | 0.032 | 0.449 | |
bootstrap-signal-by-position | 0.383 | 0.004 | 0.388 | |
genebodies | 0.179 | 0.000 | 0.179 | |
getCountsByPositions | 0.504 | 0.028 | 0.532 | |
getCountsByRegions | 0.253 | 0.024 | 0.277 | |
getDESeqDataSet | 1.754 | 0.116 | 1.871 | |
getDESeqResults | 11.193 | 0.228 | 11.421 | |
getMaxPositionsBySignal | 0.331 | 0.008 | 0.340 | |
getPausingIndices | 0.626 | 0.012 | 0.637 | |
getSpikeInCounts | 0.271 | 0.227 | 0.375 | |
getSpikeInNFs | 0.662 | 0.330 | 0.762 | |
getStrandedCoverage | 1.080 | 0.060 | 1.141 | |
import-functions | 0.909 | 0.044 | 0.954 | |
import_bam | 0.682 | 0.023 | 0.707 | |
intersectByGene | 0.970 | 0.008 | 0.978 | |
makeGRangesBRG | 0.317 | 0.000 | 0.316 | |
mergeGRangesData | 1.036 | 0.016 | 1.052 | |
mergeReplicates | 0.669 | 0.004 | 0.673 | |
subsampleBySpikeIn | 0.706 | 0.304 | 0.830 | |
subsampleGRanges | 0.074 | 0.000 | 0.074 | |
subsetRegionsBySignal | 0.665 | 0.044 | 0.709 | |
tidyChromosomes | 0.746 | 0.064 | 0.809 | |