Back to Multiple platform build/check report for BioC 3.17 |
|
This page was generated on 2023-04-12 10:55:36 -0400 (Wed, 12 Apr 2023).
Hostname | OS | Arch (*) | R version | Installed pkgs |
---|---|---|---|---|
nebbiolo1 | Linux (Ubuntu 22.04.1 LTS) | x86_64 | 4.3.0 alpha (2023-04-03 r84154) | 4547 |
nebbiolo2 | Linux (Ubuntu 20.04.5 LTS) | x86_64 | R Under development (unstable) (2023-02-14 r83833) -- "Unsuffered Consequences" | 4333 |
Click on any hostname to see more info about the system (e.g. compilers) (*) as reported by 'uname -p', except on Windows and Mac OS X |
To the developers/maintainers of the FISHalyseR package: - Allow up to 24 hours (and sometimes 48 hours) for your latest push to git@git.bioconductor.org:packages/FISHalyseR.git to reflect on this report. See Troubleshooting Build Report for more information. - Use the following Renviron settings to reproduce errors and warnings. Note: If "R CMD check" recently failed on the Linux builder over a missing dependency, add the missing dependency to "Suggests" in your DESCRIPTION file. See the Renviron.bioc for details. |
Package 693/2207 | Hostname | OS / Arch | INSTALL | BUILD | CHECK | BUILD BIN | ||||||||
FISHalyseR 1.33.0 (landing page) Karesh Arunakirinathan
| nebbiolo1 | Linux (Ubuntu 22.04.1 LTS) / x86_64 | OK | OK | WARNINGS | |||||||||
nebbiolo2 | Linux (Ubuntu 20.04.5 LTS) / x86_64 | OK | OK | WARNINGS | ||||||||||
Package: FISHalyseR |
Version: 1.33.0 |
Command: /home/biocbuild/bbs-3.17-bioc/R/bin/R CMD check --install=check:FISHalyseR.install-out.txt --library=/home/biocbuild/bbs-3.17-bioc/R/site-library --timings FISHalyseR_1.33.0.tar.gz |
StartedAt: 2023-04-12 06:16:23 -0400 (Wed, 12 Apr 2023) |
EndedAt: 2023-04-12 06:17:35 -0400 (Wed, 12 Apr 2023) |
EllapsedTime: 72.2 seconds |
RetCode: 0 |
Status: WARNINGS |
CheckDir: FISHalyseR.Rcheck |
Warnings: 2 |
############################################################################## ############################################################################## ### ### Running command: ### ### /home/biocbuild/bbs-3.17-bioc/R/bin/R CMD check --install=check:FISHalyseR.install-out.txt --library=/home/biocbuild/bbs-3.17-bioc/R/site-library --timings FISHalyseR_1.33.0.tar.gz ### ############################################################################## ############################################################################## * using log directory ‘/home/biocbuild/bbs-3.17-bioc/meat/FISHalyseR.Rcheck’ * using R Under development (unstable) (2023-02-14 r83833) * using platform: x86_64-pc-linux-gnu (64-bit) * R was compiled by gcc (Ubuntu 9.4.0-1ubuntu1~20.04.1) 9.4.0 GNU Fortran (Ubuntu 9.4.0-1ubuntu1~20.04.1) 9.4.0 * running under: Ubuntu 20.04.6 LTS * using session charset: UTF-8 * checking for file ‘FISHalyseR/DESCRIPTION’ ... OK * checking extension type ... Package * this is package ‘FISHalyseR’ version ‘1.33.0’ * checking package namespace information ... OK * checking package dependencies ... OK * checking if this is a source package ... OK * checking if there is a namespace ... OK * checking for hidden files and directories ... OK * checking for portable file names ... OK * checking for sufficient/correct file permissions ... OK * checking whether package ‘FISHalyseR’ can be installed ... WARNING Found the following significant warnings: Warning: replacing previous import ‘EBImage::abind’ by ‘abind::abind’ when loading ‘FISHalyseR’ See ‘/home/biocbuild/bbs-3.17-bioc/meat/FISHalyseR.Rcheck/00install.out’ for details. * checking installed package size ... OK * checking package directory ... OK * checking ‘build’ directory ... OK * checking DESCRIPTION meta-information ... OK * checking top-level files ... OK * checking for left-over files ... OK * checking index information ... OK * checking package subdirectories ... OK * checking R files for non-ASCII characters ... OK * checking R files for syntax errors ... OK * checking whether the package can be loaded ... OK * checking whether the package can be loaded with stated dependencies ... OK * checking whether the package can be unloaded cleanly ... OK * checking whether the namespace can be loaded with stated dependencies ... OK * checking whether the namespace can be unloaded cleanly ... OK * checking loading without being on the library search path ... OK * checking dependencies in R code ... OK * checking S3 generic/method consistency ... OK * checking replacement functions ... OK * checking foreign function calls ... OK * checking R code for possible problems ... NOTE computeIlluminationCorrection: warning in gblur(I, s = 5): partial argument match of 's' to 'sigma' GetDistances: no visible global function definition for ‘na.exclude’ plotLabelMatrix: no visible global function definition for ‘jpeg’ plotLabelMatrix: no visible global function definition for ‘text’ plotLabelMatrix: no visible global function definition for ‘dev.off’ processFISH: no visible global function definition for ‘write.table’ Undefined global functions or variables: dev.off jpeg na.exclude text write.table Consider adding importFrom("grDevices", "dev.off", "jpeg") importFrom("graphics", "text") importFrom("stats", "na.exclude") importFrom("utils", "write.table") to your NAMESPACE file. * checking Rd files ... OK * checking Rd metadata ... OK * checking Rd cross-references ... OK * checking for missing documentation entries ... OK * checking for code/documentation mismatches ... OK * checking Rd \usage sections ... OK * checking Rd contents ... OK * checking for unstated dependencies in examples ... OK * checking files in ‘vignettes’ ... OK * checking examples ... WARNING Found the following significant warnings: Warning: working directory was changed to ‘/tmp/RtmpJfJt5MSampleFISH.jpg’, resetting * checking for unstated dependencies in vignettes ... OK * checking package vignettes in ‘inst/doc’ ... OK * checking running R code from vignettes ... ‘FISHalyseR.Rnw’... OK NONE * checking re-building of vignette outputs ... OK * checking PDF version of manual ... OK * DONE Status: 2 WARNINGs, 1 NOTE See ‘/home/biocbuild/bbs-3.17-bioc/meat/FISHalyseR.Rcheck/00check.log’ for details.
FISHalyseR.Rcheck/00install.out
############################################################################## ############################################################################## ### ### Running command: ### ### /home/biocbuild/bbs-3.17-bioc/R/bin/R CMD INSTALL FISHalyseR ### ############################################################################## ############################################################################## * installing to library ‘/home/biocbuild/bbs-3.17-bioc/R/site-library’ * installing *source* package ‘FISHalyseR’ ... ** using staged installation ** R ** inst ** byte-compile and prepare package for lazy loading Warning: replacing previous import ‘EBImage::abind’ by ‘abind::abind’ when loading ‘FISHalyseR’ ** help *** installing help indices ** building package indices ** installing vignettes ** testing if installed package can be loaded from temporary location Warning: replacing previous import ‘EBImage::abind’ by ‘abind::abind’ when loading ‘FISHalyseR’ ** testing if installed package can be loaded from final location Warning: replacing previous import ‘EBImage::abind’ by ‘abind::abind’ when loading ‘FISHalyseR’ ** testing if installed package keeps a record of temporary installation path * DONE (FISHalyseR)
FISHalyseR.Rcheck/FISHalyseR-Ex.timings
name | user | system | elapsed | |
analyseParticles | 0.097 | 0.033 | 0.128 | |
calculateMaxEntropy | 0.177 | 0.015 | 0.193 | |
calculateThreshold | 0.164 | 0.004 | 0.167 | |
computeIlluminationCorrection | 0.001 | 0.000 | 0.001 | |