Back to Multiple platform build/check report for BioC 3.17 |
|
This page was generated on 2023-04-12 10:55:37 -0400 (Wed, 12 Apr 2023).
Hostname | OS | Arch (*) | R version | Installed pkgs |
---|---|---|---|---|
nebbiolo1 | Linux (Ubuntu 22.04.1 LTS) | x86_64 | 4.3.0 alpha (2023-04-03 r84154) | 4547 |
nebbiolo2 | Linux (Ubuntu 20.04.5 LTS) | x86_64 | R Under development (unstable) (2023-02-14 r83833) -- "Unsuffered Consequences" | 4333 |
Click on any hostname to see more info about the system (e.g. compilers) (*) as reported by 'uname -p', except on Windows and Mac OS X |
To the developers/maintainers of the GWENA package: - Allow up to 24 hours (and sometimes 48 hours) for your latest push to git@git.bioconductor.org:packages/GWENA.git to reflect on this report. See Troubleshooting Build Report for more information. - Use the following Renviron settings to reproduce errors and warnings. Note: If "R CMD check" recently failed on the Linux builder over a missing dependency, add the missing dependency to "Suggests" in your DESCRIPTION file. See the Renviron.bioc for details. |
Package 899/2207 | Hostname | OS / Arch | INSTALL | BUILD | CHECK | BUILD BIN | ||||||||
GWENA 1.9.0 (landing page) Gwenaëlle Lemoine
| nebbiolo1 | Linux (Ubuntu 22.04.1 LTS) / x86_64 | OK | OK | WARNINGS | |||||||||
nebbiolo2 | Linux (Ubuntu 20.04.5 LTS) / x86_64 | OK | OK | WARNINGS | ||||||||||
Package: GWENA |
Version: 1.9.0 |
Command: /home/biocbuild/bbs-3.17-bioc/R/bin/R CMD check --install=check:GWENA.install-out.txt --library=/home/biocbuild/bbs-3.17-bioc/R/site-library --timings GWENA_1.9.0.tar.gz |
StartedAt: 2023-04-12 06:44:49 -0400 (Wed, 12 Apr 2023) |
EndedAt: 2023-04-12 06:55:41 -0400 (Wed, 12 Apr 2023) |
EllapsedTime: 651.9 seconds |
RetCode: 0 |
Status: WARNINGS |
CheckDir: GWENA.Rcheck |
Warnings: 1 |
############################################################################## ############################################################################## ### ### Running command: ### ### /home/biocbuild/bbs-3.17-bioc/R/bin/R CMD check --install=check:GWENA.install-out.txt --library=/home/biocbuild/bbs-3.17-bioc/R/site-library --timings GWENA_1.9.0.tar.gz ### ############################################################################## ############################################################################## * using log directory ‘/home/biocbuild/bbs-3.17-bioc/meat/GWENA.Rcheck’ * using R Under development (unstable) (2023-02-14 r83833) * using platform: x86_64-pc-linux-gnu (64-bit) * R was compiled by gcc (Ubuntu 9.4.0-1ubuntu1~20.04.1) 9.4.0 GNU Fortran (Ubuntu 9.4.0-1ubuntu1~20.04.1) 9.4.0 * running under: Ubuntu 20.04.6 LTS * using session charset: UTF-8 * checking for file ‘GWENA/DESCRIPTION’ ... OK * this is package ‘GWENA’ version ‘1.9.0’ * package encoding: UTF-8 * checking package namespace information ... OK * checking package dependencies ... OK * checking if this is a source package ... OK * checking if there is a namespace ... OK * checking for hidden files and directories ... OK * checking for portable file names ... OK * checking for sufficient/correct file permissions ... OK * checking whether package ‘GWENA’ can be installed ... OK * checking installed package size ... OK * checking package directory ... OK * checking ‘build’ directory ... OK * checking DESCRIPTION meta-information ... OK * checking top-level files ... OK * checking for left-over files ... OK * checking index information ... OK * checking package subdirectories ... NOTE Problems with news in ‘NEWS.md’: No news entries found. * checking R files for non-ASCII characters ... OK * checking R files for syntax errors ... OK * checking whether the package can be loaded ... OK * checking whether the package can be loaded with stated dependencies ... OK * checking whether the package can be unloaded cleanly ... OK * checking whether the namespace can be loaded with stated dependencies ... OK * checking whether the namespace can be unloaded cleanly ... OK * checking loading without being on the library search path ... OK * checking dependencies in R code ... OK * checking S3 generic/method consistency ... OK * checking replacement functions ... OK * checking foreign function calls ... OK * checking R code for possible problems ... OK * checking Rd files ... WARNING checkRd: (5) compare_conditions.Rd:90-91: \item in \describe must have non-empty label checkRd: (5) compare_conditions.Rd:92-96: \item in \describe must have non-empty label checkRd: (5) compare_conditions.Rd:97-98: \item in \describe must have non-empty label checkRd: (5) compare_conditions.Rd:99-100: \item in \describe must have non-empty label * checking Rd metadata ... OK * checking Rd cross-references ... OK * checking for missing documentation entries ... OK * checking for code/documentation mismatches ... OK * checking Rd \usage sections ... OK * checking Rd contents ... OK * checking for unstated dependencies in examples ... OK * checking contents of ‘data’ directory ... OK * checking data for non-ASCII characters ... OK * checking LazyData ... OK * checking data for ASCII and uncompressed saves ... OK * checking files in ‘vignettes’ ... OK * checking examples ... OK Examples with CPU (user + system) or elapsed time > 5s user system elapsed z_summary 14.093 0.667 16.495 compare_conditions 9.057 0.320 10.335 plot_enrichment 1.167 0.183 12.651 bio_enrich 0.184 0.001 17.785 * checking for unstated dependencies in ‘tests’ ... OK * checking tests ... Running ‘testthat.R’ OK * checking for unstated dependencies in vignettes ... OK * checking package vignettes in ‘inst/doc’ ... OK * checking running R code from vignettes ... ‘GWENA_guide.Rmd’ using ‘UTF-8’... OK NONE * checking re-building of vignette outputs ... OK * checking PDF version of manual ... OK * DONE Status: 1 WARNING, 1 NOTE See ‘/home/biocbuild/bbs-3.17-bioc/meat/GWENA.Rcheck/00check.log’ for details.
GWENA.Rcheck/00install.out
############################################################################## ############################################################################## ### ### Running command: ### ### /home/biocbuild/bbs-3.17-bioc/R/bin/R CMD INSTALL GWENA ### ############################################################################## ############################################################################## * installing to library ‘/home/biocbuild/bbs-3.17-bioc/R/site-library’ * installing *source* package ‘GWENA’ ... ** using staged installation ** R ** data *** moving datasets to lazyload DB ** inst ** byte-compile and prepare package for lazy loading ** help *** installing help indices ** building package indices ** installing vignettes ** testing if installed package can be loaded from temporary location ** testing if installed package can be loaded from final location ** testing if installed package keeps a record of temporary installation path * DONE (GWENA)
GWENA.Rcheck/tests/testthat.Rout
R Under development (unstable) (2023-02-14 r83833) -- "Unsuffered Consequences" Copyright (C) 2023 The R Foundation for Statistical Computing Platform: x86_64-pc-linux-gnu (64-bit) R is free software and comes with ABSOLUTELY NO WARRANTY. You are welcome to redistribute it under certain conditions. Type 'license()' or 'licence()' for distribution details. R is a collaborative project with many contributors. Type 'contributors()' for more information and 'citation()' on how to cite R or R packages in publications. Type 'demo()' for some demos, 'help()' for on-line help, or 'help.start()' for an HTML browser interface to help. Type 'q()' to quit R. > library(testthat) > library(GWENA) > > test_check("GWENA") [ FAIL 0 | WARN 0 | SKIP 0 | PASS 278 ] > > proc.time() user system elapsed 419.311 5.885 264.115
GWENA.Rcheck/GWENA-Ex.timings
name | user | system | elapsed | |
associate_phenotype | 0.027 | 0.008 | 0.035 | |
bio_enrich | 0.184 | 0.001 | 17.785 | |
build_graph_from_sq_mat | 0.154 | 0.003 | 0.157 | |
build_net | 3.073 | 0.560 | 3.632 | |
compare_conditions | 9.057 | 0.320 | 10.335 | |
detect_modules | 1.626 | 0.052 | 1.678 | |
filter_RNA_seq | 0.001 | 0.000 | 0.002 | |
filter_low_var | 0.018 | 0.000 | 0.018 | |
get_fit.cor | 0.866 | 0.000 | 0.865 | |
get_fit.expr | 0.963 | 0.052 | 1.015 | |
get_hub_degree | 0.072 | 0.000 | 0.071 | |
get_hub_genes | 0.001 | 0.000 | 0.001 | |
get_hub_high_co | 0.001 | 0.000 | 0.001 | |
get_hub_kleinberg | 0.151 | 0.000 | 0.152 | |
get_sub_clusters | 1.778 | 0.036 | 1.814 | |
is_data_expr | 0.001 | 0.000 | 0.000 | |
is_gost | 0.031 | 0.004 | 3.838 | |
is_module | 0 | 0 | 0 | |
is_network | 0.000 | 0.000 | 0.001 | |
join_gost | 0.020 | 0.000 | 2.665 | |
plot_comparison_stats | 0.308 | 0.012 | 0.320 | |
plot_enrichment | 1.167 | 0.183 | 12.651 | |
plot_expression_profiles | 2.727 | 0.231 | 2.959 | |
plot_module | 0.155 | 0.008 | 0.163 | |
plot_modules_merge | 1.868 | 0.224 | 2.092 | |
plot_modules_phenotype | 0.268 | 0.004 | 0.272 | |
z_summary | 14.093 | 0.667 | 16.495 | |