Back to Multiple platform build/check report for BioC 3.17 |
|
This page was generated on 2023-04-12 10:55:33 -0400 (Wed, 12 Apr 2023).
Hostname | OS | Arch (*) | R version | Installed pkgs |
---|---|---|---|---|
nebbiolo1 | Linux (Ubuntu 22.04.1 LTS) | x86_64 | 4.3.0 alpha (2023-04-03 r84154) | 4547 |
nebbiolo2 | Linux (Ubuntu 20.04.5 LTS) | x86_64 | R Under development (unstable) (2023-02-14 r83833) -- "Unsuffered Consequences" | 4333 |
Click on any hostname to see more info about the system (e.g. compilers) (*) as reported by 'uname -p', except on Windows and Mac OS X |
To the developers/maintainers of the animalcules package: - Allow up to 24 hours (and sometimes 48 hours) for your latest push to git@git.bioconductor.org:packages/animalcules.git to reflect on this report. See Troubleshooting Build Report for more information. - Use the following Renviron settings to reproduce errors and warnings. Note: If "R CMD check" recently failed on the Linux builder over a missing dependency, add the missing dependency to "Suggests" in your DESCRIPTION file. See the Renviron.bioc for details. |
Package 64/2207 | Hostname | OS / Arch | INSTALL | BUILD | CHECK | BUILD BIN | ||||||||
animalcules 1.15.0 (landing page) Yue Zhao
| nebbiolo1 | Linux (Ubuntu 22.04.1 LTS) / x86_64 | OK | OK | ERROR | |||||||||
nebbiolo2 | Linux (Ubuntu 20.04.5 LTS) / x86_64 | OK | OK | ERROR | ||||||||||
Package: animalcules |
Version: 1.15.0 |
Command: /home/biocbuild/bbs-3.17-bioc/R/bin/R CMD check --install=check:animalcules.install-out.txt --library=/home/biocbuild/bbs-3.17-bioc/R/site-library --timings animalcules_1.15.0.tar.gz |
StartedAt: 2023-04-12 04:39:08 -0400 (Wed, 12 Apr 2023) |
EndedAt: 2023-04-12 04:43:29 -0400 (Wed, 12 Apr 2023) |
EllapsedTime: 260.8 seconds |
RetCode: 1 |
Status: ERROR |
CheckDir: animalcules.Rcheck |
Warnings: NA |
############################################################################## ############################################################################## ### ### Running command: ### ### /home/biocbuild/bbs-3.17-bioc/R/bin/R CMD check --install=check:animalcules.install-out.txt --library=/home/biocbuild/bbs-3.17-bioc/R/site-library --timings animalcules_1.15.0.tar.gz ### ############################################################################## ############################################################################## * using log directory ‘/home/biocbuild/bbs-3.17-bioc/meat/animalcules.Rcheck’ * using R Under development (unstable) (2023-02-14 r83833) * using platform: x86_64-pc-linux-gnu (64-bit) * R was compiled by gcc (Ubuntu 9.4.0-1ubuntu1~20.04.1) 9.4.0 GNU Fortran (Ubuntu 9.4.0-1ubuntu1~20.04.1) 9.4.0 * running under: Ubuntu 20.04.6 LTS * using session charset: UTF-8 * checking for file ‘animalcules/DESCRIPTION’ ... OK * this is package ‘animalcules’ version ‘1.15.0’ * package encoding: UTF-8 * checking package namespace information ... OK * checking package dependencies ... OK * checking if this is a source package ... OK * checking if there is a namespace ... OK * checking for hidden files and directories ... OK * checking for portable file names ... OK * checking for sufficient/correct file permissions ... OK * checking whether package ‘animalcules’ can be installed ... WARNING Found the following significant warnings: Warning: replacing previous import ‘SummarizedExperiment::rownames’ by ‘biomformat::rownames’ when loading ‘animalcules’ Warning: replacing previous import ‘SummarizedExperiment::colnames’ by ‘biomformat::colnames’ when loading ‘animalcules’ Warning: replacing previous import ‘ape::where’ by ‘dplyr::where’ when loading ‘animalcules’ See ‘/home/biocbuild/bbs-3.17-bioc/meat/animalcules.Rcheck/00install.out’ for details. * checking installed package size ... OK * checking package directory ... OK * checking ‘build’ directory ... OK * checking DESCRIPTION meta-information ... OK * checking top-level files ... OK * checking for left-over files ... OK * checking index information ... OK * checking package subdirectories ... OK * checking R files for non-ASCII characters ... OK * checking R files for syntax errors ... OK * checking whether the package can be loaded ... OK * checking whether the package can be loaded with stated dependencies ... OK * checking whether the package can be unloaded cleanly ... OK * checking whether the namespace can be loaded with stated dependencies ... OK * checking whether the namespace can be unloaded cleanly ... OK * checking loading without being on the library search path ... OK * checking dependencies in R code ... OK * checking S3 generic/method consistency ... OK * checking replacement functions ... OK * checking foreign function calls ... OK * checking R code for possible problems ... NOTE alpha_div_boxplot: no visible binding for global variable ‘richness’ differential_abundance: no visible binding for global variable ‘padj’ differential_abundance: no visible binding for global variable ‘pValue’ differential_abundance: no visible binding for global variable ‘log2FoldChange’ diversities_help: no visible binding for global variable ‘x’ find_biomarker: no visible binding for global variable ‘rowname’ find_biomarker: no visible binding for global variable ‘importance’ find_biomarker: no visible binding for global variable ‘.’ find_biomarker: no visible binding for global variable ‘Overall’ find_biomarker: no visible binding for global variable ‘y’ find_biomarker: no visible binding for global variable ‘m’ find_biomarker: no visible binding for global variable ‘d’ relabu_barplot: no visible binding for global variable ‘.’ relabu_boxplot: no visible binding for global variable ‘.’ relabu_heatmap: no visible binding for global variable ‘.’ upsample_counts: no visible binding for global variable ‘.’ Undefined global functions or variables: . Overall d importance log2FoldChange m pValue padj richness rowname x y * checking Rd files ... OK * checking Rd metadata ... OK * checking Rd cross-references ... OK * checking for missing documentation entries ... OK * checking for code/documentation mismatches ... OK * checking Rd \usage sections ... OK * checking Rd contents ... OK * checking for unstated dependencies in examples ... OK * checking files in ‘vignettes’ ... OK * checking examples ... OK Examples with CPU (user + system) or elapsed time > 5s user system elapsed dimred_tsne 5.517 0.159 5.677 * checking for unstated dependencies in ‘tests’ ... OK * checking tests ... Running ‘testthat.R’ OK * checking for unstated dependencies in vignettes ... OK * checking package vignettes in ‘inst/doc’ ... OK * checking running R code from vignettes ... ‘animalcules.Rmd’ using ‘UTF-8’... OK NONE * checking re-building of vignette outputs ... ERROR Error(s) in re-building vignettes: ... --- re-building ‘animalcules.Rmd’ using rmarkdown Quitting from lines 29-32 (animalcules.Rmd) Error: processing vignette 'animalcules.Rmd' failed with diagnostics: there is no package called 'devtools' --- failed re-building ‘animalcules.Rmd’ SUMMARY: processing the following file failed: ‘animalcules.Rmd’ Error: Vignette re-building failed. Execution halted * checking PDF version of manual ... OK * DONE Status: 1 ERROR, 1 WARNING, 1 NOTE See ‘/home/biocbuild/bbs-3.17-bioc/meat/animalcules.Rcheck/00check.log’ for details.
animalcules.Rcheck/00install.out
############################################################################## ############################################################################## ### ### Running command: ### ### /home/biocbuild/bbs-3.17-bioc/R/bin/R CMD INSTALL animalcules ### ############################################################################## ############################################################################## * installing to library ‘/home/biocbuild/bbs-3.17-bioc/R/site-library’ * installing *source* package ‘animalcules’ ... ** using staged installation ** R ** inst ** byte-compile and prepare package for lazy loading Warning: replacing previous import ‘SummarizedExperiment::rownames’ by ‘biomformat::rownames’ when loading ‘animalcules’ Warning: replacing previous import ‘SummarizedExperiment::colnames’ by ‘biomformat::colnames’ when loading ‘animalcules’ Warning: replacing previous import ‘ape::where’ by ‘dplyr::where’ when loading ‘animalcules’ ** help *** installing help indices ** building package indices ** installing vignettes ** testing if installed package can be loaded from temporary location Warning: replacing previous import ‘SummarizedExperiment::rownames’ by ‘biomformat::rownames’ when loading ‘animalcules’ Warning: replacing previous import ‘SummarizedExperiment::colnames’ by ‘biomformat::colnames’ when loading ‘animalcules’ Warning: replacing previous import ‘ape::where’ by ‘dplyr::where’ when loading ‘animalcules’ ** testing if installed package can be loaded from final location Warning: replacing previous import ‘SummarizedExperiment::rownames’ by ‘biomformat::rownames’ when loading ‘animalcules’ Warning: replacing previous import ‘SummarizedExperiment::colnames’ by ‘biomformat::colnames’ when loading ‘animalcules’ Warning: replacing previous import ‘ape::where’ by ‘dplyr::where’ when loading ‘animalcules’ ** testing if installed package keeps a record of temporary installation path * DONE (animalcules)
animalcules.Rcheck/tests/testthat.Rout
R Under development (unstable) (2023-02-14 r83833) -- "Unsuffered Consequences" Copyright (C) 2023 The R Foundation for Statistical Computing Platform: x86_64-pc-linux-gnu (64-bit) R is free software and comes with ABSOLUTELY NO WARRANTY. You are welcome to redistribute it under certain conditions. Type 'license()' or 'licence()' for distribution details. R is a collaborative project with many contributors. Type 'contributors()' for more information and 'citation()' on how to cite R or R packages in publications. Type 'demo()' for some demos, 'help()' for on-line help, or 'help.start()' for an HTML browser interface to help. Type 'q()' to quit R. > library(testthat) > library(animalcules) Warning messages: 1: replacing previous import 'SummarizedExperiment::rownames' by 'biomformat::rownames' when loading 'animalcules' 2: replacing previous import 'SummarizedExperiment::colnames' by 'biomformat::colnames' when loading 'animalcules' 3: replacing previous import 'ape::where' by 'dplyr::where' when loading 'animalcules' > > test_check("animalcules") [ FAIL 0 | WARN 7 | SKIP 0 | PASS 38 ] [ FAIL 0 | WARN 7 | SKIP 0 | PASS 38 ] > > proc.time() user system elapsed 24.565 0.864 26.058
animalcules.Rcheck/animalcules-Ex.timings
name | user | system | elapsed | |
alpha_div_boxplot | 1.297 | 0.092 | 1.391 | |
alpha_div_test | 0.004 | 0.000 | 0.004 | |
counts_to_logcpm | 0.001 | 0.000 | 0.002 | |
counts_to_relabu | 0.002 | 0.000 | 0.003 | |
df_char_to_factor | 0.000 | 0.000 | 0.001 | |
differential_abundance | 4.355 | 0.139 | 4.496 | |
dimred_pca | 0.168 | 0.012 | 0.179 | |
dimred_pcoa | 0.113 | 0.004 | 0.117 | |
dimred_tsne | 5.517 | 0.159 | 5.677 | |
dimred_umap | 0.369 | 0.005 | 0.374 | |
diversities | 0 | 0 | 0 | |
diversities_help | 0.001 | 0.000 | 0.001 | |
diversity_beta_boxplot | 0.216 | 0.003 | 0.220 | |
diversity_beta_heatmap | 0.189 | 0.009 | 0.197 | |
diversity_beta_test | 0.12 | 0.00 | 0.12 | |
do_alpha_div_test | 0.048 | 0.004 | 0.051 | |
filter_categorize | 0.256 | 0.020 | 0.275 | |
filter_summary_bar_density | 0.26 | 0.04 | 0.30 | |
filter_summary_pie_box | 0.210 | 0.008 | 0.218 | |
find_biomarker | 3.714 | 0.079 | 3.794 | |
find_taxon_mat | 0.147 | 0.007 | 0.854 | |
find_taxonomy | 0.038 | 0.000 | 0.560 | |
find_taxonomy_300 | 0.040 | 0.000 | 0.597 | |
gini_simpson | 0 | 0 | 0 | |
grep_tid | 0 | 0 | 0 | |
inverse_simpson | 0 | 0 | 0 | |
is_categorical | 0.001 | 0.000 | 0.000 | |
is_integer0 | 0 | 0 | 0 | |
is_integer1 | 0 | 0 | 0 | |
mae_pick_organisms | 0.172 | 0.007 | 0.180 | |
mae_pick_samples | 0.073 | 0.000 | 0.074 | |
pct2str | 0.000 | 0.000 | 0.001 | |
percent | 0.000 | 0.000 | 0.001 | |
relabu_barplot | 0.959 | 0.007 | 0.967 | |
relabu_boxplot | 0.093 | 0.008 | 0.102 | |
relabu_heatmap | 0.112 | 0.012 | 0.124 | |
run_animalcules | 0 | 0 | 0 | |
shannon | 0.001 | 0.001 | 0.000 | |
simpson_index | 0.000 | 0.000 | 0.001 | |
upsample_counts | 0.013 | 0.000 | 0.012 | |