Back to Multiple platform build/check report for BioC 3.17 |
|
This page was generated on 2023-04-12 10:55:21 -0400 (Wed, 12 Apr 2023).
Hostname | OS | Arch (*) | R version | Installed pkgs |
---|---|---|---|---|
nebbiolo1 | Linux (Ubuntu 22.04.1 LTS) | x86_64 | 4.3.0 alpha (2023-04-03 r84154) | 4547 |
nebbiolo2 | Linux (Ubuntu 20.04.5 LTS) | x86_64 | R Under development (unstable) (2023-02-14 r83833) -- "Unsuffered Consequences" | 4333 |
Click on any hostname to see more info about the system (e.g. compilers) (*) as reported by 'uname -p', except on Windows and Mac OS X |
To the developers/maintainers of the anota2seq package: - Allow up to 24 hours (and sometimes 48 hours) for your latest push to git@git.bioconductor.org:packages/anota2seq.git to reflect on this report. See Troubleshooting Build Report for more information. - Use the following Renviron settings to reproduce errors and warnings. Note: If "R CMD check" recently failed on the Linux builder over a missing dependency, add the missing dependency to "Suggests" in your DESCRIPTION file. See the Renviron.bioc for details. |
Package 76/2207 | Hostname | OS / Arch | INSTALL | BUILD | CHECK | BUILD BIN | ||||||||
anota2seq 1.21.0 (landing page) Christian Oertlin
| nebbiolo1 | Linux (Ubuntu 22.04.1 LTS) / x86_64 | OK | OK | WARNINGS | |||||||||
nebbiolo2 | Linux (Ubuntu 20.04.5 LTS) / x86_64 | OK | OK | WARNINGS | ||||||||||
Package: anota2seq |
Version: 1.21.0 |
Command: /home/biocbuild/bbs-3.17-bioc/R/bin/R CMD check --install=check:anota2seq.install-out.txt --library=/home/biocbuild/bbs-3.17-bioc/R/site-library --timings anota2seq_1.21.0.tar.gz |
StartedAt: 2023-04-11 18:33:35 -0400 (Tue, 11 Apr 2023) |
EndedAt: 2023-04-11 18:39:21 -0400 (Tue, 11 Apr 2023) |
EllapsedTime: 346.3 seconds |
RetCode: 0 |
Status: WARNINGS |
CheckDir: anota2seq.Rcheck |
Warnings: 1 |
############################################################################## ############################################################################## ### ### Running command: ### ### /home/biocbuild/bbs-3.17-bioc/R/bin/R CMD check --install=check:anota2seq.install-out.txt --library=/home/biocbuild/bbs-3.17-bioc/R/site-library --timings anota2seq_1.21.0.tar.gz ### ############################################################################## ############################################################################## * using log directory ‘/home/biocbuild/bbs-3.17-bioc/meat/anota2seq.Rcheck’ * using R version 4.3.0 alpha (2023-04-03 r84154) * using platform: x86_64-pc-linux-gnu (64-bit) * R was compiled by gcc (Ubuntu 11.3.0-1ubuntu1~22.04) 11.3.0 GNU Fortran (Ubuntu 11.3.0-1ubuntu1~22.04) 11.3.0 * running under: Ubuntu 22.04.2 LTS * using session charset: UTF-8 * checking for file ‘anota2seq/DESCRIPTION’ ... OK * this is package ‘anota2seq’ version ‘1.21.0’ * checking package namespace information ... OK * checking package dependencies ... OK * checking if this is a source package ... OK * checking if there is a namespace ... OK * checking for hidden files and directories ... OK * checking for portable file names ... OK * checking for sufficient/correct file permissions ... OK * checking whether package ‘anota2seq’ can be installed ... OK * checking installed package size ... OK * checking package directory ... OK * checking ‘build’ directory ... OK * checking DESCRIPTION meta-information ... OK * checking top-level files ... OK * checking for left-over files ... OK * checking index information ... OK * checking package subdirectories ... OK * checking R files for non-ASCII characters ... OK * checking R files for syntax errors ... OK * checking whether the package can be loaded ... OK * checking whether the package can be loaded with stated dependencies ... OK * checking whether the package can be unloaded cleanly ... OK * checking whether the namespace can be loaded with stated dependencies ... OK * checking whether the namespace can be unloaded cleanly ... OK * checking loading without being on the library search path ... OK * checking dependencies in R code ... OK * checking S3 generic/method consistency ... OK * checking replacement functions ... OK * checking foreign function calls ... OK * checking R code for possible problems ... OK * checking Rd files ... OK * checking Rd metadata ... OK * checking Rd cross-references ... OK * checking for missing documentation entries ... OK * checking for code/documentation mismatches ... OK * checking Rd \usage sections ... OK * checking Rd contents ... OK * checking for unstated dependencies in examples ... OK * checking contents of ‘data’ directory ... OK * checking data for non-ASCII characters ... OK * checking LazyData ... OK * checking data for ASCII and uncompressed saves ... OK * checking files in ‘vignettes’ ... OK * checking examples ... OK Examples with CPU (user + system) or elapsed time > 5s user system elapsed anota2seqGetQualityControl 31.992 0.340 32.333 anota2seqGetResidOutlierTest 32.101 0.224 32.324 * checking for unstated dependencies in vignettes ... OK * checking package vignettes in ‘inst/doc’ ... OK * checking running R code from vignettes ... ‘anota2seq.Rnw’... OK NONE * checking re-building of vignette outputs ... WARNING Error(s) in re-building vignettes: ... --- re-building ‘anota2seq.Rnw’ using knitr Error: processing vignette 'anota2seq.Rnw' failed with diagnostics: Running 'texi2dvi' on 'anota2seq.tex' failed. LaTeX errors: ! Package pdftex.def Error: File `figure/badSim.pdf' not found: using draft set ting. See the pdftex.def package documentation for explanation. Type H <return> for immediate help. ! Emergency stop. ... l.301 \includegraphics[]{figure/badSim.pdf} ! ==> Fatal error occurred, no output PDF file produced! --- failed re-building ‘anota2seq.Rnw’ SUMMARY: processing the following file failed: ‘anota2seq.Rnw’ Error: Vignette re-building failed. Execution halted * checking PDF version of manual ... OK * DONE Status: 1 WARNING See ‘/home/biocbuild/bbs-3.17-bioc/meat/anota2seq.Rcheck/00check.log’ for details.
anota2seq.Rcheck/00install.out
############################################################################## ############################################################################## ### ### Running command: ### ### /home/biocbuild/bbs-3.17-bioc/R/bin/R CMD INSTALL anota2seq ### ############################################################################## ############################################################################## * installing to library ‘/home/biocbuild/bbs-3.17-bioc/R/site-library’ * installing *source* package ‘anota2seq’ ... ** using staged installation ** R ** data *** moving datasets to lazyload DB ** inst ** byte-compile and prepare package for lazy loading ** help *** installing help indices ** building package indices ** installing vignettes ** testing if installed package can be loaded from temporary location ** testing if installed package can be loaded from final location ** testing if installed package keeps a record of temporary installation path * DONE (anota2seq)
anota2seq.Rcheck/anota2seq-Ex.timings
name | user | system | elapsed | |
anota2seq-plots | 0.000 | 0.000 | 0.001 | |
anota2seqAnalyze | 1.458 | 0.080 | 1.529 | |
anota2seqDataSetFromMatrix | 0.071 | 0.004 | 0.076 | |
anota2seqGetContrasts | 0.482 | 0.044 | 0.512 | |
anota2seqGetCovariates | 0.513 | 0.020 | 0.533 | |
anota2seqGetDeltaData | 0.454 | 0.023 | 0.478 | |
anota2seqGetNormalizedData | 0.035 | 0.000 | 0.035 | |
anota2seqGetOutput | 0.432 | 0.000 | 0.431 | |
anota2seqGetQualityControl | 31.992 | 0.340 | 32.333 | |
anota2seqGetResidOutlierTest | 32.101 | 0.224 | 32.324 | |
anota2seqGetThresholds | 0.418 | 0.031 | 0.449 | |
anota2seqPerformQC | 0 | 0 | 0 | |
anota2seqRegModes | 1.194 | 0.020 | 1.214 | |
anota2seqResidOutlierTest | 0.000 | 0.000 | 0.001 | |
anota2seqRun | 1.181 | 0.004 | 1.185 | |
anota2seqSelSigGenes | 0.442 | 0.004 | 0.446 | |
anota2seq_data | 0.015 | 0.000 | 0.014 | |
show-Anota2seqDataSet-method | 0.101 | 0.004 | 0.105 | |