Back to Multiple platform build/check report for BioC 3.17 |
|
This page was generated on 2023-04-12 10:55:24 -0400 (Wed, 12 Apr 2023).
Hostname | OS | Arch (*) | R version | Installed pkgs |
---|---|---|---|---|
nebbiolo1 | Linux (Ubuntu 22.04.1 LTS) | x86_64 | 4.3.0 alpha (2023-04-03 r84154) | 4547 |
nebbiolo2 | Linux (Ubuntu 20.04.5 LTS) | x86_64 | R Under development (unstable) (2023-02-14 r83833) -- "Unsuffered Consequences" | 4333 |
Click on any hostname to see more info about the system (e.g. compilers) (*) as reported by 'uname -p', except on Windows and Mac OS X |
To the developers/maintainers of the eiR package: - Allow up to 24 hours (and sometimes 48 hours) for your latest push to git@git.bioconductor.org:packages/eiR.git to reflect on this report. See Troubleshooting Build Report for more information. - Use the following Renviron settings to reproduce errors and warnings. Note: If "R CMD check" recently failed on the Linux builder over a missing dependency, add the missing dependency to "Suggests" in your DESCRIPTION file. See the Renviron.bioc for details. |
Package 614/2207 | Hostname | OS / Arch | INSTALL | BUILD | CHECK | BUILD BIN | ||||||||
eiR 1.39.0 (landing page) Thomas Girke
| nebbiolo1 | Linux (Ubuntu 22.04.1 LTS) / x86_64 | OK | OK | ERROR | |||||||||
nebbiolo2 | Linux (Ubuntu 20.04.5 LTS) / x86_64 | OK | OK | ERROR | ||||||||||
Package: eiR |
Version: 1.39.0 |
Command: /home/biocbuild/bbs-3.17-bioc/R/bin/R CMD check --install=check:eiR.install-out.txt --library=/home/biocbuild/bbs-3.17-bioc/R/site-library --timings eiR_1.39.0.tar.gz |
StartedAt: 2023-04-11 20:05:14 -0400 (Tue, 11 Apr 2023) |
EndedAt: 2023-04-11 20:06:09 -0400 (Tue, 11 Apr 2023) |
EllapsedTime: 54.6 seconds |
RetCode: 1 |
Status: ERROR |
CheckDir: eiR.Rcheck |
Warnings: NA |
############################################################################## ############################################################################## ### ### Running command: ### ### /home/biocbuild/bbs-3.17-bioc/R/bin/R CMD check --install=check:eiR.install-out.txt --library=/home/biocbuild/bbs-3.17-bioc/R/site-library --timings eiR_1.39.0.tar.gz ### ############################################################################## ############################################################################## * using log directory ‘/home/biocbuild/bbs-3.17-bioc/meat/eiR.Rcheck’ * using R version 4.3.0 alpha (2023-04-03 r84154) * using platform: x86_64-pc-linux-gnu (64-bit) * R was compiled by gcc (Ubuntu 11.3.0-1ubuntu1~22.04) 11.3.0 GNU Fortran (Ubuntu 11.3.0-1ubuntu1~22.04) 11.3.0 * running under: Ubuntu 22.04.2 LTS * using session charset: UTF-8 * checking for file ‘eiR/DESCRIPTION’ ... OK * checking extension type ... Package * this is package ‘eiR’ version ‘1.39.0’ * checking package namespace information ... OK * checking package dependencies ... OK * checking if this is a source package ... OK * checking if there is a namespace ... OK * checking for hidden files and directories ... OK * checking for portable file names ... OK * checking for sufficient/correct file permissions ... OK * checking whether package ‘eiR’ can be installed ... OK * used C++ compiler: ‘g++ (Ubuntu 11.3.0-1ubuntu1~22.04) 11.3.0’ * checking installed package size ... OK * checking package directory ... OK * checking ‘build’ directory ... OK * checking DESCRIPTION meta-information ... NOTE Packages listed in more than one of Depends, Imports, Suggests, Enhances: ‘methods’ ‘ChemmineR’ A package should be listed in only one of these fields. * checking top-level files ... NOTE File LICENSE is not mentioned in the DESCRIPTION file. * checking for left-over files ... OK * checking index information ... OK * checking package subdirectories ... OK * checking R files for non-ASCII characters ... OK * checking R files for syntax errors ... OK * checking whether the package can be loaded ... OK * checking whether the package can be loaded with stated dependencies ... OK * checking whether the package can be unloaded cleanly ... OK * checking whether the namespace can be loaded with stated dependencies ... OK * checking whether the namespace can be unloaded cleanly ... OK * checking loading without being on the library search path ... OK * checking dependencies in R code ... NOTE Namespaces in Imports field not imported from: ‘BiocGenerics’ ‘RCurl’ ‘RUnit’ All declared Imports should be used. * checking S3 generic/method consistency ... OK * checking replacement functions ... OK * checking foreign function calls ... OK * checking R code for possible problems ... NOTE insertEmbeddedDescriptors: no visible global function definition for ‘postgresqlWriteTable’ insertEmbeddedDescriptorsByCompoundId: no visible global function definition for ‘postgresqlWriteTable’ insertGroupMembers: no visible global function definition for ‘postgresqlWriteTable’ Undefined global functions or variables: postgresqlWriteTable * checking Rd files ... OK * checking Rd metadata ... OK * checking Rd cross-references ... OK * checking for missing documentation entries ... OK * checking for code/documentation mismatches ... OK * checking Rd \usage sections ... OK * checking Rd contents ... OK * checking for unstated dependencies in examples ... OK * checking contents of ‘data’ directory ... OK * checking data for non-ASCII characters ... OK * checking data for ASCII and uncompressed saves ... OK * checking line endings in C/C++/Fortran sources/headers ... OK * checking compiled code ... NOTE Note: information on .o files is not available * checking files in ‘vignettes’ ... OK * checking examples ... ERROR Running examples in ‘eiR-Ex.R’ failed The error most likely occurred in: > base::assign(".ptime", proc.time(), pos = "CheckExEnv") > ### Name: eiAdd > ### Title: Add new compounds > ### Aliases: eiAdd > > ### ** Examples > > > library(snow) > r<- 50 > d<- 40 > > #initialize > data(sdfsample) > dir=file.path(tempdir(),"add") > dir.create(dir) > eiInit(sdfsample[1:99],dir=dir,skipPriorities=TRUE) Loading required package: RSQLite Warning in library(package, lib.loc = lib.loc, character.only = TRUE, logical.return = TRUE, : there is no package called ‘RSQLite’ Error: Couldn't find driver SQLite. Looked in: * global namespace * in package called SQLite * in package called RSQLite Execution halted * checking for unstated dependencies in ‘tests’ ... OK * checking tests ... Running ‘runTests.R’ ERROR Running the tests in ‘tests/runTests.R’ failed. Last 13 lines of output: eiR RUnit Tests - 1 test function, 1 error, 0 failures ERROR in /tmp/Rtmpv5Bj29/RLIBS_113bb5108d9ba1/eiR/unitTests/test_main.R: Error while sourcing /tmp/Rtmpv5Bj29/RLIBS_113bb5108d9ba1/eiR/unitTests/test_main.R : Error : Couldn't find driver SQLite. Looked in: * global namespace * in package called SQLite * in package called RSQLite Test files with failing tests test_main.R /tmp/Rtmpv5Bj29/RLIBS_113bb5108d9ba1/eiR/unitTests/test_main.R Error in BiocGenerics:::testPackage("eiR") : unit tests failed for package eiR Execution halted * checking for unstated dependencies in vignettes ... OK * checking package vignettes in ‘inst/doc’ ... OK * checking running R code from vignettes ... ‘eiR.Rmd’ using ‘UTF-8’... OK NONE * checking re-building of vignette outputs ... ERROR Error(s) in re-building vignettes: ... --- re-building ‘eiR.Rmd’ using rmarkdown Quitting from lines 109-112 (eiR.Rmd) Error: processing vignette 'eiR.Rmd' failed with diagnostics: Couldn't find driver SQLite. Looked in: * global namespace * in package called SQLite * in package called RSQLite --- failed re-building ‘eiR.Rmd’ SUMMARY: processing the following file failed: ‘eiR.Rmd’ Error: Vignette re-building failed. Execution halted * checking PDF version of manual ... OK * DONE Status: 3 ERRORs, 5 NOTEs See ‘/home/biocbuild/bbs-3.17-bioc/meat/eiR.Rcheck/00check.log’ for details.
eiR.Rcheck/00install.out
############################################################################## ############################################################################## ### ### Running command: ### ### /home/biocbuild/bbs-3.17-bioc/R/bin/R CMD INSTALL eiR ### ############################################################################## ############################################################################## * installing to library ‘/home/biocbuild/bbs-3.17-bioc/R/site-library’ * installing *source* package ‘eiR’ ... ** using staged installation ** libs using C++ compiler: ‘g++ (Ubuntu 11.3.0-1ubuntu1~22.04) 11.3.0’ g++ -std=gnu++17 -I"/home/biocbuild/bbs-3.17-bioc/R/include" -DNDEBUG -I/usr/local/include -fpic -g -O2 -Wall -c optimFunctions.cc -o optimFunctions.o g++ -std=gnu++17 -shared -L/home/biocbuild/bbs-3.17-bioc/R/lib -L/usr/local/lib -o eiR.so optimFunctions.o -L/home/biocbuild/bbs-3.17-bioc/R/lib -lR installing to /home/biocbuild/bbs-3.17-bioc/R/site-library/00LOCK-eiR/00new/eiR/libs ** R ** data ** inst ** byte-compile and prepare package for lazy loading ** help *** installing help indices ** building package indices ** installing vignettes ** testing if installed package can be loaded from temporary location ** checking absolute paths in shared objects and dynamic libraries ** testing if installed package can be loaded from final location ** testing if installed package keeps a record of temporary installation path * DONE (eiR)
eiR.Rcheck/tests/runTests.Rout.fail
R version 4.3.0 alpha (2023-04-03 r84154) Copyright (C) 2023 The R Foundation for Statistical Computing Platform: x86_64-pc-linux-gnu (64-bit) R is free software and comes with ABSOLUTELY NO WARRANTY. You are welcome to redistribute it under certain conditions. Type 'license()' or 'licence()' for distribution details. R is a collaborative project with many contributors. Type 'contributors()' for more information and 'citation()' on how to cite R or R packages in publications. Type 'demo()' for some demos, 'help()' for on-line help, or 'help.start()' for an HTML browser interface to help. Type 'q()' to quit R. > BiocGenerics:::testPackage("eiR") test_main start Loading required package: RSQLite Loading required package: RSQLite Error : Couldn't find driver SQLite. Looked in: * global namespace * in package called SQLite * in package called RSQLite In addition: Warning messages: 1: In library(package, lib.loc = lib.loc, character.only = TRUE, logical.return = TRUE, : there is no package called 'RSQLite' 2: In library(package, lib.loc = lib.loc, character.only = TRUE, logical.return = TRUE, : there is no package called 'RSQLite' RUNIT TEST PROTOCOL -- Tue Apr 11 20:06:03 2023 *********************************************** Number of test functions: 1 Number of errors: 1 Number of failures: 0 1 Test Suite : eiR RUnit Tests - 1 test function, 1 error, 0 failures ERROR in /tmp/Rtmpv5Bj29/RLIBS_113bb5108d9ba1/eiR/unitTests/test_main.R: Error while sourcing /tmp/Rtmpv5Bj29/RLIBS_113bb5108d9ba1/eiR/unitTests/test_main.R : Error : Couldn't find driver SQLite. Looked in: * global namespace * in package called SQLite * in package called RSQLite Test files with failing tests test_main.R /tmp/Rtmpv5Bj29/RLIBS_113bb5108d9ba1/eiR/unitTests/test_main.R Error in BiocGenerics:::testPackage("eiR") : unit tests failed for package eiR Execution halted
eiR.Rcheck/eiR-Ex.timings
name | user | system | elapsed | |
addTransform | 0.000 | 0.002 | 0.003 | |