Back to Multiple platform build/check report for BioC 3.17 |
|
This page was generated on 2023-04-12 10:55:30 -0400 (Wed, 12 Apr 2023).
Hostname | OS | Arch (*) | R version | Installed pkgs |
---|---|---|---|---|
nebbiolo1 | Linux (Ubuntu 22.04.1 LTS) | x86_64 | 4.3.0 alpha (2023-04-03 r84154) | 4547 |
nebbiolo2 | Linux (Ubuntu 20.04.5 LTS) | x86_64 | R Under development (unstable) (2023-02-14 r83833) -- "Unsuffered Consequences" | 4333 |
Click on any hostname to see more info about the system (e.g. compilers) (*) as reported by 'uname -p', except on Windows and Mac OS X |
To the developers/maintainers of the scanMiRApp package: - Allow up to 24 hours (and sometimes 48 hours) for your latest push to git@git.bioconductor.org:packages/scanMiRApp.git to reflect on this report. See Troubleshooting Build Report for more information. - Use the following Renviron settings to reproduce errors and warnings. Note: If "R CMD check" recently failed on the Linux builder over a missing dependency, add the missing dependency to "Suggests" in your DESCRIPTION file. See the Renviron.bioc for details. |
Package 1798/2207 | Hostname | OS / Arch | INSTALL | BUILD | CHECK | BUILD BIN | ||||||||
scanMiRApp 1.5.0 (landing page) Pierre-Luc Germain
| nebbiolo1 | Linux (Ubuntu 22.04.1 LTS) / x86_64 | OK | OK | WARNINGS | |||||||||
nebbiolo2 | Linux (Ubuntu 20.04.5 LTS) / x86_64 | OK | OK | WARNINGS | ||||||||||
Package: scanMiRApp |
Version: 1.5.0 |
Command: /home/biocbuild/bbs-3.17-bioc/R/bin/R CMD check --install=check:scanMiRApp.install-out.txt --library=/home/biocbuild/bbs-3.17-bioc/R/site-library --timings scanMiRApp_1.5.0.tar.gz |
StartedAt: 2023-04-11 23:16:07 -0400 (Tue, 11 Apr 2023) |
EndedAt: 2023-04-11 23:21:50 -0400 (Tue, 11 Apr 2023) |
EllapsedTime: 342.5 seconds |
RetCode: 0 |
Status: WARNINGS |
CheckDir: scanMiRApp.Rcheck |
Warnings: 1 |
############################################################################## ############################################################################## ### ### Running command: ### ### /home/biocbuild/bbs-3.17-bioc/R/bin/R CMD check --install=check:scanMiRApp.install-out.txt --library=/home/biocbuild/bbs-3.17-bioc/R/site-library --timings scanMiRApp_1.5.0.tar.gz ### ############################################################################## ############################################################################## * using log directory ‘/home/biocbuild/bbs-3.17-bioc/meat/scanMiRApp.Rcheck’ * using R version 4.3.0 alpha (2023-04-03 r84154) * using platform: x86_64-pc-linux-gnu (64-bit) * R was compiled by gcc (Ubuntu 11.3.0-1ubuntu1~22.04) 11.3.0 GNU Fortran (Ubuntu 11.3.0-1ubuntu1~22.04) 11.3.0 * running under: Ubuntu 22.04.2 LTS * using session charset: UTF-8 * checking for file ‘scanMiRApp/DESCRIPTION’ ... OK * checking extension type ... Package * this is package ‘scanMiRApp’ version ‘1.5.0’ * checking package namespace information ... OK * checking package dependencies ... OK * checking if this is a source package ... OK * checking if there is a namespace ... OK * checking for hidden files and directories ... OK * checking for portable file names ... OK * checking for sufficient/correct file permissions ... OK * checking whether package ‘scanMiRApp’ can be installed ... OK * checking installed package size ... OK * checking package directory ... OK * checking ‘build’ directory ... OK * checking DESCRIPTION meta-information ... OK * checking top-level files ... OK * checking for left-over files ... OK * checking index information ... OK * checking package subdirectories ... OK * checking R files for non-ASCII characters ... OK * checking R files for syntax errors ... OK * checking whether the package can be loaded ... OK * checking whether the package can be loaded with stated dependencies ... OK * checking whether the package can be unloaded cleanly ... OK * checking whether the namespace can be loaded with stated dependencies ... OK * checking whether the namespace can be unloaded cleanly ... OK * checking loading without being on the library search path ... OK * checking dependencies in R code ... WARNING '::' or ':::' import not declared from: 'BSgenome.Mmusculus.UCSC.mm39' ':::' calls which should be '::': 'BSgenome.Hsapiens.UCSC.hg38:::BSgenome.Hsapiens.UCSC.hg38' 'BSgenome.Mmusculus.UCSC.mm10:::BSgenome.Mmusculus.UCSC.mm10' 'BSgenome.Rnorvegicus.UCSC.rn6:::BSgenome.Rnorvegicus.UCSC.rn6' See the note in ?`:::` about the use of this operator. Unavailable namespace imported from by a ':::' call: 'BSgenome.Mmusculus.UCSC.mm39' See the note in ?`:::` about the use of this operator. * checking S3 generic/method consistency ... OK * checking replacement functions ... OK * checking foreign function calls ... OK * checking R code for possible problems ... NOTE .fakeAnno: no visible binding for global variable 'SampleTranscript' .fakeAnno: no visible binding for global variable 'SampleKdModel' plotSitesOnUTR: no visible binding for global variable 'logKd' plotSitesOnUTR: no visible binding for global variable 'note' Undefined global functions or variables: SampleKdModel SampleTranscript logKd note * checking Rd files ... OK * checking Rd metadata ... OK * checking Rd cross-references ... OK * checking for missing documentation entries ... OK * checking for code/documentation mismatches ... OK * checking Rd \usage sections ... OK * checking Rd contents ... OK * checking for unstated dependencies in examples ... OK * checking files in ‘vignettes’ ... OK * checking examples ... OK * checking for unstated dependencies in ‘tests’ ... OK * checking tests ... Running ‘testthat.R’ OK * checking for unstated dependencies in vignettes ... OK * checking package vignettes in ‘inst/doc’ ... OK * checking running R code from vignettes ... ‘IndexedFST.Rmd’ using ‘UTF-8’... OK ‘scanMiRApp.Rmd’ using ‘UTF-8’... OK NONE * checking re-building of vignette outputs ... OK * checking PDF version of manual ... OK * DONE Status: 1 WARNING, 1 NOTE See ‘/home/biocbuild/bbs-3.17-bioc/meat/scanMiRApp.Rcheck/00check.log’ for details.
scanMiRApp.Rcheck/00install.out
############################################################################## ############################################################################## ### ### Running command: ### ### /home/biocbuild/bbs-3.17-bioc/R/bin/R CMD INSTALL scanMiRApp ### ############################################################################## ############################################################################## * installing to library ‘/home/biocbuild/bbs-3.17-bioc/R/site-library’ * installing *source* package ‘scanMiRApp’ ... ** using staged installation ** R ** inst ** byte-compile and prepare package for lazy loading ** help *** installing help indices ** building package indices ** installing vignettes ** testing if installed package can be loaded from temporary location ** testing if installed package can be loaded from final location ** testing if installed package keeps a record of temporary installation path * DONE (scanMiRApp)
scanMiRApp.Rcheck/tests/testthat.Rout
R version 4.3.0 alpha (2023-04-03 r84154) Copyright (C) 2023 The R Foundation for Statistical Computing Platform: x86_64-pc-linux-gnu (64-bit) R is free software and comes with ABSOLUTELY NO WARRANTY. You are welcome to redistribute it under certain conditions. Type 'license()' or 'licence()' for distribution details. R is a collaborative project with many contributors. Type 'contributors()' for more information and 'citation()' on how to cite R or R packages in publications. Type 'demo()' for some demos, 'help()' for on-line help, or 'help.start()' for an HTML browser interface to help. Type 'q()' to quit R. > library(testthat) > library(scanMiRApp) > > test_check("scanMiRApp") Loading annotation Extracting transcripts Scanning with 1 thread(s) Loading annotation Extracting transcripts Scanning with 1 thread(s) Prepare miRNA model Get Transcript Sequence Scan Prepare miRNA model Get Transcript Sequence Scan [ FAIL 0 | WARN 1 | SKIP 2 | PASS 13 ] ══ Skipped tests ═══════════════════════════════════════════════════════════════ • On CRAN (1) • empty test (1) [ FAIL 0 | WARN 1 | SKIP 2 | PASS 13 ] > > proc.time() user system elapsed 19.672 0.834 20.518
scanMiRApp.Rcheck/scanMiRApp-Ex.timings
name | user | system | elapsed | |
IndexedFst-class | 0.045 | 0.004 | 0.049 | |
ScanMiRAnno | 0.827 | 0.144 | 0.971 | |
enrichedMirTxPairs | 0.679 | 0.056 | 0.735 | |
getTranscriptSequence | 1.373 | 0.168 | 1.541 | |
plotSitesOnUTR | 1.874 | 0.139 | 2.014 | |
runFullScan | 1.037 | 0.041 | 1.077 | |
save-load-IndexedFst | 0.011 | 0.000 | 0.012 | |
scanMiRApp | 0 | 0 | 0 | |
scanMiRserver | 0.462 | 0.004 | 0.466 | |
scanMiRui | 0.149 | 0.007 | 0.158 | |