Back to Multiple platform build/check report for BioC 3.17 |
|
This page was generated on 2023-04-12 10:55:42 -0400 (Wed, 12 Apr 2023).
Hostname | OS | Arch (*) | R version | Installed pkgs |
---|---|---|---|---|
nebbiolo1 | Linux (Ubuntu 22.04.1 LTS) | x86_64 | 4.3.0 alpha (2023-04-03 r84154) | 4547 |
nebbiolo2 | Linux (Ubuntu 20.04.5 LTS) | x86_64 | R Under development (unstable) (2023-02-14 r83833) -- "Unsuffered Consequences" | 4333 |
Click on any hostname to see more info about the system (e.g. compilers) (*) as reported by 'uname -p', except on Windows and Mac OS X |
To the developers/maintainers of the stJoincount package: - Allow up to 24 hours (and sometimes 48 hours) for your latest push to git@git.bioconductor.org:packages/stJoincount.git to reflect on this report. See Troubleshooting Build Report for more information. - Use the following Renviron settings to reproduce errors and warnings. Note: If "R CMD check" recently failed on the Linux builder over a missing dependency, add the missing dependency to "Suggests" in your DESCRIPTION file. See the Renviron.bioc for details. |
Package 2006/2207 | Hostname | OS / Arch | INSTALL | BUILD | CHECK | BUILD BIN | ||||||||
stJoincount 1.1.0 (landing page) Jiarong Song
| nebbiolo1 | Linux (Ubuntu 22.04.1 LTS) / x86_64 | OK | OK | ERROR | |||||||||
nebbiolo2 | Linux (Ubuntu 20.04.5 LTS) / x86_64 | OK | OK | ERROR | ||||||||||
Package: stJoincount |
Version: 1.1.0 |
Command: /home/biocbuild/bbs-3.17-bioc/R/bin/R CMD check --install=check:stJoincount.install-out.txt --library=/home/biocbuild/bbs-3.17-bioc/R/site-library --timings stJoincount_1.1.0.tar.gz |
StartedAt: 2023-04-12 09:43:53 -0400 (Wed, 12 Apr 2023) |
EndedAt: 2023-04-12 09:51:10 -0400 (Wed, 12 Apr 2023) |
EllapsedTime: 437.2 seconds |
RetCode: 1 |
Status: ERROR |
CheckDir: stJoincount.Rcheck |
Warnings: NA |
############################################################################## ############################################################################## ### ### Running command: ### ### /home/biocbuild/bbs-3.17-bioc/R/bin/R CMD check --install=check:stJoincount.install-out.txt --library=/home/biocbuild/bbs-3.17-bioc/R/site-library --timings stJoincount_1.1.0.tar.gz ### ############################################################################## ############################################################################## * using log directory ‘/home/biocbuild/bbs-3.17-bioc/meat/stJoincount.Rcheck’ * using R Under development (unstable) (2023-02-14 r83833) * using platform: x86_64-pc-linux-gnu (64-bit) * R was compiled by gcc (Ubuntu 9.4.0-1ubuntu1~20.04.1) 9.4.0 GNU Fortran (Ubuntu 9.4.0-1ubuntu1~20.04.1) 9.4.0 * running under: Ubuntu 20.04.6 LTS * using session charset: UTF-8 * checking for file ‘stJoincount/DESCRIPTION’ ... OK * checking extension type ... Package * this is package ‘stJoincount’ version ‘1.1.0’ * package encoding: UTF-8 * checking package namespace information ... OK * checking package dependencies ... OK * checking if this is a source package ... OK * checking if there is a namespace ... OK * checking for hidden files and directories ... OK * checking for portable file names ... OK * checking for sufficient/correct file permissions ... OK * checking whether package ‘stJoincount’ can be installed ... OK * checking installed package size ... OK * checking package directory ... OK * checking ‘build’ directory ... OK * checking DESCRIPTION meta-information ... OK * checking top-level files ... OK * checking for left-over files ... OK * checking index information ... OK * checking package subdirectories ... OK * checking R files for non-ASCII characters ... OK * checking R files for syntax errors ... OK * checking whether the package can be loaded ... OK * checking whether the package can be loaded with stated dependencies ... OK * checking whether the package can be unloaded cleanly ... OK * checking whether the namespace can be loaded with stated dependencies ... OK * checking whether the namespace can be unloaded cleanly ... OK * checking loading without being on the library search path ... OK * checking dependencies in R code ... OK * checking S3 generic/method consistency ... OK * checking replacement functions ... OK * checking foreign function calls ... OK * checking R code for possible problems ... OK * checking Rd files ... OK * checking Rd metadata ... OK * checking Rd cross-references ... OK * checking for missing documentation entries ... OK * checking for code/documentation mismatches ... OK * checking Rd \usage sections ... OK * checking Rd contents ... OK * checking for unstated dependencies in examples ... OK * checking files in ‘vignettes’ ... OK * checking examples ... OK * checking for unstated dependencies in ‘tests’ ... OK * checking tests ... Running ‘testthat.R’ OK * checking for unstated dependencies in vignettes ... OK * checking package vignettes in ‘inst/doc’ ... OK * checking running R code from vignettes ... ‘stJoincount-vignette.Rmd’ using ‘UTF-8’... OK NONE * checking re-building of vignette outputs ... ERROR Error(s) in re-building vignettes: ... --- re-building ‘stJoincount-vignette.Rmd’ using rmarkdown Error: processing vignette 'stJoincount-vignette.Rmd' failed with diagnostics: there is no package called ‘BiocStyle’ --- failed re-building ‘stJoincount-vignette.Rmd’ SUMMARY: processing the following file failed: ‘stJoincount-vignette.Rmd’ Error: Vignette re-building failed. Execution halted * checking PDF version of manual ... OK * DONE Status: 1 ERROR See ‘/home/biocbuild/bbs-3.17-bioc/meat/stJoincount.Rcheck/00check.log’ for details.
stJoincount.Rcheck/00install.out
############################################################################## ############################################################################## ### ### Running command: ### ### /home/biocbuild/bbs-3.17-bioc/R/bin/R CMD INSTALL stJoincount ### ############################################################################## ############################################################################## * installing to library ‘/home/biocbuild/bbs-3.17-bioc/R/site-library’ * installing *source* package ‘stJoincount’ ... ** using staged installation ** R ** inst ** byte-compile and prepare package for lazy loading ** help *** installing help indices ** building package indices ** installing vignettes ** testing if installed package can be loaded from temporary location ** testing if installed package can be loaded from final location ** testing if installed package keeps a record of temporary installation path * DONE (stJoincount)
stJoincount.Rcheck/tests/testthat.Rout
R Under development (unstable) (2023-02-14 r83833) -- "Unsuffered Consequences" Copyright (C) 2023 The R Foundation for Statistical Computing Platform: x86_64-pc-linux-gnu (64-bit) R is free software and comes with ABSOLUTELY NO WARRANTY. You are welcome to redistribute it under certain conditions. Type 'license()' or 'licence()' for distribution details. R is a collaborative project with many contributors. Type 'contributors()' for more information and 'citation()' on how to cite R or R packages in publications. Type 'demo()' for some demos, 'help()' for on-line help, or 'help.start()' for an HTML browser interface to help. Type 'q()' to quit R. > # This file is part of the standard setup for testthat. > # It is recommended that you do not modify it. > # > # Where should you do additional test configuration? > # Learn more about the roles of various files in: > # * https://r-pkgs.org/tests.html > # * https://testthat.r-lib.org/reference/test_package.html#special-files > > library(testthat) > library(stJoincount) > > test_check("stJoincount") No optimal number found, using n = 110 instead. In this case, there may be minor deviations in the subsequent calculation process. The results are for reference only No optimal number found, using n = 110 instead. In this case, there may be minor deviations in the subsequent calculation process. The results are for reference only No optimal number found, using n = 110 instead. In this case, there may be minor deviations in the subsequent calculation process. The results are for reference only No optimal number found, using n = 110 instead. In this case, there may be minor deviations in the subsequent calculation process. The results are for reference only No optimal number found, using n = 110 instead. In this case, there may be minor deviations in the subsequent calculation process. The results are for reference only No optimal number found, using n = 110 instead. In this case, there may be minor deviations in the subsequent calculation process. The results are for reference only [ FAIL 0 | WARN 0 | SKIP 0 | PASS 39 ] > > proc.time() user system elapsed 29.566 1.472 31.023
stJoincount.Rcheck/stJoincount-Ex.timings
name | user | system | elapsed | |
customDict | 0.002 | 0.001 | 0.002 | |
dataPrepFromSeurat | 0.087 | 0.015 | 0.104 | |
dataPrepFromSpE | 0.221 | 0.004 | 0.225 | |
extentBuffer | 1.210 | 0.187 | 1.399 | |
joincountAnalysis | 1.432 | 0.016 | 1.448 | |
mosaicIntPlot | 1.794 | 0.048 | 1.842 | |
rasterPrep | 0.024 | 0.000 | 0.024 | |
rasterizeEachCluster | 1.347 | 0.000 | 1.348 | |
resolutionCalc | 0.021 | 0.000 | 0.021 | |
zscoreMatrix | 1.469 | 0.036 | 1.505 | |
zscorePlot | 1.524 | 0.004 | 1.528 | |