Back to Multiple platform build/check report for BioC 3.18: simplified long |
|
This page was generated on 2023-11-02 11:40:41 -0400 (Thu, 02 Nov 2023).
Hostname | OS | Arch (*) | R version | Installed pkgs |
---|---|---|---|---|
nebbiolo2 | Linux (Ubuntu 22.04.2 LTS) | x86_64 | 4.3.1 (2023-06-16) -- "Beagle Scouts" | 4729 |
palomino4 | Windows Server 2022 Datacenter | x64 | 4.3.1 (2023-06-16 ucrt) -- "Beagle Scouts" | 4463 |
lconway | macOS 12.6.5 Monterey | x86_64 | 4.3.1 Patched (2023-06-17 r84564) -- "Beagle Scouts" | 4478 |
kunpeng2 | Linux (openEuler 22.03 LTS-SP1) | aarch64 | 4.3.1 (2023-06-16) -- "Beagle Scouts" | 4464 |
Click on any hostname to see more info about the system (e.g. compilers) (*) as reported by 'uname -p', except on Windows and Mac OS X |
Package 715/2266 | Hostname | OS / Arch | INSTALL | BUILD | CHECK | BUILD BIN | ||||||||
flagme 1.58.0 (landing page) Mark Robinson
| nebbiolo2 | Linux (Ubuntu 22.04.2 LTS) / x86_64 | OK | OK | WARNINGS | |||||||||
palomino4 | Windows Server 2022 Datacenter / x64 | OK | OK | WARNINGS | OK | |||||||||
lconway | macOS 12.6.5 Monterey / x86_64 | OK | OK | WARNINGS | OK | |||||||||
kjohnson1 | macOS 13.6.1 Ventura / arm64 | see weekly results here | ||||||||||||
kunpeng2 | Linux (openEuler 22.03 LTS-SP1) / aarch64 | OK | OK | ERROR | ||||||||||
To the developers/maintainers of the flagme package: - Allow up to 24 hours (and sometimes 48 hours) for your latest push to git@git.bioconductor.org:packages/flagme.git to reflect on this report. See Troubleshooting Build Report for more information. - Use the following Renviron settings to reproduce errors and warnings. - If 'R CMD check' started to fail recently on the Linux builder(s) over a missing dependency, add the missing dependency to 'Suggests:' in your DESCRIPTION file. See Renviron.bioc for more information. - See Martin Grigorov's blog post for how to debug Linux ARM64 related issues on a x86_64 host. |
Package: flagme |
Version: 1.58.0 |
Command: /home/biocbuild/R/R-4.3.1/bin/R CMD check --install=check:flagme.install-out.txt --library=/home/biocbuild/R/R-4.3.1/site-library --no-vignettes --timings flagme_1.58.0.tar.gz |
StartedAt: 2023-11-02 10:31:59 -0000 (Thu, 02 Nov 2023) |
EndedAt: 2023-11-02 10:40:26 -0000 (Thu, 02 Nov 2023) |
EllapsedTime: 507.0 seconds |
RetCode: 1 |
Status: ERROR |
CheckDir: flagme.Rcheck |
Warnings: NA |
############################################################################## ############################################################################## ### ### Running command: ### ### /home/biocbuild/R/R-4.3.1/bin/R CMD check --install=check:flagme.install-out.txt --library=/home/biocbuild/R/R-4.3.1/site-library --no-vignettes --timings flagme_1.58.0.tar.gz ### ############################################################################## ############################################################################## * using log directory ‘/home/biocbuild/bbs-3.18-bioc/meat/flagme.Rcheck’ * using R version 4.3.1 (2023-06-16) * using platform: aarch64-unknown-linux-gnu (64-bit) * R was compiled by gcc (GCC) 10.3.1 GNU Fortran (GCC) 10.3.1 * running under: openEuler 22.03 (LTS-SP1) * using session charset: UTF-8 * using option ‘--no-vignettes’ * checking for file ‘flagme/DESCRIPTION’ ... OK * this is package ‘flagme’ version ‘1.58.0’ * package encoding: UTF-8 * checking package namespace information ... OK * checking package dependencies ... OK * checking if this is a source package ... OK * checking if there is a namespace ... OK * checking for hidden files and directories ... OK * checking for portable file names ... OK * checking for sufficient/correct file permissions ... OK * checking whether package ‘flagme’ can be installed ... OK * used C compiler: ‘gcc (GCC) 10.3.1’ * checking installed package size ... OK * checking package directory ... OK * checking ‘build’ directory ... OK * checking DESCRIPTION meta-information ... OK * checking top-level files ... OK * checking for left-over files ... OK * checking index information ... OK * checking package subdirectories ... OK * checking R files for non-ASCII characters ... OK * checking R files for syntax errors ... OK * checking whether the package can be loaded ... OK * checking whether the package can be loaded with stated dependencies ... OK * checking whether the package can be unloaded cleanly ... OK * checking whether the namespace can be loaded with stated dependencies ... OK * checking whether the namespace can be unloaded cleanly ... OK * checking loading without being on the library search path ... OK * checking startup messages can be suppressed ... OK * checking dependencies in R code ... NOTE Unexported object imported by a ':::' call: ‘xcms:::rectUnique’ See the note in ?`:::` about the use of this operator. * checking S3 generic/method consistency ... OK * checking replacement functions ... OK * checking foreign function calls ... OK * checking R code for possible problems ... NOTE addXCMSPeaks: no visible global function definition for ‘bpparam’ addXCMSPeaks: no visible global function definition for ‘sampnames’ addXCMSPeaks : <anonymous> : <anonymous>: no visible global function definition for ‘setNames’ importSpec : <anonymous>: no visible global function definition for ‘setNames’ Undefined global functions or variables: bpparam sampnames setNames Consider adding importFrom("stats", "setNames") to your NAMESPACE file. * checking Rd files ... OK * checking Rd metadata ... OK * checking Rd cross-references ... WARNING Missing link or links in documentation object 'addXCMSPeaks.Rd': ‘[xcms]{findPeaks-matchedFilter}’ ‘[xcms]{findPeaks-centWave}’ ‘[xcms]{peaksDataset}’ Missing link or links in documentation object 'plotAlignment-peaksAlignment-method.Rd': ‘plotAlignment’ Missing link or links in documentation object 'plotClustAlignment-clusterAlignment-method.Rd': ‘plotAlignment’ See section 'Cross-references' in the 'Writing R Extensions' manual. * checking for missing documentation entries ... WARNING Undocumented code objects: ‘plotAlignment’ ‘plotChrom’ ‘plotClustAlignment’ Undocumented S4 methods: generic 'show' and siglist 'betweenAlignment' All user-level objects in a package (including S4 classes and methods) should have documentation entries. See chapter ‘Writing R documentation files’ in the ‘Writing R Extensions’ manual. * checking for code/documentation mismatches ... OK * checking Rd \usage sections ... OK * checking Rd contents ... OK * checking for unstated dependencies in examples ... OK * checking line endings in C/C++/Fortran sources/headers ... OK * checking compiled code ... NOTE Note: information on .o files is not available * checking files in ‘vignettes’ ... OK * checking examples ... ERROR Running examples in ‘flagme-Ex.R’ failed The error most likely occurred in: > base::assign(".ptime", proc.time(), pos = "CheckExEnv") > ### Name: corPrt > ### Title: Retention Time Penalized Correlation > ### Aliases: corPrt > ### Keywords: manip > > ### ** Examples > > > ## Not Run > require(gcspikelite) > files <- list.files(path = paste(find.package("gcspikelite"), "data", + sep = "/"),"CDF", full = TRUE) > data <- peaksDataset(files[1:2], mz = seq(50, 550), rtrange = c(7.5, 8.5)) Reading /home/biocbuild/R/R-4.3.1/site-library/gcspikelite/data/0709_468.CDF Create profile matrix with method 'bin' and step 1 ... OK Reading /home/biocbuild/R/R-4.3.1/site-library/gcspikelite/data/0709_470.CDF Create profile matrix with method 'bin' and step 1 ... OK > ## create settings object > mfp <- xcms::MatchedFilterParam(fwhm = 10, snthresh = 5) > cwt <- xcms::CentWaveParam() > data <- addXCMSPeaks(files[1:2], data, settings = mfp, multipleMF = FALSE) Error in reducer$value.cache[[as.character(idx)]] <- values : wrong args for environment subassignment Calls: addXCMSPeaks ... .bploop_impl -> .collect_result -> .reducer_add -> .reducer_add Execution halted * checking for unstated dependencies in vignettes ... OK * checking package vignettes in ‘inst/doc’ ... OK * checking running R code from vignettes ... SKIPPED * checking re-building of vignette outputs ... SKIPPED * checking PDF version of manual ... OK * DONE Status: 1 ERROR, 2 WARNINGs, 3 NOTEs See ‘/home/biocbuild/bbs-3.18-bioc/meat/flagme.Rcheck/00check.log’ for details.
flagme.Rcheck/00install.out
############################################################################## ############################################################################## ### ### Running command: ### ### /home/biocbuild/R/R-4.3.1/bin/R CMD INSTALL flagme ### ############################################################################## ############################################################################## * installing to library ‘/home/biocbuild/R/R-4.3.1/site-library’ * installing *source* package ‘flagme’ ... ** using staged installation ** libs using C compiler: ‘gcc (GCC) 10.3.1’ gcc -I"/home/biocbuild/R/R-4.3.1/include" -DNDEBUG -I/usr/local/include -fPIC -g -O2 -Wall -c dp.c -o dp.o dp.c: In function ‘dp’: dp.c:263:26: warning: ‘cur_min’ may be used uninitialized in this function [-Wmaybe-uninitialized] 263 | D[(i+1)+(j+1)*(nr+1)] = cur_min; | ~~~~~~~~~~~~~~~~~~~~~~^~~~~~~~~ dp.c:264:28: warning: ‘tb’ may be used uninitialized in this function [-Wmaybe-uninitialized] 264 | phi[(i+1)+(j+1)*(nr+1)] = tb; | ~~~~~~~~~~~~~~~~~~~~~~~~^~~~ gcc -I"/home/biocbuild/R/R-4.3.1/include" -DNDEBUG -I/usr/local/include -fPIC -g -O2 -Wall -c init.c -o init.o gcc -I"/home/biocbuild/R/R-4.3.1/include" -DNDEBUG -I/usr/local/include -fPIC -g -O2 -Wall -c pearson.c -o pearson.o gcc -shared -L/home/biocbuild/R/R-4.3.1/lib -L/usr/local/lib -o flagme.so dp.o init.o pearson.o -L/home/biocbuild/R/R-4.3.1/lib -lR installing to /home/biocbuild/R/R-4.3.1/site-library/00LOCK-flagme/00new/flagme/libs ** R ** inst ** byte-compile and prepare package for lazy loading ** help *** installing help indices ** building package indices ** installing vignettes ** testing if installed package can be loaded from temporary location ** checking absolute paths in shared objects and dynamic libraries ** testing if installed package can be loaded from final location ** testing if installed package keeps a record of temporary installation path * DONE (flagme)
flagme.Rcheck/flagme-Ex.timings
name | user | system | elapsed | |
addAMDISPeaks | 7.091 | 0.332 | 7.491 | |
addChromaTOFPeaks | 5.662 | 0.064 | 5.737 | |
addXCMSPeaks | 65.119 | 9.843 | 53.402 | |
betweenAlignment | 0.001 | 0.000 | 0.000 | |
calcTimeDiffs | 9.844 | 0.139 | 10.010 | |
clusterAlignment | 7.549 | 0.140 | 7.703 | |