Back to Multiple platform build/check report for BioC 3.18: simplified long |
|
This page was generated on 2023-11-02 11:40:44 -0400 (Thu, 02 Nov 2023).
Hostname | OS | Arch (*) | R version | Installed pkgs |
---|---|---|---|---|
nebbiolo2 | Linux (Ubuntu 22.04.2 LTS) | x86_64 | 4.3.1 (2023-06-16) -- "Beagle Scouts" | 4729 |
palomino4 | Windows Server 2022 Datacenter | x64 | 4.3.1 (2023-06-16 ucrt) -- "Beagle Scouts" | 4463 |
lconway | macOS 12.6.5 Monterey | x86_64 | 4.3.1 Patched (2023-06-17 r84564) -- "Beagle Scouts" | 4478 |
kunpeng2 | Linux (openEuler 22.03 LTS-SP1) | aarch64 | 4.3.1 (2023-06-16) -- "Beagle Scouts" | 4464 |
Click on any hostname to see more info about the system (e.g. compilers) (*) as reported by 'uname -p', except on Windows and Mac OS X |
Package 844/2266 | Hostname | OS / Arch | INSTALL | BUILD | CHECK | BUILD BIN | ||||||||
gespeR 1.34.0 (landing page) Fabian Schmich
| nebbiolo2 | Linux (Ubuntu 22.04.2 LTS) / x86_64 | OK | ERROR | skipped | |||||||||
palomino4 | Windows Server 2022 Datacenter / x64 | OK | OK | WARNINGS | OK | |||||||||
lconway | macOS 12.6.5 Monterey / x86_64 | OK | ERROR | skipped | skipped | |||||||||
kjohnson1 | macOS 13.6.1 Ventura / arm64 | see weekly results here | ||||||||||||
kunpeng2 | Linux (openEuler 22.03 LTS-SP1) / aarch64 | OK | ERROR | skipped | ||||||||||
To the developers/maintainers of the gespeR package: - Allow up to 24 hours (and sometimes 48 hours) for your latest push to git@git.bioconductor.org:packages/gespeR.git to reflect on this report. See Troubleshooting Build Report for more information. - Use the following Renviron settings to reproduce errors and warnings. - If 'R CMD check' started to fail recently on the Linux builder(s) over a missing dependency, add the missing dependency to 'Suggests:' in your DESCRIPTION file. See Renviron.bioc for more information. - See Martin Grigorov's blog post for how to debug Linux ARM64 related issues on a x86_64 host. |
Package: gespeR |
Version: 1.34.0 |
Command: /home/biocbuild/R/R-4.3.1/bin/R CMD build --keep-empty-dirs --no-resave-data gespeR |
StartedAt: 2023-11-02 01:34:18 -0000 (Thu, 02 Nov 2023) |
EndedAt: 2023-11-02 01:35:19 -0000 (Thu, 02 Nov 2023) |
EllapsedTime: 61.1 seconds |
RetCode: 1 |
Status: ERROR |
PackageFile: None |
PackageFileSize: NA |
############################################################################## ############################################################################## ### ### Running command: ### ### /home/biocbuild/R/R-4.3.1/bin/R CMD build --keep-empty-dirs --no-resave-data gespeR ### ############################################################################## ############################################################################## * checking for file ‘gespeR/DESCRIPTION’ ... OK * preparing ‘gespeR’: * checking DESCRIPTION meta-information ... OK * installing the package to build vignettes * creating vignettes ... ERROR --- re-building ‘gespeR.Rnw’ using knitr Error: processing vignette 'gespeR.Rnw' failed with diagnostics: Running 'texi2dvi' on 'gespeR.tex' failed. LaTeX errors: ! Undefined control sequence. l.94 \Rhref {https://doi.org/10.18129/B9.bioc.gespeR}{doi:10.18129\slash{}B9.... ? ! Emergency stop. l.94 \Rhref {https://doi.org/10.18129/B9.bioc.gespeR}{doi:10.18129\slash{}B9.... End of file on the terminal! ! ==> Fatal error occurred, no output PDF file produced! --- failed re-building ‘gespeR.Rnw’ SUMMARY: processing the following file failed: ‘gespeR.Rnw’ Error: Vignette re-building failed. Execution halted