Back to Multiple platform build/check report for BioC 3.19: simplified long |
|
This page was generated on 2024-06-11 14:43 -0400 (Tue, 11 Jun 2024).
Hostname | OS | Arch (*) | R version | Installed pkgs |
---|---|---|---|---|
nebbiolo1 | Linux (Ubuntu 22.04.3 LTS) | x86_64 | 4.4.0 (2024-04-24) -- "Puppy Cup" | 4757 |
palomino3 | Windows Server 2022 Datacenter | x64 | 4.4.0 (2024-04-24 ucrt) -- "Puppy Cup" | 4491 |
lconway | macOS 12.7.1 Monterey | x86_64 | 4.4.0 (2024-04-24) -- "Puppy Cup" | 4522 |
kjohnson3 | macOS 13.6.5 Ventura | arm64 | 4.4.0 (2024-04-24) -- "Puppy Cup" | 4468 |
Click on any hostname to see more info about the system (e.g. compilers) (*) as reported by 'uname -p', except on Windows and Mac OS X |
Package 188/2300 | Hostname | OS / Arch | INSTALL | BUILD | CHECK | BUILD BIN | ||||||||
BiocParallel 1.38.0 (landing page) Martin Morgan
| nebbiolo1 | Linux (Ubuntu 22.04.3 LTS) / x86_64 | OK | ERROR | skipped | |||||||||
palomino3 | Windows Server 2022 Datacenter / x64 | OK | ERROR | skipped | skipped | |||||||||
lconway | macOS 12.7.1 Monterey / x86_64 | OK | ERROR | skipped | skipped | |||||||||
kjohnson3 | macOS 13.6.5 Ventura / arm64 | OK | ERROR | skipped | skipped | |||||||||
To the developers/maintainers of the BiocParallel package: - Allow up to 24 hours (and sometimes 48 hours) for your latest push to git@git.bioconductor.org:packages/BiocParallel.git to reflect on this report. See Troubleshooting Build Report for more information. - Use the following Renviron settings to reproduce errors and warnings. - If 'R CMD check' started to fail recently on the Linux builder(s) over a missing dependency, add the missing dependency to 'Suggests:' in your DESCRIPTION file. See Renviron.bioc for more information. |
Package: BiocParallel |
Version: 1.38.0 |
Command: /Library/Frameworks/R.framework/Resources/bin/R CMD build --keep-empty-dirs --no-resave-data BiocParallel |
StartedAt: 2024-06-09 18:39:40 -0400 (Sun, 09 Jun 2024) |
EndedAt: 2024-06-09 18:42:41 -0400 (Sun, 09 Jun 2024) |
EllapsedTime: 180.9 seconds |
RetCode: 1 |
Status: ERROR |
PackageFile: None |
PackageFileSize: NA |
############################################################################## ############################################################################## ### ### Running command: ### ### /Library/Frameworks/R.framework/Resources/bin/R CMD build --keep-empty-dirs --no-resave-data BiocParallel ### ############################################################################## ############################################################################## * checking for file ‘BiocParallel/DESCRIPTION’ ... OK * preparing ‘BiocParallel’: * checking DESCRIPTION meta-information ... OK * cleaning src * running ‘cleanup’ * installing the package to build vignettes * creating vignettes ... ERROR --- re-building ‘Introduction_To_BiocParallel.Rmd’ using rmarkdown --- finished re-building ‘Introduction_To_BiocParallel.Rmd’ --- re-building ‘Random_Numbers.Rmd’ using rmarkdown --- finished re-building ‘Random_Numbers.Rmd’ --- re-building ‘BiocParallel_BatchtoolsParam.Rnw’ using knitr Error: processing vignette 'BiocParallel_BatchtoolsParam.Rnw' failed with diagnostics: Running 'texi2dvi' on 'BiocParallel_BatchtoolsParam.tex' failed. LaTeX errors: ! Package xcolor Error: Undefined color `fgcolor'. See the xcolor package documentation for explanation. Type H <return> for immediate help. ... ! Emergency stop. ... l.78 ...}{rgb}{0.941, 0.941, 0.941}\color{fgcolor} \begin{kframe} ! ==> Fatal error occurred, no output PDF file produced! --- failed re-building ‘BiocParallel_BatchtoolsParam.Rnw’ --- re-building ‘Errors_Logs_And_Debugging.Rnw’ using knitr Error: processing vignette 'Errors_Logs_And_Debugging.Rnw' failed with diagnostics: Running 'texi2dvi' on 'Errors_Logs_And_Debugging.tex' failed. LaTeX errors: ! Package xcolor Error: Undefined color `fgcolor'. See the xcolor package documentation for explanation. Type H <return> for immediate help. ... ! Emergency stop. ... l.79 ...}{rgb}{0.941, 0.941, 0.941}\color{fgcolor} \begin{kframe} ! ==> Fatal error occurred, no output PDF file produced! --- failed re-building ‘Errors_Logs_And_Debugging.Rnw’ SUMMARY: processing the following files failed: ‘BiocParallel_BatchtoolsParam.Rnw’ ‘Errors_Logs_And_Debugging.Rnw’ Error: Vignette re-building failed. Execution halted