Back to Multiple platform build/check report for BioC 3.19: simplified long |
|
This page was generated on 2024-05-09 11:40:40 -0400 (Thu, 09 May 2024).
Hostname | OS | Arch (*) | R version | Installed pkgs |
---|---|---|---|---|
nebbiolo1 | Linux (Ubuntu 22.04.3 LTS) | x86_64 | 4.4.0 (2024-04-24) -- "Puppy Cup" | 4748 |
palomino3 | Windows Server 2022 Datacenter | x64 | 4.4.0 (2024-04-24 ucrt) -- "Puppy Cup" | 4484 |
lconway | macOS 12.7.1 Monterey | x86_64 | 4.4.0 (2024-04-24) -- "Puppy Cup" | 4514 |
kunpeng2 | Linux (openEuler 22.03 LTS-SP1) | aarch64 | 4.4.0 beta (2024-04-15 r86425) -- "Puppy Cup" | 4480 |
Click on any hostname to see more info about the system (e.g. compilers) (*) as reported by 'uname -p', except on Windows and Mac OS X |
Package 348/2300 | Hostname | OS / Arch | INSTALL | BUILD | CHECK | BUILD BIN | ||||||||
ChromSCape 1.14.0 (landing page) Pacome Prompsy
| nebbiolo1 | Linux (Ubuntu 22.04.3 LTS) / x86_64 | OK | OK | WARNINGS | ![]() | ||||||||
palomino3 | Windows Server 2022 Datacenter / x64 | OK | OK | WARNINGS | OK | ![]() | ||||||||
lconway | macOS 12.7.1 Monterey / x86_64 | OK | OK | WARNINGS | OK | ![]() | ||||||||
kunpeng2 | Linux (openEuler 22.03 LTS-SP1) / aarch64 | OK | OK | WARNINGS | ||||||||||
kjohnson3 | macOS 13.6.5 Ventura / arm64 | see weekly results here | ||||||||||||
To the developers/maintainers of the ChromSCape package: - Allow up to 24 hours (and sometimes 48 hours) for your latest push to git@git.bioconductor.org:packages/ChromSCape.git to reflect on this report. See Troubleshooting Build Report for more information. - Use the following Renviron settings to reproduce errors and warnings. - If 'R CMD check' started to fail recently on the Linux builder(s) over a missing dependency, add the missing dependency to 'Suggests:' in your DESCRIPTION file. See Renviron.bioc for more information. - See Martin Grigorov's blog post for how to debug Linux ARM64 related issues on a x86_64 host. |
Package: ChromSCape |
Version: 1.14.0 |
Command: /home/biocbuild/R/R-beta-2024-04-15_r86425/bin/R CMD check --install=check:ChromSCape.install-out.txt --library=/home/biocbuild/R/R-beta-2024-04-15_r86425/site-library --no-vignettes --timings ChromSCape_1.14.0.tar.gz |
StartedAt: 2024-05-09 05:49:47 -0000 (Thu, 09 May 2024) |
EndedAt: 2024-05-09 06:06:38 -0000 (Thu, 09 May 2024) |
EllapsedTime: 1010.8 seconds |
RetCode: 0 |
Status: WARNINGS |
CheckDir: ChromSCape.Rcheck |
Warnings: 3 |
############################################################################## ############################################################################## ### ### Running command: ### ### /home/biocbuild/R/R-beta-2024-04-15_r86425/bin/R CMD check --install=check:ChromSCape.install-out.txt --library=/home/biocbuild/R/R-beta-2024-04-15_r86425/site-library --no-vignettes --timings ChromSCape_1.14.0.tar.gz ### ############################################################################## ############################################################################## * using log directory ‘/home/biocbuild/bbs-3.19-bioc/meat/ChromSCape.Rcheck’ * using R version 4.4.0 beta (2024-04-15 r86425) * using platform: aarch64-unknown-linux-gnu * R was compiled by gcc (GCC) 10.3.1 GNU Fortran (GCC) 10.3.1 * running under: openEuler 22.03 (LTS-SP1) * using session charset: UTF-8 * using option ‘--no-vignettes’ * checking for file ‘ChromSCape/DESCRIPTION’ ... OK * this is package ‘ChromSCape’ version ‘1.14.0’ * package encoding: UTF-8 * checking package namespace information ... OK * checking package dependencies ... OK * checking if this is a source package ... OK * checking if there is a namespace ... OK * checking for hidden files and directories ... NOTE Found the following hidden files and directories: .BBSoptions These were most likely included in error. See section ‘Package structure’ in the ‘Writing R Extensions’ manual. * checking for portable file names ... OK * checking for sufficient/correct file permissions ... OK * checking whether package ‘ChromSCape’ can be installed ... OK * used C++ compiler: ‘g++ (GCC) 10.3.1’ * checking installed package size ... NOTE installed size is 5.6Mb sub-directories of 1Mb or more: data 1.5Mb www 2.1Mb * checking package directory ... OK * checking ‘build’ directory ... OK * checking DESCRIPTION meta-information ... OK * checking top-level files ... OK * checking for left-over files ... OK * checking index information ... OK * checking package subdirectories ... OK * checking code files for non-ASCII characters ... OK * checking R files for syntax errors ... OK * checking whether the package can be loaded ... OK * checking whether the package can be loaded with stated dependencies ... OK * checking whether the package can be unloaded cleanly ... OK * checking whether the namespace can be loaded with stated dependencies ... OK * checking whether the namespace can be unloaded cleanly ... OK * checking loading without being on the library search path ... OK * checking whether startup messages can be suppressed ... OK * checking dependencies in R code ... WARNING 'library' or 'require' call not declared from: ‘dplyr’ 'library' or 'require' call to ‘dplyr’ in package code. Please use :: or requireNamespace() instead. See section 'Suggested packages' in the 'Writing R Extensions' manual. * checking S3 generic/method consistency ... OK * checking replacement functions ... OK * checking foreign function calls ... OK * checking R code for possible problems ... NOTE bams_to_matrix_indexes: no visible binding for global variable ‘files_dir_list’ enrich_TF_ChEA3_genes: no visible binding for global variable ‘CheA3_TF_nTargets’ filter_correlated_cell_scExp: no visible binding for global variable ‘run_tsne’ generate_analysis: no visible global function definition for ‘head’ generate_analysis: no visible binding for global variable ‘k’ generate_analysis: no visible binding for global variable ‘clusterConsensus’ get_most_variable_cyto: no visible binding for global variable ‘cytoBand’ get_most_variable_cyto: no visible binding for global variable ‘Fri_cyto’ num_cell_after_QC_filt_scExp: no visible binding for global variable ‘sample_id’ num_cell_after_QC_filt_scExp: no visible binding for global variable ‘total_counts’ num_cell_scExp: no visible binding for global variable ‘sample_id’ num_cell_scExp: no visible binding for global variable ‘total_counts’ plot_correlation_PCA_scExp: no visible binding for global variable ‘Component’ plot_coverage_BigWig: no visible binding for global variable ‘molecule’ plot_coverage_BigWig: no visible binding for global variable ‘orientation’ plot_coverage_BigWig: no visible binding for global variable ‘Gene’ plot_gain_or_loss_barplots: no visible binding for global variable ‘Gain_or_Loss’ plot_gain_or_loss_barplots: no visible binding for global variable ‘ncells’ plot_gain_or_loss_barplots: no visible binding for global variable ‘cytoBand’ plot_most_contributing_features: no visible binding for global variable ‘genes’ plot_percent_active_feature_scExp: no visible binding for global variable ‘group’ plot_percent_active_feature_scExp: no visible binding for global variable ‘percent_active’ plot_pie_most_contributing_chr: no visible binding for global variable ‘absolute_value’ plot_reduced_dim_scExp: no visible binding for global variable ‘V1’ plot_reduced_dim_scExp: no visible binding for global variable ‘V2’ plot_reduced_dim_scExp: no visible binding for global variable ‘cluster’ plot_top_TF_scExp: no visible binding for global variable ‘TF’ rebin_helper: no visible binding for global variable ‘new_row’ rebin_helper: no visible binding for global variable ‘origin_value’ rebin_matrix: no visible binding for global variable ‘group’ subset_bam_call_peaks: no visible binding for global variable ‘merged_bam’ Undefined global functions or variables: CheA3_TF_nTargets Component Fri_cyto Gain_or_Loss Gene TF V1 V2 absolute_value cluster clusterConsensus cytoBand files_dir_list genes group head k merged_bam molecule ncells new_row orientation origin_value percent_active run_tsne sample_id total_counts Consider adding importFrom("utils", "head") to your NAMESPACE file. * checking Rd files ... NOTE prepare_Rd: raw_counts_to_sparse_matrix.Rd:6-8: Dropping empty section \source * checking Rd metadata ... OK * checking Rd cross-references ... OK * checking for missing documentation entries ... OK * checking for code/documentation mismatches ... WARNING Codoc mismatches from Rd file 'generate_analysis.Rd': generate_analysis Code: function(input_data_folder, analysis_name = "Analysis_1", output_directory = "./", input_data_type = c("scBED", "DenseMatrix", "SparseMatrix", "scBAM")[1], feature_count_on = c("bins", "genebody", "peaks")[1], feature_count_parameter = 50000, rebin_sparse_matrix = FALSE, ref_genome = c("hg38", "mm10")[1], run = c("filter", "CNA", "cluster", "consensus", "coverage", "DA", "GSA", "report")[c(1, 3, 5, 6, 7, 8)], min_reads_per_cell = 1000, max_quantile_read_per_cell = 99, n_top_features = 40000, norm_type = "CPM", subsample_n = NULL, exclude_regions = NULL, n_clust = NULL, corr_threshold = 99, percent_correlation = 1, maxK = 10, qval.th = 0.1, logFC.th = 1, enrichment_qval = 0.1, doBatchCorr = FALSE, batch_sels = NULL, control_samples_CNA = NULL, genes_to_plot = c("Krt8", "Krt5", "Tgfb1", "Foxq1", "Cdkn2b", "Cdkn2a", "chr7:15000000-20000000")) Docs: function(input_data_folder, analysis_name = "Analysis_1", output_directory = "./", input_data_type = c("scBED", "DenseMatrix", "SparseMatrix", "scBAM")[1], rebin_sparse_matrix = FALSE, feature_count_on = c("bins", "genebody", "peaks")[1], feature_count_parameter = 50000, ref_genome = c("hg38", "mm10")[1], run = c("filter", "CNA", "cluster", "consensus", "peak_call", "coverage", "DA", "GSA", "report")[c(1, 3, 6, 7, 8, 9)], min_reads_per_cell = 1000, max_quantile_read_per_cell = 99, n_top_features = 40000, norm_type = "CPM", subsample_n = NULL, exclude_regions = NULL, n_clust = NULL, corr_threshold = 99, percent_correlation = 1, maxK = 10, qval.th = 0.1, logFC.th = 1, enrichment_qval = 0.1, doBatchCorr = FALSE, batch_sels = NULL, control_samples_CNA = NULL, genes_to_plot = c("Krt8", "Krt5", "Tgfb1", "Foxq1", "Cdkn2b", "Cdkn2a", "chr7:15000000-20000000")) Mismatches in argument names: Position: 5 Code: feature_count_on Docs: rebin_sparse_matrix Position: 6 Code: feature_count_parameter Docs: feature_count_on Position: 7 Code: rebin_sparse_matrix Docs: feature_count_parameter Mismatches in argument default values: Name: 'run' Code: c("filter", "CNA", "cluster", "consensus", "coverage", "DA", "GSA", "report")[c(1, 3, 5, 6, 7, 8)] Docs: c("filter", "CNA", "cluster", "consensus", "peak_call", "coverage", "DA", "GSA", "report")[c(1, 3, 6, 7, 8, 9)] * checking Rd \usage sections ... WARNING Undocumented arguments in Rd file 'rebin_matrix.Rd' ‘rebin_function’ Functions with \usage entries need to have the appropriate \alias entries, and all their arguments documented. The \usage entries must correspond to syntactically valid R code. See chapter ‘Writing R documentation files’ in the ‘Writing R Extensions’ manual. * checking Rd contents ... OK * checking for unstated dependencies in examples ... OK * checking contents of ‘data’ directory ... OK * checking data for non-ASCII characters ... OK * checking data for ASCII and uncompressed saves ... OK * checking line endings in C/C++/Fortran sources/headers ... OK * checking compiled code ... NOTE Note: information on .o files is not available * checking files in ‘vignettes’ ... OK * checking examples ... OK Examples with CPU (user + system) or elapsed time > 5s user system elapsed plot_gain_or_loss_barplots 68.374 0.296 68.824 get_pathway_mat_scExp 57.637 1.277 59.087 calculate_CNA 33.829 1.480 35.403 plot_reduced_dim_scExp_CNA 33.978 0.136 34.186 calculate_cyto_mat 32.502 0.605 33.241 get_most_variable_cyto 31.840 0.686 32.617 calculate_gain_or_loss 31.920 0.372 32.369 calculate_logRatio_CNA 31.763 0.247 32.118 get_cyto_features 28.976 1.105 30.160 num_cell_after_cor_filt_scExp 13.015 0.056 13.096 filter_correlated_cell_scExp 12.064 0.853 12.946 create_scDataset_raw 11.080 0.152 11.256 preprocessing_filtering_and_reduction 10.835 0.120 10.976 import_scExp 8.172 0.199 8.391 rebin_matrix 8.023 0.046 27.180 differential_activation 7.942 0.067 8.032 CompareWilcox 6.858 0.437 6.990 CompareedgeRGLM 6.777 0.264 7.056 choose_cluster_scExp 6.051 0.127 6.193 enrich_TF_ChEA3_scExp 1.473 0.072 7.503 * checking for unstated dependencies in ‘tests’ ... OK * checking tests ... Running ‘testthat.R’ OK * checking for unstated dependencies in vignettes ... OK * checking package vignettes ... OK * checking running R code from vignettes ... SKIPPED * checking re-building of vignette outputs ... SKIPPED * checking PDF version of manual ... OK * DONE Status: 3 WARNINGs, 5 NOTEs See ‘/home/biocbuild/bbs-3.19-bioc/meat/ChromSCape.Rcheck/00check.log’ for details.
ChromSCape.Rcheck/00install.out
############################################################################## ############################################################################## ### ### Running command: ### ### /home/biocbuild/R/R-beta-2024-04-15_r86425/bin/R CMD INSTALL ChromSCape ### ############################################################################## ############################################################################## * installing to library ‘/home/biocbuild/R/R-beta-2024-04-15_r86425/site-library’ * installing *source* package ‘ChromSCape’ ... ** using staged installation ** libs using C++ compiler: ‘g++ (GCC) 10.3.1’ g++ -std=gnu++17 -I"/home/biocbuild/R/R-beta-2024-04-15_r86425/include" -DNDEBUG -I'/home/biocbuild/R/R-beta-2024-04-15_r86425/site-library/Rcpp/include' -I/usr/local/include -fPIC -g -O2 -Wall -c RcppExports.cpp -o RcppExports.o g++ -std=gnu++17 -I"/home/biocbuild/R/R-beta-2024-04-15_r86425/include" -DNDEBUG -I'/home/biocbuild/R/R-beta-2024-04-15_r86425/site-library/Rcpp/include' -I/usr/local/include -fPIC -g -O2 -Wall -c as_dist.cpp -o as_dist.o g++ -std=gnu++17 -shared -L/home/biocbuild/R/R-beta-2024-04-15_r86425/lib -L/usr/local/lib -o ChromSCape.so RcppExports.o as_dist.o -L/home/biocbuild/R/R-beta-2024-04-15_r86425/lib -lR installing to /home/biocbuild/R/R-beta-2024-04-15_r86425/site-library/00LOCK-ChromSCape/00new/ChromSCape/libs ** R ** data ** inst ** byte-compile and prepare package for lazy loading ** help *** installing help indices ** building package indices ** installing vignettes ** testing if installed package can be loaded from temporary location ** checking absolute paths in shared objects and dynamic libraries ** testing if installed package can be loaded from final location ** testing if installed package keeps a record of temporary installation path * DONE (ChromSCape)
ChromSCape.Rcheck/tests/testthat.Rout
R version 4.4.0 beta (2024-04-15 r86425) -- "Puppy Cup" Copyright (C) 2024 The R Foundation for Statistical Computing Platform: aarch64-unknown-linux-gnu R is free software and comes with ABSOLUTELY NO WARRANTY. You are welcome to redistribute it under certain conditions. Type 'license()' or 'licence()' for distribution details. R is a collaborative project with many contributors. Type 'contributors()' for more information and 'citation()' on how to cite R or R packages in publications. Type 'demo()' for some demos, 'help()' for on-line help, or 'help.start()' for an HTML browser interface to help. Type 'q()' to quit R. > library(testthat) > library(ChromSCape) > > test_check("ChromSCape") [ FAIL 0 | WARN 2 | SKIP 0 | PASS 11 ] [ FAIL 0 | WARN 2 | SKIP 0 | PASS 11 ] > > proc.time() user system elapsed 52.885 2.685 55.449
ChromSCape.Rcheck/ChromSCape-Ex.timings
name | user | system | elapsed | |
CheA3_TF_nTargets | 0.010 | 0.000 | 0.009 | |
CompareWilcox | 6.858 | 0.437 | 6.990 | |
CompareedgeRGLM | 6.777 | 0.264 | 7.056 | |
annotToCol2 | 1.213 | 0.068 | 1.283 | |
calculate_CNA | 33.829 | 1.480 | 35.403 | |
calculate_cyto_mat | 32.502 | 0.605 | 33.241 | |
calculate_gain_or_loss | 31.920 | 0.372 | 32.369 | |
calculate_logRatio_CNA | 31.763 | 0.247 | 32.118 | |
choose_cluster_scExp | 6.051 | 0.127 | 6.193 | |
colors_scExp | 0.440 | 0.000 | 0.441 | |
consensus_clustering_scExp | 4.562 | 0.080 | 4.652 | |
correlation_and_hierarchical_clust_scExp | 0.448 | 0.004 | 0.452 | |
create_project_folder | 0.003 | 0.000 | 0.002 | |
create_scDataset_raw | 11.080 | 0.152 | 11.256 | |
create_scExp | 0.928 | 0.012 | 0.943 | |
define_feature | 0.194 | 0.004 | 0.198 | |
detect_samples | 2.297 | 0.008 | 2.236 | |
differential_activation | 7.942 | 0.067 | 8.032 | |
differential_analysis_scExp | 4.099 | 0.044 | 4.152 | |
enrich_TF_ChEA3_genes | 0.596 | 0.012 | 3.699 | |
enrich_TF_ChEA3_scExp | 1.473 | 0.072 | 7.503 | |
exclude_features_scExp | 0.981 | 0.115 | 1.099 | |
feature_annotation_scExp | 2.468 | 0.196 | 2.670 | |
filter_correlated_cell_scExp | 12.064 | 0.853 | 12.946 | |
filter_scExp | 1.214 | 0.032 | 1.250 | |
find_clusters_louvain_scExp | 0.553 | 0.471 | 0.742 | |
find_top_features | 0.465 | 0.036 | 0.502 | |
gene_set_enrichment_analysis_scExp | 0.279 | 0.008 | 0.288 | |
generate_analysis | 0.000 | 0.000 | 0.001 | |
generate_coverage_tracks | 0.001 | 0.000 | 0.000 | |
generate_report | 0 | 0 | 0 | |
getExperimentNames | 0.307 | 0.016 | 0.324 | |
getMainExperiment | 0.379 | 0.016 | 0.395 | |
get_cyto_features | 28.976 | 1.105 | 30.160 | |
get_genomic_coordinates | 0.843 | 0.056 | 0.901 | |
get_most_variable_cyto | 31.840 | 0.686 | 32.617 | |
get_pathway_mat_scExp | 57.637 | 1.277 | 59.087 | |
has_genomic_coordinates | 1.360 | 0.052 | 1.415 | |
import_scExp | 8.172 | 0.199 | 8.391 | |
inter_correlation_scExp | 0.461 | 0.000 | 0.463 | |
intra_correlation_scExp | 0.465 | 0.004 | 0.470 | |
launchApp | 0.000 | 0.001 | 0.001 | |
normalize_scExp | 0.836 | 0.011 | 0.850 | |
num_cell_after_QC_filt_scExp | 0.870 | 0.004 | 0.877 | |
num_cell_after_cor_filt_scExp | 13.015 | 0.056 | 13.096 | |
num_cell_before_cor_filt_scExp | 0.264 | 0.000 | 0.265 | |
num_cell_in_cluster_scExp | 0.630 | 0.000 | 0.631 | |
num_cell_scExp | 0.724 | 0.008 | 0.733 | |
plot_cluster_consensus_scExp | 1.175 | 0.044 | 1.222 | |
plot_correlation_PCA_scExp | 1.469 | 0.020 | 1.492 | |
plot_coverage_BigWig | 0.261 | 0.008 | 0.269 | |
plot_differential_summary_scExp | 0.277 | 0.000 | 0.278 | |
plot_differential_volcano_scExp | 0.349 | 0.004 | 0.354 | |
plot_distribution_scExp | 0.504 | 0.000 | 0.506 | |
plot_gain_or_loss_barplots | 68.374 | 0.296 | 68.824 | |
plot_heatmap_scExp | 0.401 | 0.004 | 0.406 | |
plot_inter_correlation_scExp | 0.708 | 0.004 | 0.713 | |
plot_intra_correlation_scExp | 0.674 | 0.000 | 0.676 | |
plot_most_contributing_features | 0.534 | 0.004 | 0.540 | |
plot_percent_active_feature_scExp | 3.018 | 0.020 | 3.045 | |
plot_pie_most_contributing_chr | 0.403 | 0.000 | 0.404 | |
plot_reduced_dim_scExp | 4.280 | 0.027 | 4.318 | |
plot_reduced_dim_scExp_CNA | 33.978 | 0.136 | 34.186 | |
plot_top_TF_scExp | 0.615 | 0.000 | 0.616 | |
plot_violin_feature_scExp | 2.992 | 0.004 | 3.004 | |
preprocess_CPM | 0.806 | 0.004 | 0.811 | |
preprocess_RPKM | 0.862 | 0.024 | 0.887 | |
preprocess_TFIDF | 0.823 | 0.008 | 0.832 | |
preprocess_TPM | 0.848 | 0.000 | 0.850 | |
preprocess_feature_size_only | 0.814 | 0.008 | 0.824 | |
preprocessing_filtering_and_reduction | 10.835 | 0.120 | 10.976 | |
read_sparse_matrix | 0 | 0 | 0 | |
rebin_matrix | 8.023 | 0.046 | 27.180 | |
reduce_dims_scExp | 2.562 | 0.008 | 2.581 | |
scExp | 1.313 | 0.012 | 1.328 | |
subsample_scExp | 1.131 | 0.000 | 1.133 | |
subset_bam_call_peaks | 0 | 0 | 0 | |
summary_DA | 0.292 | 0.004 | 0.296 | |
swapAltExp_sameColData | 0.406 | 0.000 | 0.407 | |
table_enriched_genes_scExp | 0.294 | 0.000 | 0.295 | |
wrapper_Signac_FeatureMatrix | 0 | 0 | 0 | |