Back to Multiple platform build/check report for BioC 3.19: simplified long |
|
This page was generated on 2024-06-28 17:41 -0400 (Fri, 28 Jun 2024).
Hostname | OS | Arch (*) | R version | Installed pkgs |
---|---|---|---|---|
nebbiolo1 | Linux (Ubuntu 22.04.3 LTS) | x86_64 | 4.4.0 (2024-04-24) -- "Puppy Cup" | 4760 |
palomino3 | Windows Server 2022 Datacenter | x64 | 4.4.0 (2024-04-24 ucrt) -- "Puppy Cup" | 4494 |
merida1 | macOS 12.7.4 Monterey | x86_64 | 4.4.0 (2024-04-24) -- "Puppy Cup" | 4508 |
kjohnson1 | macOS 13.6.6 Ventura | arm64 | 4.4.0 (2024-04-24) -- "Puppy Cup" | 4466 |
palomino7 | Windows Server 2022 Datacenter | x64 | 4.4.1 (2024-06-14 ucrt) -- "Race for Your Life" | 4362 |
Click on any hostname to see more info about the system (e.g. compilers) (*) as reported by 'uname -p', except on Windows and Mac OS X |
Package 906/2300 | Hostname | OS / Arch | INSTALL | BUILD | CHECK | BUILD BIN | ||||||||
GRaNIE 1.8.0 (landing page) Christian Arnold
| nebbiolo1 | Linux (Ubuntu 22.04.3 LTS) / x86_64 | OK | OK | WARNINGS | |||||||||
palomino3 | Windows Server 2022 Datacenter / x64 | OK | OK | WARNINGS | OK | |||||||||
merida1 | macOS 12.7.4 Monterey / x86_64 | OK | OK | WARNINGS | OK | |||||||||
kjohnson1 | macOS 13.6.6 Ventura / arm64 | OK | OK | WARNINGS | OK | |||||||||
palomino7 | Windows Server 2022 Datacenter / x64 | OK | OK | WARNINGS | OK | |||||||||
To the developers/maintainers of the GRaNIE package: - Allow up to 24 hours (and sometimes 48 hours) for your latest push to git@git.bioconductor.org:packages/GRaNIE.git to reflect on this report. See Troubleshooting Build Report for more information. - Use the following Renviron settings to reproduce errors and warnings. - If 'R CMD check' started to fail recently on the Linux builder(s) over a missing dependency, add the missing dependency to 'Suggests:' in your DESCRIPTION file. See Renviron.bioc for more information. |
Package: GRaNIE |
Version: 1.8.0 |
Command: F:\biocbuild\bbs-3.19-bioc\R\bin\R.exe CMD check --no-multiarch --install=check:GRaNIE.install-out.txt --library=F:\biocbuild\bbs-3.19-bioc\R\library --no-vignettes --timings GRaNIE_1.8.0.tar.gz |
StartedAt: 2024-06-27 02:20:09 -0400 (Thu, 27 Jun 2024) |
EndedAt: 2024-06-27 02:30:42 -0400 (Thu, 27 Jun 2024) |
EllapsedTime: 633.6 seconds |
RetCode: 0 |
Status: WARNINGS |
CheckDir: GRaNIE.Rcheck |
Warnings: 2 |
############################################################################## ############################################################################## ### ### Running command: ### ### F:\biocbuild\bbs-3.19-bioc\R\bin\R.exe CMD check --no-multiarch --install=check:GRaNIE.install-out.txt --library=F:\biocbuild\bbs-3.19-bioc\R\library --no-vignettes --timings GRaNIE_1.8.0.tar.gz ### ############################################################################## ############################################################################## * using log directory 'F:/biocbuild/bbs-3.19-bioc/meat/GRaNIE.Rcheck' * using R version 4.4.0 (2024-04-24 ucrt) * using platform: x86_64-w64-mingw32 * R was compiled by gcc.exe (GCC) 13.2.0 GNU Fortran (GCC) 13.2.0 * running under: Windows Server 2022 x64 (build 20348) * using session charset: UTF-8 * using option '--no-vignettes' * checking for file 'GRaNIE/DESCRIPTION' ... OK * this is package 'GRaNIE' version '1.8.0' * package encoding: UTF-8 * checking package namespace information ... OK * checking package dependencies ... OK * checking if this is a source package ... OK * checking if there is a namespace ... OK * checking for hidden files and directories ... OK * checking for portable file names ... OK * checking whether package 'GRaNIE' can be installed ... WARNING Found the following significant warnings: Warning: replacing previous import 'GenomicRanges::windows' by 'grDevices::windows' when loading 'GRaNIE' See 'F:/biocbuild/bbs-3.19-bioc/meat/GRaNIE.Rcheck/00install.out' for details. * checking installed package size ... OK * checking package directory ... OK * checking 'build' directory ... OK * checking DESCRIPTION meta-information ... OK * checking top-level files ... OK * checking for left-over files ... OK * checking index information ... OK * checking package subdirectories ... OK * checking code files for non-ASCII characters ... OK * checking R files for syntax errors ... OK * checking whether the package can be loaded ... OK * checking whether the package can be loaded with stated dependencies ... OK * checking whether the package can be unloaded cleanly ... OK * checking whether the namespace can be loaded with stated dependencies ... OK * checking whether the namespace can be unloaded cleanly ... OK * checking whether startup messages can be suppressed ... OK * checking dependencies in R code ... WARNING Missing or unexported object: 'AnnotationHub::getAnnotationHub' * checking S3 generic/method consistency ... OK * checking replacement functions ... OK * checking foreign function calls ... OK * checking R code for possible problems ... NOTE .getAnnotationHub: no visible global function definition for 'is' .performIHW: no visible binding for global variable 'adj_pvalue' .retrieveAnnotationData: no visible global function definition for 'is' Undefined global functions or variables: adj_pvalue is Consider adding importFrom("methods", "is") to your NAMESPACE file (and ensure that your DESCRIPTION Imports field contains 'methods'). * checking Rd files ... NOTE checkRd: (-1) addData.Rd:36: Lost braces; missing escapes or markup? 36 | The required format must be {chr}:{start}-{end}", with {chr} denoting the abbreviated chromosome name, and {start} and {end} the begin and end | ^ checkRd: (-1) addData.Rd:36: Lost braces; missing escapes or markup? 36 | The required format must be {chr}:{start}-{end}", with {chr} denoting the abbreviated chromosome name, and {start} and {end} the begin and end | ^ checkRd: (-1) addData.Rd:36: Lost braces; missing escapes or markup? 36 | The required format must be {chr}:{start}-{end}", with {chr} denoting the abbreviated chromosome name, and {start} and {end} the begin and end | ^ checkRd: (-1) addData.Rd:36: Lost braces; missing escapes or markup? 36 | The required format must be {chr}:{start}-{end}", with {chr} denoting the abbreviated chromosome name, and {start} and {end} the begin and end | ^ checkRd: (-1) addData.Rd:36: Lost braces; missing escapes or markup? 36 | The required format must be {chr}:{start}-{end}", with {chr} denoting the abbreviated chromosome name, and {start} and {end} the begin and end | ^ checkRd: (-1) addData.Rd:36: Lost braces; missing escapes or markup? 36 | The required format must be {chr}:{start}-{end}", with {chr} denoting the abbreviated chromosome name, and {start} and {end} the begin and end | ^ * checking Rd metadata ... OK * checking Rd cross-references ... OK * checking for missing documentation entries ... OK * checking for code/documentation mismatches ... OK * checking Rd \usage sections ... OK * checking Rd contents ... OK * checking for unstated dependencies in examples ... OK * checking files in 'vignettes' ... OK * checking examples ... OK Examples with CPU (user + system) or elapsed time > 5s user system elapsed addConnections_TF_peak 7.50 2.06 12.00 generateStatsSummary 8.03 0.20 8.71 addSNPData 6.58 0.72 10.67 plotPCA_all 5.25 0.28 5.92 plotDiagnosticPlots_peakGene 4.38 0.30 5.09 * checking for unstated dependencies in vignettes ... OK * checking package vignettes ... OK * checking running R code from vignettes ... SKIPPED * checking re-building of vignette outputs ... SKIPPED * checking PDF version of manual ... OK * DONE Status: 2 WARNINGs, 2 NOTEs See 'F:/biocbuild/bbs-3.19-bioc/meat/GRaNIE.Rcheck/00check.log' for details.
GRaNIE.Rcheck/00install.out
############################################################################## ############################################################################## ### ### Running command: ### ### F:\biocbuild\bbs-3.19-bioc\R\bin\R.exe CMD INSTALL GRaNIE ### ############################################################################## ############################################################################## * installing to library 'F:/biocbuild/bbs-3.19-bioc/R/library' * installing *source* package 'GRaNIE' ... ** using staged installation ** R ** byte-compile and prepare package for lazy loading Warning: replacing previous import 'GenomicRanges::windows' by 'grDevices::windows' when loading 'GRaNIE' ** help *** installing help indices *** copying figures ** building package indices ** installing vignettes ** testing if installed package can be loaded from temporary location Warning: replacing previous import 'GenomicRanges::windows' by 'grDevices::windows' when loading 'GRaNIE' ** testing if installed package can be loaded from final location Warning: replacing previous import 'GenomicRanges::windows' by 'grDevices::windows' when loading 'GRaNIE' ** testing if installed package keeps a record of temporary installation path * DONE (GRaNIE)
GRaNIE.Rcheck/GRaNIE-Ex.timings
name | user | system | elapsed | |
AR_classification_wrapper | 0 | 0 | 0 | |
addConnections_TF_peak | 7.50 | 2.06 | 12.00 | |
addConnections_peak_gene | 3.41 | 0.17 | 4.41 | |
addData | 0 | 0 | 0 | |
addSNPData | 6.58 | 0.72 | 10.67 | |
addTFBS | 0 | 0 | 0 | |
add_TF_gene_correlation | 2.03 | 0.14 | 2.58 | |
add_featureVariation | 0 | 0 | 0 | |
build_eGRN_graph | 2.20 | 0.18 | 2.79 | |
calculateCommunitiesEnrichment | 3.28 | 0.17 | 3.94 | |
calculateCommunitiesStats | 2.33 | 0.09 | 2.83 | |
calculateGeneralEnrichment | 3.60 | 0.08 | 4.09 | |
calculateTFEnrichment | 2.09 | 0.11 | 2.60 | |
changeOutputDirectory | 1.97 | 0.16 | 2.50 | |
deleteIntermediateData | 1.64 | 0.06 | 2.11 | |
filterConnectionsForPlotting | 2.14 | 0.09 | 2.67 | |
filterData | 2.31 | 0.10 | 2.84 | |
filterGRNAndConnectGenes | 2.00 | 0.17 | 2.64 | |
generateStatsSummary | 8.03 | 0.20 | 8.71 | |
getCounts | 2.22 | 0.20 | 2.89 | |
getGRNConnections | 1.78 | 0.07 | 2.20 | |
getGRNSummary | 2.94 | 0.17 | 3.45 | |
getParameters | 2.97 | 0.17 | 3.56 | |
getTopNodes | 2.19 | 0.06 | 2.68 | |
initializeGRN | 0.03 | 0.00 | 0.03 | |
loadExampleObject | 1.94 | 0.19 | 2.54 | |
nGenes | 2.68 | 0.09 | 3.22 | |
nPeaks | 2.07 | 0.07 | 2.53 | |
nTFs | 2.03 | 0.20 | 2.61 | |
overlapPeaksAndTFBS | 2.82 | 0.09 | 3.33 | |
performAllNetworkAnalyses | 0 | 0 | 0 | |
plotCommunitiesEnrichment | 3.54 | 0.27 | 4.35 | |
plotCommunitiesStats | 3.25 | 0.17 | 3.81 | |
plotCorrelations | 2.20 | 0.14 | 2.75 | |
plotDiagnosticPlots_TFPeaks | 4.03 | 0.11 | 4.56 | |
plotDiagnosticPlots_peakGene | 4.38 | 0.30 | 5.09 | |
plotGeneralEnrichment | 2.17 | 0.17 | 2.74 | |
plotGeneralGraphStats | 3.36 | 0.11 | 3.84 | |
plotPCA_all | 5.25 | 0.28 | 5.92 | |
plotTFEnrichment | 2.97 | 0.20 | 3.57 | |
plot_stats_connectionSummary | 2.87 | 0.71 | 3.31 | |
visualizeGRN | 3.53 | 0.46 | 3.87 | |