Back to Multiple platform build/check report for BioC 3.19: simplified long |
|
This page was generated on 2024-05-09 11:41:10 -0400 (Thu, 09 May 2024).
Hostname | OS | Arch (*) | R version | Installed pkgs |
---|---|---|---|---|
nebbiolo1 | Linux (Ubuntu 22.04.3 LTS) | x86_64 | 4.4.0 (2024-04-24) -- "Puppy Cup" | 4748 |
palomino3 | Windows Server 2022 Datacenter | x64 | 4.4.0 (2024-04-24 ucrt) -- "Puppy Cup" | 4484 |
lconway | macOS 12.7.1 Monterey | x86_64 | 4.4.0 (2024-04-24) -- "Puppy Cup" | 4514 |
kunpeng2 | Linux (openEuler 22.03 LTS-SP1) | aarch64 | 4.4.0 beta (2024-04-15 r86425) -- "Puppy Cup" | 4480 |
Click on any hostname to see more info about the system (e.g. compilers) (*) as reported by 'uname -p', except on Windows and Mac OS X |
Package 1410/2300 | Hostname | OS / Arch | INSTALL | BUILD | CHECK | BUILD BIN | ||||||||
ncRNAtools 1.14.0 (landing page) Lara Selles Vidal
| nebbiolo1 | Linux (Ubuntu 22.04.3 LTS) / x86_64 | OK | OK | OK | ![]() | ||||||||
palomino3 | Windows Server 2022 Datacenter / x64 | OK | OK | OK | OK | ![]() | ||||||||
lconway | macOS 12.7.1 Monterey / x86_64 | OK | OK | ERROR | OK | |||||||||
kunpeng2 | Linux (openEuler 22.03 LTS-SP1) / aarch64 | OK | OK | ERROR | ||||||||||
kjohnson3 | macOS 13.6.5 Ventura / arm64 | see weekly results here | ||||||||||||
To the developers/maintainers of the ncRNAtools package: - Allow up to 24 hours (and sometimes 48 hours) for your latest push to git@git.bioconductor.org:packages/ncRNAtools.git to reflect on this report. See Troubleshooting Build Report for more information. - Use the following Renviron settings to reproduce errors and warnings. - If 'R CMD check' started to fail recently on the Linux builder(s) over a missing dependency, add the missing dependency to 'Suggests:' in your DESCRIPTION file. See Renviron.bioc for more information. - See Martin Grigorov's blog post for how to debug Linux ARM64 related issues on a x86_64 host. |
Package: ncRNAtools |
Version: 1.14.0 |
Command: /home/biocbuild/R/R-beta-2024-04-15_r86425/bin/R CMD check --install=check:ncRNAtools.install-out.txt --library=/home/biocbuild/R/R-beta-2024-04-15_r86425/site-library --no-vignettes --timings ncRNAtools_1.14.0.tar.gz |
StartedAt: 2024-05-09 10:00:43 -0000 (Thu, 09 May 2024) |
EndedAt: 2024-05-09 10:05:10 -0000 (Thu, 09 May 2024) |
EllapsedTime: 267.5 seconds |
RetCode: 1 |
Status: ERROR |
CheckDir: ncRNAtools.Rcheck |
Warnings: NA |
############################################################################## ############################################################################## ### ### Running command: ### ### /home/biocbuild/R/R-beta-2024-04-15_r86425/bin/R CMD check --install=check:ncRNAtools.install-out.txt --library=/home/biocbuild/R/R-beta-2024-04-15_r86425/site-library --no-vignettes --timings ncRNAtools_1.14.0.tar.gz ### ############################################################################## ############################################################################## * using log directory ‘/home/biocbuild/bbs-3.19-bioc/meat/ncRNAtools.Rcheck’ * using R version 4.4.0 beta (2024-04-15 r86425) * using platform: aarch64-unknown-linux-gnu * R was compiled by gcc (GCC) 10.3.1 GNU Fortran (GCC) 10.3.1 * running under: openEuler 22.03 (LTS-SP1) * using session charset: UTF-8 * using option ‘--no-vignettes’ * checking for file ‘ncRNAtools/DESCRIPTION’ ... OK * checking extension type ... Package * this is package ‘ncRNAtools’ version ‘1.14.0’ * package encoding: UTF-8 * checking package namespace information ... OK * checking package dependencies ... OK * checking if this is a source package ... OK * checking if there is a namespace ... OK * checking for hidden files and directories ... OK * checking for portable file names ... OK * checking for sufficient/correct file permissions ... OK * checking whether package ‘ncRNAtools’ can be installed ... OK * checking installed package size ... OK * checking package directory ... OK * checking ‘build’ directory ... OK * checking DESCRIPTION meta-information ... OK * checking top-level files ... OK * checking for left-over files ... OK * checking index information ... OK * checking package subdirectories ... OK * checking code files for non-ASCII characters ... OK * checking R files for syntax errors ... OK * checking whether the package can be loaded ... OK * checking whether the package can be loaded with stated dependencies ... OK * checking whether the package can be unloaded cleanly ... OK * checking whether the namespace can be loaded with stated dependencies ... OK * checking whether the namespace can be unloaded cleanly ... OK * checking loading without being on the library search path ... OK * checking dependencies in R code ... OK * checking S3 generic/method consistency ... OK * checking replacement functions ... OK * checking foreign function calls ... OK * checking R code for possible problems ... OK * checking Rd files ... NOTE checkRd: (-1) flattenDotBracket.Rd:17: Lost braces; missing escapes or markup? 17 | "["-"]", "{"-"}", "<"-">", "A"-"a", "B"-"b", "C"-"c" and "D"-"d") to indicate | ^ * checking Rd metadata ... OK * checking Rd cross-references ... OK * checking for missing documentation entries ... OK * checking for code/documentation mismatches ... OK * checking Rd \usage sections ... OK * checking Rd contents ... OK * checking for unstated dependencies in examples ... OK * checking files in ‘vignettes’ ... OK * checking examples ... ERROR Running examples in ‘ncRNAtools-Ex.R’ failed The error most likely occurred in: > base::assign(".ptime", proc.time(), pos = "CheckExEnv") > ### Name: rnaCentralTextSearch > ### Title: Searches the RNAcentral database with a text query > ### Aliases: rnaCentralTextSearch > > ### ** Examples > > # Find RNAcentral entries that correspond to the HOTAIR long noncoding RNA: > > rnaCentralTextSearch("HOTAIR") Error in curl::curl_fetch_memory(url, handle = handle) : Empty reply from server Calls: rnaCentralTextSearch ... request_fetch -> request_fetch.write_memory -> <Anonymous> Execution halted * checking for unstated dependencies in ‘tests’ ... OK * checking tests ... Running ‘runTests.R’ OK * checking for unstated dependencies in vignettes ... OK * checking package vignettes ... OK * checking running R code from vignettes ... SKIPPED * checking re-building of vignette outputs ... SKIPPED * checking PDF version of manual ... OK * DONE Status: 1 ERROR, 1 NOTE See ‘/home/biocbuild/bbs-3.19-bioc/meat/ncRNAtools.Rcheck/00check.log’ for details.
ncRNAtools.Rcheck/00install.out
############################################################################## ############################################################################## ### ### Running command: ### ### /home/biocbuild/R/R-beta-2024-04-15_r86425/bin/R CMD INSTALL ncRNAtools ### ############################################################################## ############################################################################## * installing to library ‘/home/biocbuild/R/R-beta-2024-04-15_r86425/site-library’ * installing *source* package ‘ncRNAtools’ ... ** using staged installation ** R ** inst ** byte-compile and prepare package for lazy loading ** help *** installing help indices ** building package indices ** installing vignettes ** testing if installed package can be loaded from temporary location ** testing if installed package can be loaded from final location ** testing if installed package keeps a record of temporary installation path * DONE (ncRNAtools)
ncRNAtools.Rcheck/tests/runTests.Rout
R version 4.4.0 beta (2024-04-15 r86425) -- "Puppy Cup" Copyright (C) 2024 The R Foundation for Statistical Computing Platform: aarch64-unknown-linux-gnu R is free software and comes with ABSOLUTELY NO WARRANTY. You are welcome to redistribute it under certain conditions. Type 'license()' or 'licence()' for distribution details. R is a collaborative project with many contributors. Type 'contributors()' for more information and 'citation()' on how to cite R or R packages in publications. Type 'demo()' for some demos, 'help()' for on-line help, or 'help.start()' for an HTML browser interface to help. Type 'q()' to quit R. > BiocGenerics:::testPackage("ncRNAtools") Loading required package: stats4 Loading required package: BiocGenerics Attaching package: 'BiocGenerics' The following objects are masked from 'package:stats': IQR, mad, sd, var, xtabs The following objects are masked from 'package:base': Filter, Find, Map, Position, Reduce, anyDuplicated, aperm, append, as.data.frame, basename, cbind, colnames, dirname, do.call, duplicated, eval, evalq, get, grep, grepl, intersect, is.unsorted, lapply, mapply, match, mget, order, paste, pmax, pmax.int, pmin, pmin.int, rank, rbind, rownames, sapply, setdiff, table, tapply, union, unique, unsplit, which.max, which.min Loading required package: S4Vectors Attaching package: 'S4Vectors' The following object is masked from 'package:utils': findMatches The following objects are masked from 'package:base': I, expand.grid, unname Loading required package: IRanges Loading required package: GenomeInfoDb Secondary structure prediction completed. Secondary structure prediction completed. No alternative structures were found. Returning canonical structure. RUNIT TEST PROTOCOL -- Thu May 9 10:05:08 2024 *********************************************** Number of test functions: 0 Number of errors: 0 Number of failures: 0 1 Test Suite : ncRNAtools RUnit Tests - 0 test functions, 0 errors, 0 failures Number of test functions: 0 Number of errors: 0 Number of failures: 0 > > proc.time() user system elapsed 4.410 0.171 25.527
ncRNAtools.Rcheck/ncRNAtools-Ex.timings
name | user | system | elapsed | |
findPairedBases | 0.044 | 0.000 | 0.045 | |
flattenDotBracket | 0.001 | 0.000 | 0.000 | |
generatePairsProbabilityMatrix | 0.056 | 0.004 | 0.061 | |
pairsToSecondaryStructure | 0.01 | 0.00 | 0.01 | |
plotCompositePairsMatrix | 0.857 | 0.028 | 0.887 | |
plotPairsProbabilityMatrix | 0.561 | 0.040 | 0.602 | |
predictAlternativeSecondaryStructures | 0.112 | 0.060 | 15.218 | |
predictSecondaryStructure | 0.032 | 0.004 | 2.020 | |
readCT | 0.005 | 0.000 | 0.006 | |
readDotBracket | 0.002 | 0.000 | 0.001 | |
rnaCentralGenomicCoordinatesSearch | 0.606 | 0.088 | 5.605 | |
rnaCentralRetrieveEntry | 0.010 | 0.000 | 0.351 | |