Back to Long Tests report for BioC 3.19

This page was generated on 2024-10-12 23:55 -0400 (Sat, 12 Oct 2024).

HostnameOSArch (*)R versionInstalled pkgs
nebbiolo1Linux (Ubuntu 22.04.3 LTS)x86_644.4.1 (2024-06-14) -- "Race for Your Life" 4763
palomino7Windows Server 2022 Datacenterx644.4.1 (2024-06-14 ucrt) -- "Race for Your Life" 4500
merida1macOS 12.7.5 Montereyx86_644.4.1 (2024-06-14) -- "Race for Your Life" 4529
Click on any hostname to see more info about the system (e.g. compilers)      (*) as reported by 'uname -p', except on Windows and Mac OS X

Package 32/33HostnameOS / ArchCHECK
xcms 4.2.3  (landing page)
Steffen Neumann
Snapshot Date: 2024-10-12 09:55 -0400 (Sat, 12 Oct 2024)
git_url: https://git.bioconductor.org/packages/xcms
git_branch: RELEASE_3_19
git_last_commit: beace7b
git_last_commit_date: 2024-08-19 05:13:06 -0400 (Mon, 19 Aug 2024)
nebbiolo1Linux (Ubuntu 22.04.3 LTS) / x86_64  ERROR  
palomino7Windows Server 2022 Datacenter / x64  ERROR  
merida1macOS 12.7.5 Monterey / x86_64  ERROR  


CHECK results for xcms on merida1

To the developers/maintainers of the xcms package:
- Use the following Renviron settings to reproduce errors and warnings.
- If 'R CMD check' started to fail recently on the Linux builder(s) over a missing dependency, add the missing dependency to 'Suggests:' in your DESCRIPTION file. See Renviron.bioc for more information.

raw results


Summary

Package: xcms
Version: 4.2.3
Command: /Library/Frameworks/R.framework/Resources/bin/R CMD check --test-dir=longtests --no-stop-on-test-error --no-codoc --no-examples --no-manual --ignore-vignettes --check-subdirs=no xcms_4.2.3.tar.gz
StartedAt: 2024-10-12 16:24:33 -0400 (Sat, 12 Oct 2024)
EndedAt: 2024-10-12 16:24:38 -0400 (Sat, 12 Oct 2024)
EllapsedTime: 4.5 seconds
RetCode: 1
Status:   ERROR  
CheckDir: xcms.Rcheck
Warnings: NA

Tests output


'R CMD check' output

##############################################################################
##############################################################################
###
### Running command:
###
###   /Library/Frameworks/R.framework/Resources/bin/R CMD check --test-dir=longtests --no-stop-on-test-error --no-codoc --no-examples --no-manual --ignore-vignettes --check-subdirs=no xcms_4.2.3.tar.gz
###
##############################################################################
##############################################################################


* using log directory ‘/Users/biocbuild/bbs-3.19-bioc-longtests/meat/xcms.Rcheck’
* using R version 4.4.1 (2024-06-14)
* using platform: x86_64-apple-darwin20
* R was compiled by
    Apple clang version 14.0.0 (clang-1400.0.29.202)
    GNU Fortran (GCC) 12.2.0
* running under: macOS Monterey 12.7.6
* using session charset: UTF-8
* using options ‘--no-codoc --no-examples --no-manual --ignore-vignettes --no-stop-on-test-error’
* checking for file ‘xcms/DESCRIPTION’ ... OK
* this is package ‘xcms’ version ‘4.2.3’
* package encoding: UTF-8
* checking package namespace information ... OK
* checking package dependencies ... ERROR
Package suggested but not available: ‘faahKO’

The suggested packages are required for a complete check.
Checking can be attempted without them by setting the environment
variable _R_CHECK_FORCE_SUGGESTS_ to a false value.

See section ‘The DESCRIPTION file’ in the ‘Writing R Extensions’
manual.
* DONE

Status: 1 ERROR
See
  ‘/Users/biocbuild/bbs-3.19-bioc-longtests/meat/xcms.Rcheck/00check.log’
for details.


Installation output