Back to Build/check report for BioC 3.19 annotations
ABCDEFGHIJKLMNOPQR[S]TUVWXYZ

This page was generated on 2024-10-16 08:30 -0400 (Wed, 16 Oct 2024).

HostnameOSArch (*)R versionInstalled pkgs
nebbiolo1Linux (Ubuntu 22.04.3 LTS)x86_644.4.1 (2024-06-14) -- "Race for Your Life" 4763
Click on any hostname to see more info about the system (e.g. compilers)      (*) as reported by 'uname -p', except on Windows and Mac OS X

Package 44/46HostnameOS / ArchINSTALLBUILDCHECK
synaptome.db 0.99.16  (landing page)
Oksana Sorokina
Snapshot Date: 2024-10-16 06:00 -0400 (Wed, 16 Oct 2024)
git_url: https://git.bioconductor.org/packages/synaptome.db
git_branch: RELEASE_3_19
git_last_commit: 810fa05
git_last_commit_date: 2024-07-15 19:34:01 -0400 (Mon, 15 Jul 2024)
nebbiolo1Linux (Ubuntu 22.04.3 LTS) / x86_64  OK    OK    WARNINGS  UNNEEDED, same version is already published


CHECK results for synaptome.db on nebbiolo1

To the developers/maintainers of the synaptome.db package:
- Use the following Renviron settings to reproduce errors and warnings.
- If 'R CMD check' started to fail recently on the Linux builder(s) over a missing dependency, add the missing dependency to 'Suggests:' in your DESCRIPTION file. See Renviron.bioc for more information.

raw results


Summary

Package: synaptome.db
Version: 0.99.16
Command: /home/biocbuild/bbs-3.19-bioc/R/bin/R CMD check --install=check:synaptome.db.install-out.txt --library=/home/biocbuild/bbs-3.19-bioc/R/site-library --timings synaptome.db_0.99.16.tar.gz
StartedAt: 2024-10-16 06:35:04 -0400 (Wed, 16 Oct 2024)
EndedAt: 2024-10-16 06:38:45 -0400 (Wed, 16 Oct 2024)
EllapsedTime: 220.3 seconds
RetCode: 0
Status:   WARNINGS  
CheckDir: synaptome.db.Rcheck
Warnings: 1

Command output

##############################################################################
##############################################################################
###
### Running command:
###
###   /home/biocbuild/bbs-3.19-bioc/R/bin/R CMD check --install=check:synaptome.db.install-out.txt --library=/home/biocbuild/bbs-3.19-bioc/R/site-library --timings synaptome.db_0.99.16.tar.gz
###
##############################################################################
##############################################################################


* using log directory ‘/home/biocbuild/bbs-3.19-data-annotation/meat/synaptome.db.Rcheck’
* using R version 4.4.1 (2024-06-14)
* using platform: x86_64-pc-linux-gnu
* R was compiled by
    gcc (Ubuntu 11.4.0-1ubuntu1~22.04) 11.4.0
    GNU Fortran (Ubuntu 11.4.0-1ubuntu1~22.04) 11.4.0
* running under: Ubuntu 22.04.5 LTS
* using session charset: UTF-8
* checking for file ‘synaptome.db/DESCRIPTION’ ... OK
* checking extension type ... Package
* this is package ‘synaptome.db’ version ‘0.99.16’
* package encoding: UTF-8
* checking package namespace information ... OK
* checking package dependencies ... OK
* checking if this is a source package ... OK
* checking if there is a namespace ... OK
* checking for hidden files and directories ... OK
* checking for portable file names ... OK
* checking for sufficient/correct file permissions ... OK
* checking whether package ‘synaptome.db’ can be installed ... OK
* checking installed package size ... OK
* checking package directory ... OK
* checking ‘build’ directory ... OK
* checking DESCRIPTION meta-information ... OK
* checking top-level files ... OK
* checking for left-over files ... OK
* checking index information ... OK
* checking package subdirectories ... OK
* checking code files for non-ASCII characters ... OK
* checking R files for syntax errors ... OK
* checking whether the package can be loaded ... OK
* checking whether the package can be loaded with stated dependencies ... OK
* checking whether the package can be unloaded cleanly ... OK
* checking whether the namespace can be loaded with stated dependencies ... OK
* checking whether the namespace can be unloaded cleanly ... OK
* checking loading without being on the library search path ... OK
* checking whether startup messages can be suppressed ... NOTE
Using 'localHub=TRUE'
  If offline, please also see BiocManager vignette section on offline use
loading from cache

It looks like this package (or a package it requires) has a startup
message which cannot be suppressed: see ?packageStartupMessage.
* checking dependencies in R code ... WARNING
'::' or ':::' import not declared from: ‘BioNAR’
* checking S3 generic/method consistency ... OK
* checking replacement functions ... OK
* checking foreign function calls ... OK
* checking R code for possible problems ... OK
* checking Rd files ... NOTE
checkRd: (-1) findGeneByCompartmentPaperCnt.Rd:28: Lost braces; missing escapes or markup?
    28 | Other {Gene functions}: 
       |       ^
checkRd: (-1) findGeneByPaperCnt.Rd:28: Lost braces; missing escapes or markup?
    28 | Other {Gene functions}: 
       |       ^
checkRd: (-1) findGeneByPapers.Rd:33: Lost braces; missing escapes or markup?
    33 | Other {Gene functions}: 
       |       ^
checkRd: (-1) findGenesByEntrez.Rd:36: Lost braces; missing escapes or markup?
    36 | Other {Lookup functions}: 
       |       ^
checkRd: (-1) findGenesByEntrez.Rd:39: Lost braces; missing escapes or markup?
    39 | Other {Gene functions}: 
       |       ^
checkRd: (-1) findGenesByName.Rd:34: Lost braces; missing escapes or markup?
    34 | Other {Lookup functions}: 
       |       ^
checkRd: (-1) findGenesByName.Rd:37: Lost braces; missing escapes or markup?
    37 | Other {Gene functions}: 
       |       ^
checkRd: (-1) getAllGenes4BrainRegion.Rd:44: Lost braces; missing escapes or markup?
    44 | Other {BrainRegion functions}: 
       |       ^
checkRd: (-1) getAllGenes4BrainRegion.Rd:49: Lost braces; missing escapes or markup?
    49 | Other {BrainRegion Gene functions}: 
       |       ^
checkRd: (-1) getAllGenes4Compartment.Rd:25: Lost braces; missing escapes or markup?
    25 | Other {Gene functions}: 
       |       ^
checkRd: (-1) getAllGenes4Compartment.Rd:34: Lost braces; missing escapes or markup?
    34 | Other {Compartment functions}: 
       |       ^
checkRd: (-1) getBrainRegions.Rd:27: Lost braces; missing escapes or markup?
    27 | Other {BrainRegion functions}: 
       |       ^
checkRd: (-1) getCompartments.Rd:21: Lost braces; missing escapes or markup?
    21 | Other {Compartment functions}: 
       |       ^
checkRd: (-1) getGeneDiseaseByEntres.Rd:30: Lost braces; missing escapes or markup?
    30 | Other {Disease functions}: 
       |       ^
checkRd: (-1) getGeneDiseaseByIDs.Rd:30: Lost braces; missing escapes or markup?
    30 | Other {Disease functions}: 
       |       ^
checkRd: (-1) getGeneDiseaseByName.Rd:24: Lost braces; missing escapes or markup?
    24 | Other {Disease functions}: 
       |       ^
checkRd: (-1) getGeneInfoByEntrez.Rd:39: Lost braces; missing escapes or markup?
    39 | Other {GeneInfo functions}: 
       |       ^
checkRd: (-1) getGeneInfoByIDs.Rd:50: Lost braces; missing escapes or markup?
    50 | Other {GeneInfo functions}: 
       |       ^
checkRd: (-1) getGeneInfoByName.Rd:54: Lost braces; missing escapes or markup?
    54 | Other {GeneInfo functions}: 
       |       ^
checkRd: (-1) getGeneInfoByPapers.Rd:58: Lost braces; missing escapes or markup?
    58 | Other {GeneInfo functions}: 
       |       ^
checkRd: (-1) getGenes4BrainRegion.Rd:49: Lost braces; missing escapes or markup?
    49 | Other {BrainRegion functions}: 
       |       ^
checkRd: (-1) getGenes4BrainRegion.Rd:54: Lost braces; missing escapes or markup?
    54 | Other {BrainRegion Gene functions}: 
       |       ^
checkRd: (-1) getGenes4Compartment.Rd:34: Lost braces; missing escapes or markup?
    34 | Other {Gene functions}: 
       |       ^
checkRd: (-1) getGenes4Compartment.Rd:43: Lost braces; missing escapes or markup?
    43 | Other {Compartment functions}: 
       |       ^
checkRd: (-1) getGenesByID.Rd:33: Lost braces; missing escapes or markup?
    33 | Other {Gene functions}: 
       |       ^
checkRd: (-1) getIGraphFromPPI.Rd:40: Lost braces; missing escapes or markup?
    40 | Other {PPI functions}: 
       |       ^
checkRd: (-1) getMutations4DiseaseByEntres.Rd:31: Lost braces; missing escapes or markup?
    31 | Other {Mutation functions}: 
       |       ^
checkRd: (-1) getMutations4DiseaseByIDs.Rd:54: Lost braces; missing escapes or markup?
    54 | Other {Mutation functions}: 
       |       ^
checkRd: (-1) getMutations4DiseaseByName.Rd:33: Lost braces; missing escapes or markup?
    33 | Other {Mutation functions}: 
       |       ^
checkRd: (-1) getPPIbyEntrez.Rd:42: Lost braces; missing escapes or markup?
    42 | Other {PPI functions}: 
       |       ^
checkRd: (-1) getPPIbyIDs.Rd:42: Lost braces; missing escapes or markup?
    42 | Other {PPI functions}: 
       |       ^
checkRd: (-1) getPPIbyIDs4BrainRegion.Rd:56: Lost braces; missing escapes or markup?
    56 | Other {PPI functions}: 
       |       ^
checkRd: (-1) getPPIbyIDs4BrainRegion.Rd:64: Lost braces; missing escapes or markup?
    64 | Other {BrainRegion functions}: 
       |       ^
checkRd: (-1) getPPIbyIDs4Compartment.Rd:39: Lost braces; missing escapes or markup?
    39 | Other {PPI functions}: 
       |       ^
checkRd: (-1) getPPIbyIDs4Compartment.Rd:47: Lost braces; missing escapes or markup?
    47 | Other {Compartment functions}: 
       |       ^
checkRd: (-1) getPPIbyName.Rd:44: Lost braces; missing escapes or markup?
    44 | Other {PPI functions}: 
       |       ^
checkRd: (-1) getTableFromPPI.Rd:44: Lost braces; missing escapes or markup?
    44 | Other {PPI functions}: 
       |       ^
* checking Rd metadata ... OK
* checking Rd cross-references ... OK
* checking for missing documentation entries ... OK
* checking for code/documentation mismatches ... OK
* checking Rd \usage sections ... OK
* checking Rd contents ... OK
* checking for unstated dependencies in examples ... OK
* checking files in ‘vignettes’ ... OK
* checking examples ... OK
* checking for unstated dependencies in ‘tests’ ... OK
* checking tests ...
  Running ‘testthat.R’
 OK
* checking for unstated dependencies in vignettes ... OK
* checking package vignettes ... OK
* checking re-building of vignette outputs ... OK
* checking PDF version of manual ... OK
* DONE

Status: 1 WARNING, 2 NOTEs
See
  ‘/home/biocbuild/bbs-3.19-data-annotation/meat/synaptome.db.Rcheck/00check.log’
for details.


Installation output

synaptome.db.Rcheck/00install.out

##############################################################################
##############################################################################
###
### Running command:
###
###   /home/biocbuild/bbs-3.19-bioc/R/bin/R CMD INSTALL synaptome.db
###
##############################################################################
##############################################################################


* installing to library ‘/home/biocbuild/bbs-3.19-bioc/R/site-library’
* installing *source* package ‘synaptome.db’ ...
** using staged installation
** R
** inst
** byte-compile and prepare package for lazy loading
** help
Loading required namespace: synaptome.db
Using 'localHub=TRUE'
  If offline, please also see BiocManager vignette section on offline use
loading from cache
*** installing help indices
** building package indices
** installing vignettes
** testing if installed package can be loaded from temporary location
Using 'localHub=TRUE'
  If offline, please also see BiocManager vignette section on offline use
loading from cache
** testing if installed package can be loaded from final location
Using 'localHub=TRUE'
  If offline, please also see BiocManager vignette section on offline use
loading from cache
** testing if installed package keeps a record of temporary installation path
* DONE (synaptome.db)

Tests output

synaptome.db.Rcheck/tests/testthat.Rout


R version 4.4.1 (2024-06-14) -- "Race for Your Life"
Copyright (C) 2024 The R Foundation for Statistical Computing
Platform: x86_64-pc-linux-gnu

R is free software and comes with ABSOLUTELY NO WARRANTY.
You are welcome to redistribute it under certain conditions.
Type 'license()' or 'licence()' for distribution details.

R is a collaborative project with many contributors.
Type 'contributors()' for more information and
'citation()' on how to cite R or R packages in publications.

Type 'demo()' for some demos, 'help()' for on-line help, or
'help.start()' for an HTML browser interface to help.
Type 'q()' to quit R.

> library("testthat")
> test_check("synaptome.db")
Loading required package: synaptome.db
Loading required package: synaptome.data
Loading required package: AnnotationHub
Loading required package: BiocGenerics

Attaching package: 'BiocGenerics'

The following objects are masked from 'package:stats':

    IQR, mad, sd, var, xtabs

The following objects are masked from 'package:base':

    Filter, Find, Map, Position, Reduce, anyDuplicated, aperm, append,
    as.data.frame, basename, cbind, colnames, dirname, do.call,
    duplicated, eval, evalq, get, grep, grepl, intersect, is.unsorted,
    lapply, mapply, match, mget, order, paste, pmax, pmax.int, pmin,
    pmin.int, rank, rbind, rownames, sapply, setdiff, table, tapply,
    union, unique, unsplit, which.max, which.min

Loading required package: BiocFileCache
Loading required package: dbplyr
Using 'localHub=TRUE'
  If offline, please also see BiocManager vignette section on offline use
loading from cache
[ FAIL 0 | WARN 0 | SKIP 0 | PASS 54 ]
Warning message:
call dbDisconnect() when finished working with a connection 
> 
> proc.time()
   user  system elapsed 
 11.048   0.848  12.043 

Example timings

synaptome.db.Rcheck/synaptome.db-Ex.timings

nameusersystemelapsed
findGeneByCompartmentPaperCnt0.1970.0560.253
findGeneByPaperCnt0.1870.0240.211
findGeneByPapers1.9420.1202.062
findGenesByEntrez0.0920.0040.096
findGenesByName0.0960.0000.096
getAllGenes4BrainRegion0.1170.0040.120
getAllGenes4Compartment0.1510.0160.167
getBrainRegions0.0150.0000.016
getCompartments0.0100.0040.015
getGeneDiseaseByEntres0.1050.0000.105
getGeneDiseaseByIDs0.2340.0200.253
getGeneDiseaseByName0.1080.0040.112
getGeneIdByCompartmentPaperCnt0.1420.0160.157
getGeneIdByEntrez0.0440.0000.044
getGeneIdByName0.0470.0000.047
getGeneIdByPaperCnt0.0690.0080.077
getGeneIdByPapers1.5820.0761.658
getGeneInfoByEntrez0.5440.0080.553
getGeneInfoByIDs0.160.000.16
getGeneInfoByName0.3750.0040.378
getGeneInfoByPapers2.1180.0602.177
getGenes4BrainRegion0.0750.0040.079
getGenes4Compartment0.0900.0000.091
getGenesByID0.0540.0000.053
getIGraphFromPPI0.1650.0160.181
getMutDiseaseQuery0.0760.0160.092
getMutations4DiseaseByEntres0.2270.0120.243
getMutations4DiseaseByIDs0.1420.0000.142
getMutations4DiseaseByName0.1880.0000.188
getPPIbyEntrez0.1020.0000.102
getPPIbyIDs0.1040.0120.116
getPPIbyIDs4BrainRegion0.3770.0280.405
getPPIbyIDs4Compartment0.3070.0280.335
getPPIbyName0.0970.0040.102
getPapers0.2920.0320.324
getTableFromPPI0.1510.0120.163
graphFromSynaptomeByEntrez0.3820.0280.410
graphFromSynaptomeGeneTable0.2420.0070.251