UniProt.ws 2.10.0 Bioconductor Package Maintainer
Snapshot Date: 2015-10-26 19:24:07 -0400 (Mon, 26 Oct 2015) | URL: https://hedgehog.fhcrc.org/bioconductor/branches/RELEASE_3_2/madman/Rpacks/UniProt.ws | Last Changed Rev: 109589 / Revision: 109947 | Last Changed Date: 2015-10-13 15:36:05 -0400 (Tue, 13 Oct 2015) |
| linux1.bioconductor.org | Linux (Ubuntu 14.04.2 LTS) / x86_64 | OK | OK | WARNINGS | | ![UNNEEDED, same version exists in internal repository UNNEEDED, same version exists in internal repository](../120px-Blue_Light_Icon.svg.png) |
windows1.bioconductor.org | Windows Server 2012 R2 Enterprise SP1 (64-bit) / x64 | OK | OK | [ WARNINGS ] | OK | ![UNNEEDED, same version exists in internal repository UNNEEDED, same version exists in internal repository](../120px-Blue_Light_Icon.svg.png) |
perceval | Mac OS X Snow Leopard (10.6.8) / x86_64 | OK | OK | WARNINGS | OK | ![UNNEEDED, same version exists in internal repository UNNEEDED, same version exists in internal repository](../120px-Blue_Light_Icon.svg.png) |
oaxaca | Mac OS X Mavericks (10.9.5) / x86_64 | OK | OK | WARNINGS | OK | ![UNNEEDED, same version exists in internal repository UNNEEDED, same version exists in internal repository](../120px-Blue_Light_Icon.svg.png) |
##############################################################################
##############################################################################
###
### Running command:
###
### rm -rf UniProt.ws.buildbin-libdir UniProt.ws.Rcheck && mkdir UniProt.ws.buildbin-libdir UniProt.ws.Rcheck && C:\biocbld\bbs-3.2-bioc\R\bin\R.exe CMD INSTALL --build --merge-multiarch --library=UniProt.ws.buildbin-libdir UniProt.ws_2.10.0.tar.gz >UniProt.ws.Rcheck\00install.out 2>&1 && cp UniProt.ws.Rcheck\00install.out UniProt.ws-install.out && C:\biocbld\bbs-3.2-bioc\R\bin\R.exe CMD check --library=UniProt.ws.buildbin-libdir --install="check:UniProt.ws-install.out" --force-multiarch --no-vignettes --timings UniProt.ws_2.10.0.tar.gz
###
##############################################################################
##############################################################################
* using log directory 'C:/biocbld/bbs-3.2-bioc/meat/UniProt.ws.Rcheck'
* using R version 3.2.2 Patched (2015-08-16 r69094)
* using platform: x86_64-w64-mingw32 (64-bit)
* using session charset: ISO8859-1
* using option '--no-vignettes'
* checking for file 'UniProt.ws/DESCRIPTION' ... OK
* checking extension type ... Package
* this is package 'UniProt.ws' version '2.10.0'
* checking package namespace information ... OK
* checking package dependencies ... OK
* checking if this is a source package ... OK
* checking if there is a namespace ... OK
* checking for hidden files and directories ... OK
* checking for portable file names ... OK
* checking whether package 'UniProt.ws' can be installed ... OK
* checking installed package size ... OK
* checking package directory ... OK
* checking 'build' directory ... OK
* checking DESCRIPTION meta-information ... NOTE
Package listed in more than one of Depends, Imports, Suggests, Enhances:
'BiocGenerics'
A package should be listed in only one of these fields.
* checking top-level files ... OK
* checking for left-over files ... OK
* checking index information ... OK
* checking package subdirectories ... OK
* checking R files for non-ASCII characters ... OK
* checking R files for syntax errors ... OK
* loading checks for arch 'i386'
** checking whether the package can be loaded ... OK
** checking whether the package can be loaded with stated dependencies ... OK
** checking whether the package can be unloaded cleanly ... OK
** checking whether the namespace can be loaded with stated dependencies ... OK
** checking whether the namespace can be unloaded cleanly ... OK
* loading checks for arch 'x64'
** checking whether the package can be loaded ... OK
** checking whether the package can be loaded with stated dependencies ... OK
** checking whether the package can be unloaded cleanly ... OK
** checking whether the namespace can be loaded with stated dependencies ... OK
** checking whether the namespace can be unloaded cleanly ... OK
* checking dependencies in R code ... NOTE
Packages in Depends field not imported from:
'RCurl' 'RSQLite' 'methods'
These packages need to be imported from (in the NAMESPACE file)
for when this namespace is loaded but not attached.
Unexported objects imported by ':::' calls:
'AnnotationDbi:::.colsArgumentWarning' 'AnnotationDbi:::.resort'
See the note in ?`:::` about the use of this operator.
* checking S3 generic/method consistency ... OK
* checking replacement functions ... OK
* checking foreign function calls ... OK
* checking R code for possible problems ... NOTE
.tryGetResult: no visible global function definition for 'getForm'
* checking Rd files ... OK
* checking Rd metadata ... OK
* checking Rd cross-references ... OK
* checking for missing documentation entries ... OK
* checking for code/documentation mismatches ... OK
* checking Rd \usage sections ... WARNING
Undocumented arguments in documentation object 'UniProt.ws-objects'
'object'
Functions with \usage entries need to have the appropriate \alias
entries, and all their arguments documented.
The \usage entries must correspond to syntactically valid R code.
See chapter 'Writing R documentation files' in the 'Writing R
Extensions' manual.
* checking Rd contents ... OK
* checking for unstated dependencies in examples ... OK
* checking installed files from 'inst/doc' ... OK
* checking files in 'vignettes' ... OK
* checking examples ...
** running examples for arch 'i386' ... [87s] OK
Examples with CPU or elapsed time > 5s
user system elapsed
UniProtWS-class 9.99 2.39 53.41
colsAndKeytypes 6.11 1.73 30.66
** running examples for arch 'x64' ... [84s] OK
Examples with CPU or elapsed time > 5s
user system elapsed
UniProtWS-class 6.74 2.22 50.52
colsAndKeytypes 4.18 1.47 29.75
* checking for unstated dependencies in 'tests' ... OK
* checking tests ...
** running tests for arch 'i386' ...
Running 'UniProt.ws_unit_tests.R' [88s]
[88s] OK
** running tests for arch 'x64' ...
Running 'UniProt.ws_unit_tests.R' [82s]
[82s] OK
* checking for unstated dependencies in vignettes ... OK
* checking package vignettes in 'inst/doc' ... OK
* checking running R code from vignettes ... SKIPPED
* checking re-building of vignette outputs ... SKIPPED
* checking PDF version of manual ... OK
* DONE
Status: 1 WARNING, 3 NOTEs
See
'C:/biocbld/bbs-3.2-bioc/meat/UniProt.ws.Rcheck/00check.log'
for details.
install for i386
* installing *source* package 'UniProt.ws' ...
** R
** inst
** preparing package for lazy loading
** help
*** installing help indices
** building package indices
** installing vignettes
** testing if installed package can be loaded
install for x64
* installing *source* package 'UniProt.ws' ...
** testing if installed package can be loaded
* MD5 sums
packaged installation of 'UniProt.ws' as UniProt.ws_2.10.0.zip
* DONE (UniProt.ws)