Back to Multiple platform build/check report for BioC 3.20: simplified long |
|
This page was generated on 2025-02-06 12:11 -0500 (Thu, 06 Feb 2025).
Hostname | OS | Arch (*) | R version | Installed pkgs |
---|---|---|---|---|
nebbiolo2 | Linux (Ubuntu 24.04.1 LTS) | x86_64 | 4.4.2 (2024-10-31) -- "Pile of Leaves" | 4753 |
palomino8 | Windows Server 2022 Datacenter | x64 | 4.4.2 (2024-10-31 ucrt) -- "Pile of Leaves" | 4501 |
merida1 | macOS 12.7.5 Monterey | x86_64 | 4.4.2 (2024-10-31) -- "Pile of Leaves" | 4524 |
kjohnson1 | macOS 13.6.6 Ventura | arm64 | 4.4.2 (2024-10-31) -- "Pile of Leaves" | 4476 |
taishan | Linux (openEuler 24.03 LTS) | aarch64 | 4.4.2 (2024-10-31) -- "Pile of Leaves" | 4407 |
Click on any hostname to see more info about the system (e.g. compilers) (*) as reported by 'uname -p', except on Windows and Mac OS X |
Package 104/2289 | Hostname | OS / Arch | INSTALL | BUILD | CHECK | BUILD BIN | ||||||||
ASpli 2.16.0 (landing page) Ariel Chernomoretz
| nebbiolo2 | Linux (Ubuntu 24.04.1 LTS) / x86_64 | OK | OK | WARNINGS | ![]() | ||||||||
palomino8 | Windows Server 2022 Datacenter / x64 | OK | OK | WARNINGS | OK | ![]() | ||||||||
merida1 | macOS 12.7.5 Monterey / x86_64 | OK | OK | WARNINGS | OK | ![]() | ||||||||
kjohnson1 | macOS 13.6.6 Ventura / arm64 | OK | OK | WARNINGS | OK | ![]() | ||||||||
taishan | Linux (openEuler 24.03 LTS) / aarch64 | OK | OK | WARNINGS | ||||||||||
To the developers/maintainers of the ASpli package: - Allow up to 24 hours (and sometimes 48 hours) for your latest push to git@git.bioconductor.org:packages/ASpli.git to reflect on this report. See Troubleshooting Build Report for more information. - Use the following Renviron settings to reproduce errors and warnings. - If 'R CMD check' started to fail recently on the Linux builder(s) over a missing dependency, add the missing dependency to 'Suggests:' in your DESCRIPTION file. See Renviron.bioc for more information. - See Martin Grigorov's blog post for how to debug Linux ARM64 related issues on a x86_64 host. |
Package: ASpli |
Version: 2.16.0 |
Command: /home/biocbuild/R/R/bin/R CMD check --install=check:ASpli.install-out.txt --library=/home/biocbuild/R/R/site-library --no-vignettes --timings ASpli_2.16.0.tar.gz |
StartedAt: 2025-02-04 04:26:34 -0000 (Tue, 04 Feb 2025) |
EndedAt: 2025-02-04 04:49:35 -0000 (Tue, 04 Feb 2025) |
EllapsedTime: 1381.0 seconds |
RetCode: 0 |
Status: WARNINGS |
CheckDir: ASpli.Rcheck |
Warnings: 1 |
############################################################################## ############################################################################## ### ### Running command: ### ### /home/biocbuild/R/R/bin/R CMD check --install=check:ASpli.install-out.txt --library=/home/biocbuild/R/R/site-library --no-vignettes --timings ASpli_2.16.0.tar.gz ### ############################################################################## ############################################################################## * using log directory ‘/home/biocbuild/bbs-3.20-bioc/meat/ASpli.Rcheck’ * using R version 4.4.2 (2024-10-31) * using platform: aarch64-unknown-linux-gnu * R was compiled by aarch64-unknown-linux-gnu-gcc (GCC) 14.2.0 GNU Fortran (GCC) 12.3.1 (openEuler 12.3.1-36.oe2403) * running under: openEuler 24.03 (LTS) * using session charset: UTF-8 * using option ‘--no-vignettes’ * checking for file ‘ASpli/DESCRIPTION’ ... OK * checking extension type ... Package * this is package ‘ASpli’ version ‘2.16.0’ * checking package namespace information ... OK * checking package dependencies ... OK * checking if this is a source package ... OK * checking if there is a namespace ... OK * checking for hidden files and directories ... OK * checking for portable file names ... OK * checking for sufficient/correct file permissions ... OK * checking whether package ‘ASpli’ can be installed ... WARNING Found the following significant warnings: Warning: replacing previous import ‘utils::findMatches’ by ‘S4Vectors::findMatches’ when loading ‘ASpli’ See ‘/home/biocbuild/bbs-3.20-bioc/meat/ASpli.Rcheck/00install.out’ for details. * checking installed package size ... OK * checking package directory ... OK * checking ‘build’ directory ... OK * checking DESCRIPTION meta-information ... OK * checking top-level files ... OK * checking for left-over files ... OK * checking index information ... OK * checking package subdirectories ... OK * checking code files for non-ASCII characters ... OK * checking R files for syntax errors ... OK * checking whether the package can be loaded ... OK * checking whether the package can be loaded with stated dependencies ... OK * checking whether the package can be unloaded cleanly ... OK * checking whether the namespace can be loaded with stated dependencies ... OK * checking whether the namespace can be unloaded cleanly ... OK * checking loading without being on the library search path ... OK * checking dependencies in R code ... NOTE Namespace in Imports field not imported from: 'txdbmaker' All declared Imports should be used. * checking S3 generic/method consistency ... OK * checking replacement functions ... OK * checking foreign function calls ... OK * checking R code for possible problems ... OK * checking Rd files ... OK * checking Rd metadata ... OK * checking Rd cross-references ... OK * checking for missing documentation entries ... OK * checking for code/documentation mismatches ... OK * checking Rd \usage sections ... OK * checking Rd contents ... OK * checking for unstated dependencies in examples ... OK * checking installed files from ‘inst/doc’ ... OK * checking files in ‘vignettes’ ... OK * checking examples ... OK Examples with CPU (user + system) or elapsed time > 5s user system elapsed ASpli-package 119.235 0.439 167.515 exportIntegratedSignals 64.696 0.261 83.008 integrateSignals 63.947 0.036 89.644 exportSplicingReports 62.945 0.058 85.280 jDUreport 61.639 0.011 85.752 splicingReport 61.544 0.035 79.622 jCounts-methods 61.084 0.017 97.508 gbDUreport-method 54.096 0.008 74.045 gbCounts 53.225 0.064 65.605 binGenome 4.700 0.000 6.038 * checking for unstated dependencies in vignettes ... OK * checking package vignettes ... OK * checking running R code from vignettes ... SKIPPED * checking re-building of vignette outputs ... SKIPPED * checking PDF version of manual ... OK * DONE Status: 1 WARNING, 1 NOTE See ‘/home/biocbuild/bbs-3.20-bioc/meat/ASpli.Rcheck/00check.log’ for details.
ASpli.Rcheck/00install.out
############################################################################## ############################################################################## ### ### Running command: ### ### /home/biocbuild/R/R/bin/R CMD INSTALL ASpli ### ############################################################################## ############################################################################## * installing to library ‘/home/biocbuild/R/R-4.4.2/site-library’ * installing *source* package ‘ASpli’ ... ** using staged installation ** R ** inst ** byte-compile and prepare package for lazy loading Warning: replacing previous import ‘utils::findMatches’ by ‘S4Vectors::findMatches’ when loading ‘ASpli’ ** help *** installing help indices ** building package indices ** installing vignettes ** testing if installed package can be loaded from temporary location Warning: replacing previous import ‘utils::findMatches’ by ‘S4Vectors::findMatches’ when loading ‘ASpli’ ** testing if installed package can be loaded from final location Warning: replacing previous import ‘utils::findMatches’ by ‘S4Vectors::findMatches’ when loading ‘ASpli’ ** testing if installed package keeps a record of temporary installation path * DONE (ASpli)
ASpli.Rcheck/ASpli-Ex.timings
name | user | system | elapsed | |
ASpli-package | 119.235 | 0.439 | 167.515 | |
DUreport | 0 | 0 | 0 | |
DUreport.norm | 0 | 0 | 0 | |
DUreport.offset | 0 | 0 | 0 | |
DUreportBinSplice-method | 0 | 0 | 0 | |
acc_AS | 0 | 0 | 0 | |
acc_DU | 0 | 0 | 0 | |
acc_counts | 0 | 0 | 0 | |
acc_features | 0.254 | 0.000 | 0.295 | |
binGenome | 4.700 | 0.000 | 6.038 | |
containsJunctions-function | 0 | 0 | 0 | |
example_data | 0 | 0 | 0 | |
exportIntegratedSignals | 64.696 | 0.261 | 83.008 | |
exportSplicingReports | 62.945 | 0.058 | 85.280 | |
filterDU-method | 0.001 | 0.000 | 0.000 | |
filterSignals | 0.000 | 0.000 | 0.001 | |
gbCounts | 53.225 | 0.064 | 65.605 | |
gbDUreport-method | 54.096 | 0.008 | 74.045 | |
getConditions-function | 0.000 | 0.000 | 0.001 | |
integrateSignals | 63.947 | 0.036 | 89.644 | |
jCounts-methods | 61.084 | 0.017 | 97.508 | |
jDUreport | 61.639 | 0.011 | 85.752 | |
junctionDUreport | 0 | 0 | 0 | |
loadBAM | 0 | 0 | 0 | |
mergeBinDUAS-method | 0.000 | 0.000 | 0.001 | |
plotBins | 0.001 | 0.000 | 0.000 | |
plotGenomicRegions | 0 | 0 | 0 | |
rds | 0 | 0 | 0 | |
splicingReport | 61.544 | 0.035 | 79.622 | |
subset-methods | 0 | 0 | 0 | |