Back to Multiple platform build/check report for BioC 3.20:   simplified   long
AB[C]DEFGHIJKLMNOPQRSTUVWXYZ

This page was generated on 2025-02-03 12:09 -0500 (Mon, 03 Feb 2025).

HostnameOSArch (*)R versionInstalled pkgs
nebbiolo2Linux (Ubuntu 24.04.1 LTS)x86_644.4.2 (2024-10-31) -- "Pile of Leaves" 4746
palomino8Windows Server 2022 Datacenterx644.4.2 (2024-10-31 ucrt) -- "Pile of Leaves" 4494
merida1macOS 12.7.5 Montereyx86_644.4.2 (2024-10-31) -- "Pile of Leaves" 4517
kjohnson1macOS 13.6.6 Venturaarm644.4.2 (2024-10-31) -- "Pile of Leaves" 4469
taishanLinux (openEuler 24.03 LTS)aarch644.4.2 (2024-10-31) -- "Pile of Leaves" 4400
Click on any hostname to see more info about the system (e.g. compilers)      (*) as reported by 'uname -p', except on Windows and Mac OS X

Package 328/2289HostnameOS / ArchINSTALLBUILDCHECKBUILD BIN
ChemmineR 3.58.0  (landing page)
Thomas Girke
Snapshot Date: 2025-01-30 13:00 -0500 (Thu, 30 Jan 2025)
git_url: https://git.bioconductor.org/packages/ChemmineR
git_branch: RELEASE_3_20
git_last_commit: 1654f13
git_last_commit_date: 2024-10-29 09:30:11 -0500 (Tue, 29 Oct 2024)
nebbiolo2Linux (Ubuntu 24.04.1 LTS) / x86_64  OK    OK    WARNINGS  UNNEEDED, same version is already published
palomino8Windows Server 2022 Datacenter / x64  OK    OK    WARNINGS    OK  UNNEEDED, same version is already published
merida1macOS 12.7.5 Monterey / x86_64  OK    OK    WARNINGS    OK  UNNEEDED, same version is already published
kjohnson1macOS 13.6.6 Ventura / arm64  OK    OK    WARNINGS    OK  UNNEEDED, same version is already published
taishanLinux (openEuler 24.03 LTS) / aarch64  OK    OK    WARNINGS  


CHECK results for ChemmineR on kjohnson1

To the developers/maintainers of the ChemmineR package:
- Allow up to 24 hours (and sometimes 48 hours) for your latest push to git@git.bioconductor.org:packages/ChemmineR.git to reflect on this report. See Troubleshooting Build Report for more information.
- Use the following Renviron settings to reproduce errors and warnings.
- If 'R CMD check' started to fail recently on the Linux builder(s) over a missing dependency, add the missing dependency to 'Suggests:' in your DESCRIPTION file. See Renviron.bioc for more information.

raw results


Summary

Package: ChemmineR
Version: 3.58.0
Command: /Library/Frameworks/R.framework/Resources/bin/R CMD check --install=check:ChemmineR.install-out.txt --library=/Library/Frameworks/R.framework/Resources/library --no-vignettes --timings ChemmineR_3.58.0.tar.gz
StartedAt: 2025-01-31 14:01:11 -0500 (Fri, 31 Jan 2025)
EndedAt: 2025-01-31 14:03:19 -0500 (Fri, 31 Jan 2025)
EllapsedTime: 127.8 seconds
RetCode: 0
Status:   WARNINGS  
CheckDir: ChemmineR.Rcheck
Warnings: 1

Command output

##############################################################################
##############################################################################
###
### Running command:
###
###   /Library/Frameworks/R.framework/Resources/bin/R CMD check --install=check:ChemmineR.install-out.txt --library=/Library/Frameworks/R.framework/Resources/library --no-vignettes --timings ChemmineR_3.58.0.tar.gz
###
##############################################################################
##############################################################################


* using log directory ‘/Users/biocbuild/bbs-3.20-bioc/meat/ChemmineR.Rcheck’
* using R version 4.4.2 (2024-10-31)
* using platform: aarch64-apple-darwin20
* R was compiled by
    Apple clang version 14.0.0 (clang-1400.0.29.202)
    GNU Fortran (GCC) 12.2.0
* running under: macOS Ventura 13.7.1
* using session charset: UTF-8
* using option ‘--no-vignettes’
* checking for file ‘ChemmineR/DESCRIPTION’ ... OK
* checking extension type ... Package
* this is package ‘ChemmineR’ version ‘3.58.0’
* checking package namespace information ... OK
* checking package dependencies ... NOTE
Package which this enhances but not available for checking: ‘ChemmineOB’
* checking if this is a source package ... OK
* checking if there is a namespace ... OK
* checking for hidden files and directories ... OK
* checking for portable file names ... OK
* checking for sufficient/correct file permissions ... OK
* checking whether package ‘ChemmineR’ can be installed ... OK
* used C++ compiler: ‘Apple clang version 15.0.0 (clang-1500.0.40.1)’
* used SDK: ‘MacOSX11.3.sdk’
* checking installed package size ... OK
* checking package directory ... OK
* checking ‘build’ directory ... OK
* checking DESCRIPTION meta-information ... NOTE
Package listed in more than one of Depends, Imports, Suggests, Enhances:
  ‘png’
A package should be listed in only one of these fields.
* checking top-level files ... OK
* checking for left-over files ... OK
* checking index information ... OK
* checking package subdirectories ... OK
* checking code files for non-ASCII characters ... OK
* checking R files for syntax errors ... OK
* checking whether the package can be loaded ... OK
* checking whether the package can be loaded with stated dependencies ... OK
* checking whether the package can be unloaded cleanly ... OK
* checking whether the namespace can be loaded with stated dependencies ... OK
* checking whether the namespace can be unloaded cleanly ... OK
* checking whether startup messages can be suppressed ... OK
* checking dependencies in R code ... NOTE
'library' or 'require' calls in package code:
  ‘ChemmineDrugs’ ‘ChemmineOB’ ‘RPostgreSQL’ ‘RSQLite’ ‘fmcsR’ ‘png’
  ‘snow’
  Please use :: or requireNamespace() instead.
  See section 'Suggested packages' in the 'Writing R Extensions' manual.
Namespace in Imports field not imported from: ‘BiocGenerics’
  All declared Imports should be used.
Unavailable namespace imported from by a ':::' call: ‘ChemmineOB’
  See the note in ?`:::` about the use of this operator.
* checking S3 generic/method consistency ... OK
* checking replacement functions ... OK
* checking foreign function calls ... OK
* checking R code for possible problems ... NOTE
Found the following possibly unsafe calls:
File ‘ChemmineR/R/sim.R’:
  unlockBinding(".progress_bar_int_cnt", environment(.progress_bar))

.data.frame.to.str: no visible global function definition for
  ‘write.table’
.data.frame.to.str: no visible binding for global variable ‘string’
.parseV3000: no visible binding for global variable ‘AW’
.rings: no visible global function definition for ‘combn’
DUD: no visible global function definition for ‘download.file’
DUD: no visible global function definition for ‘untar’
applyOptions: no visible global function definition for ‘convertFormat’
browseJob: no visible global function definition for ‘browseURL’
canonicalNumbering: no visible global function definition for
  ‘canonicalNumbering_OB’
canonicalNumberingOB: no visible global function definition for
  ‘canonicalNumbering_OB’
cluster.visualize: no visible global function definition for ‘rainbow’
cluster.visualize: no visible global function definition for ‘pdf’
cluster.visualize: no visible global function definition for
  ‘postscript’
cluster.visualize: no visible global function definition for ‘dev.off’
desc2fp: no visible global function definition for ‘data’
draw_sdf: no visible global function definition for ‘rgb’
draw_sdf: no visible global function definition for ‘fmcs’
exactMassOB: no visible global function definition for ‘exactMass_OB’
fingerprintOB: no visible global function definition for
  ‘fingerprint_OB’
getCompoundFeatures : <anonymous>: no visible global function
  definition for ‘write.table’
getCompounds: no visible global function definition for ‘str’
getDbConn: no visible global function definition for ‘error’
handle_segs: no visible binding for global variable ‘C1’
handle_segs: no visible binding for global variable ‘C2’
handle_segs: no visible binding for global variable ‘C1.1’
handle_segs: no visible binding for global variable ‘C2.1’
handle_text: no visible binding for global variable ‘C1’
handle_text: no visible binding for global variable ‘C2’
listCMTools: no visible global function definition for ‘read.table’
parBatchByIndex: no visible global function definition for
  ‘clusterExport’
parBatchByIndex: no visible global function definition for
  ‘clusterApplyLB’
postgresqlWriteTable: no visible global function definition for
  ‘postgresqlTableRef’
postgresqlWriteTable: no visible global function definition for
  ‘postgresqlQuoteId’
postgresqlWriteTable: no visible global function definition for
  ‘postgresqlpqExec’
postgresqlWriteTable: no visible global function definition for
  ‘postgresqlCopyInDataframe’
postgresqlWriteTable: no visible global function definition for
  ‘postgresqlgetResult’
propOB: no visible global function definition for ‘prop_OB’
read.AP: no visible global function definition for ‘read.delim’
sdf2OBMol: no visible global function definition for ‘forEachMol’
sdf2image: no visible global function definition for ‘convertToImage’
sdf2smiles: no visible global function definition for ‘convertFormat’
sdf2smilesOB: no visible global function definition for ‘convertFormat’
sdfStream: no visible global function definition for ‘write.table’
setPriorities: no visible global function definition for
  ‘clusterExport’
smartsSearchOB: no visible global function definition for
  ‘smartsSearch_OB’
smile2sdfFile: no visible global function definition for
  ‘convertFormatFile’
smiles2sdf: no visible global function definition for ‘convertFormat’
smiles2sdfOB: no visible global function definition for ‘convertFormat’
write.SMI: no visible global function definition for ‘write.table’
Undefined global functions or variables:
  AW C1 C1.1 C2 C2.1 browseURL canonicalNumbering_OB clusterApplyLB
  clusterExport combn convertFormat convertFormatFile convertToImage
  data dev.off download.file error exactMass_OB fingerprint_OB fmcs
  forEachMol pdf postgresqlCopyInDataframe postgresqlQuoteId
  postgresqlTableRef postgresqlgetResult postgresqlpqExec postscript
  prop_OB rainbow read.delim read.table rgb smartsSearch_OB str string
  untar write.table
Consider adding
  importFrom("grDevices", "dev.off", "pdf", "postscript", "rainbow",
             "rgb")
  importFrom("utils", "browseURL", "combn", "data", "download.file",
             "read.delim", "read.table", "str", "untar", "write.table")
to your NAMESPACE file.
* checking Rd files ... NOTE
checkRd: (-1) cmp.duplicated.Rd:29: Escaped LaTeX specials: \$
* checking Rd metadata ... OK
* checking Rd cross-references ... OK
* checking for missing documentation entries ... WARNING
Undocumented code objects:
  ‘sdfid<-’
Undocumented S4 methods:
  generic '$' and siglist '_p_Descriptors'
  generic '[' and siglist 'ExternalReferenceSwig'
  generic '[<-' and siglist 'ExternalReferenceSwig'
  generic 'coerce' and siglist 'ExternalReferenceSwig,character'
  generic 'length' and siglist 'SWIGArray'
  generic 'sdfid<-' and siglist 'SDFset'
All user-level objects in a package (including S4 classes and methods)
should have documentation entries.
See chapter ‘Writing R documentation files’ in the ‘Writing R
Extensions’ manual.
* checking for code/documentation mismatches ... OK
* checking Rd \usage sections ... OK
* checking Rd contents ... NOTE
Argument items with no description in Rd file 'cmp.search.Rd':
  ‘visualize’ ‘visualize.browse’ ‘visualize.query’
* checking for unstated dependencies in examples ... OK
* checking contents of ‘data’ directory ... OK
* checking data for non-ASCII characters ... OK
* checking data for ASCII and uncompressed saves ... OK
* checking line endings in C/C++/Fortran sources/headers ... OK
* checking line endings in Makefiles ... OK
* checking compilation flags in Makevars ... OK
* checking for GNU extensions in Makefiles ... OK
* checking for portable use of $(BLAS_LIBS) and $(LAPACK_LIBS) ... OK
* checking use of PKG_*FLAGS in Makefiles ... OK
* checking compiled code ... NOTE
Note: information on .o files is not available
File ‘/Library/Frameworks/R.framework/Versions/4.4-arm64/Resources/library/ChemmineR/libs/ChemmineR.so’:
  Found ‘__ZNSt3__14cerrE’, possibly from ‘std::cerr’ (C++)
  Found ‘__ZNSt3__14coutE’, possibly from ‘std::cout’ (C++)

Compiled code should not call entry points which might terminate R nor
write to stdout/stderr instead of to the console, nor use Fortran I/O
nor system RNGs nor [v]sprintf. The detected symbols are linked into
the code but might come from libraries and not actually be called.

See ‘Writing portable packages’ in the ‘Writing R Extensions’ manual.
* checking files in ‘vignettes’ ... OK
* checking examples ... OK
* checking for unstated dependencies in ‘tests’ ... OK
* checking tests ...
  Running ‘runTests.R’
 OK
* checking for unstated dependencies in vignettes ... OK
* checking package vignettes ... OK
* checking running R code from vignettes ... SKIPPED
* checking re-building of vignette outputs ... SKIPPED
* checking PDF version of manual ... OK
* DONE

Status: 1 WARNING, 7 NOTEs
See
  ‘/Users/biocbuild/bbs-3.20-bioc/meat/ChemmineR.Rcheck/00check.log’
for details.


Installation output

ChemmineR.Rcheck/00install.out

##############################################################################
##############################################################################
###
### Running command:
###
###   /Library/Frameworks/R.framework/Resources/bin/R CMD INSTALL ChemmineR
###
##############################################################################
##############################################################################


* installing to library ‘/Library/Frameworks/R.framework/Versions/4.4-arm64/Resources/library’
* installing *source* package ‘ChemmineR’ ...
** using staged installation
** libs
using C++ compiler: ‘Apple clang version 15.0.0 (clang-1500.0.40.1)’
using SDK: ‘MacOSX11.3.sdk’
clang++ -arch arm64 -std=gnu++17 -I"/Library/Frameworks/R.framework/Resources/include" -DNDEBUG  -I'/Library/Frameworks/R.framework/Versions/4.4-arm64/Resources/library/Rcpp/include' -I'/Library/Frameworks/R.framework/Versions/4.4-arm64/Resources/library/BH/include' -I/opt/R/arm64/include   -DNO_MAIN -DNO_DEBUG -DSTRICT_R_HEADERS -DR_NO_REMAP -fPIC  -falign-functions=64 -Wall -g -O2   -c DisjointSets.cpp -o DisjointSets.o
clang++ -arch arm64 -std=gnu++17 -I"/Library/Frameworks/R.framework/Resources/include" -DNDEBUG  -I'/Library/Frameworks/R.framework/Versions/4.4-arm64/Resources/library/Rcpp/include' -I'/Library/Frameworks/R.framework/Versions/4.4-arm64/Resources/library/BH/include' -I/opt/R/arm64/include   -DNO_MAIN -DNO_DEBUG -DSTRICT_R_HEADERS -DR_NO_REMAP -fPIC  -falign-functions=64 -Wall -g -O2   -c cluster.cc -o cluster.o
cluster.cc:49:13: warning: unused function 'prepare_neighbors' [-Wunused-function]
void static prepare_neighbors(const char* nbr_file, int skip, int p)
            ^
1 warning generated.
clang++ -arch arm64 -std=gnu++17 -I"/Library/Frameworks/R.framework/Resources/include" -DNDEBUG  -I'/Library/Frameworks/R.framework/Versions/4.4-arm64/Resources/library/Rcpp/include' -I'/Library/Frameworks/R.framework/Versions/4.4-arm64/Resources/library/BH/include' -I/opt/R/arm64/include   -DNO_MAIN -DNO_DEBUG -DSTRICT_R_HEADERS -DR_NO_REMAP -fPIC  -falign-functions=64 -Wall -g -O2   -c cstrsplit.cc -o cstrsplit.o
clang++ -arch arm64 -std=gnu++17 -I"/Library/Frameworks/R.framework/Resources/include" -DNDEBUG  -I'/Library/Frameworks/R.framework/Versions/4.4-arm64/Resources/library/Rcpp/include' -I'/Library/Frameworks/R.framework/Versions/4.4-arm64/Resources/library/BH/include' -I/opt/R/arm64/include   -DNO_MAIN -DNO_DEBUG -DSTRICT_R_HEADERS -DR_NO_REMAP -fPIC  -falign-functions=64 -Wall -g -O2   -c desc.cc -o desc.o
clang++ -arch arm64 -std=gnu++17 -I"/Library/Frameworks/R.framework/Resources/include" -DNDEBUG  -I'/Library/Frameworks/R.framework/Versions/4.4-arm64/Resources/library/Rcpp/include' -I'/Library/Frameworks/R.framework/Versions/4.4-arm64/Resources/library/BH/include' -I/opt/R/arm64/include   -DNO_MAIN -DNO_DEBUG -DSTRICT_R_HEADERS -DR_NO_REMAP -fPIC  -falign-functions=64 -Wall -g -O2   -c fingerprints.cc -o fingerprints.o
clang++ -arch arm64 -std=gnu++17 -I"/Library/Frameworks/R.framework/Resources/include" -DNDEBUG  -I'/Library/Frameworks/R.framework/Versions/4.4-arm64/Resources/library/Rcpp/include' -I'/Library/Frameworks/R.framework/Versions/4.4-arm64/Resources/library/BH/include' -I/opt/R/arm64/include   -DNO_MAIN -DNO_DEBUG -DSTRICT_R_HEADERS -DR_NO_REMAP -fPIC  -falign-functions=64 -Wall -g -O2   -c formats.cc -o formats.o
clang++ -arch arm64 -std=gnu++17 -I"/Library/Frameworks/R.framework/Resources/include" -DNDEBUG  -I'/Library/Frameworks/R.framework/Versions/4.4-arm64/Resources/library/Rcpp/include' -I'/Library/Frameworks/R.framework/Versions/4.4-arm64/Resources/library/BH/include' -I/opt/R/arm64/include   -DNO_MAIN -DNO_DEBUG -DSTRICT_R_HEADERS -DR_NO_REMAP -fPIC  -falign-functions=64 -Wall -g -O2   -c molecule.cc -o molecule.o
clang++ -arch arm64 -std=gnu++17 -I"/Library/Frameworks/R.framework/Resources/include" -DNDEBUG  -I'/Library/Frameworks/R.framework/Versions/4.4-arm64/Resources/library/Rcpp/include' -I'/Library/Frameworks/R.framework/Versions/4.4-arm64/Resources/library/BH/include' -I/opt/R/arm64/include   -DNO_MAIN -DNO_DEBUG -DSTRICT_R_HEADERS -DR_NO_REMAP -fPIC  -falign-functions=64 -Wall -g -O2   -c r_wrap.cc -o r_wrap.o
r_wrap.cc:758:10: warning: 'R_NO_REMAP' macro redefined [-Wmacro-redefined]
# define R_NO_REMAP
         ^
<command line>:5:9: note: previous definition is here
#define R_NO_REMAP 1
        ^
r_wrap.cc:761:10: warning: 'STRICT_R_HEADERS' macro redefined [-Wmacro-redefined]
# define STRICT_R_HEADERS
         ^
<command line>:4:9: note: previous definition is here
#define STRICT_R_HEADERS 1
        ^
2 warnings generated.
clang++ -arch arm64 -std=gnu++17 -I"/Library/Frameworks/R.framework/Resources/include" -DNDEBUG  -I'/Library/Frameworks/R.framework/Versions/4.4-arm64/Resources/library/Rcpp/include' -I'/Library/Frameworks/R.framework/Versions/4.4-arm64/Resources/library/BH/include' -I/opt/R/arm64/include   -DNO_MAIN -DNO_DEBUG -DSTRICT_R_HEADERS -DR_NO_REMAP -fPIC  -falign-functions=64 -Wall -g -O2   -c script.cc -o script.o
clang++ -arch arm64 -std=gnu++17 -I"/Library/Frameworks/R.framework/Resources/include" -DNDEBUG  -I'/Library/Frameworks/R.framework/Versions/4.4-arm64/Resources/library/Rcpp/include' -I'/Library/Frameworks/R.framework/Versions/4.4-arm64/Resources/library/BH/include' -I/opt/R/arm64/include   -DNO_MAIN -DNO_DEBUG -DSTRICT_R_HEADERS -DR_NO_REMAP -fPIC  -falign-functions=64 -Wall -g -O2   -c similarity.cc -o similarity.o
clang++ -arch arm64 -std=gnu++17 -dynamiclib -Wl,-headerpad_max_install_names -undefined dynamic_lookup -L/Library/Frameworks/R.framework/Resources/lib -L/opt/R/arm64/lib -o ChemmineR.so DisjointSets.o cluster.o cstrsplit.o desc.o fingerprints.o formats.o molecule.o r_wrap.o script.o similarity.o -F/Library/Frameworks/R.framework/.. -framework R -Wl,-framework -Wl,CoreFoundation
installing to /Library/Frameworks/R.framework/Versions/4.4-arm64/Resources/library/00LOCK-ChemmineR/00new/ChemmineR/libs
** R
** data
** inst
** byte-compile and prepare package for lazy loading
** help
*** installing help indices
** building package indices
** installing vignettes
** testing if installed package can be loaded from temporary location
** checking absolute paths in shared objects and dynamic libraries
** testing if installed package can be loaded from final location
** testing if installed package keeps a record of temporary installation path
* DONE (ChemmineR)

Tests output

ChemmineR.Rcheck/tests/runTests.Rout


R version 4.4.2 (2024-10-31) -- "Pile of Leaves"
Copyright (C) 2024 The R Foundation for Statistical Computing
Platform: aarch64-apple-darwin20

R is free software and comes with ABSOLUTELY NO WARRANTY.
You are welcome to redistribute it under certain conditions.
Type 'license()' or 'licence()' for distribution details.

R is a collaborative project with many contributors.
Type 'contributors()' for more information and
'citation()' on how to cite R or R packages in publications.

Type 'demo()' for some demos, 'help()' for on-line help, or
'help.start()' for an HTML browser interface to help.
Type 'q()' to quit R.

> BiocGenerics:::testPackage("ChemmineR")
======= testing fpset ===============================================
======= folding... 
Loading required package: RSQLite
[1] "createing db"
[1] "createing db"
[1] "loading first half, no features"
[1] "createing db"
[1] "loading first half,with features"
adding new features to existing compounds. This could take a while
[1] "loading incomplete features"
[1] "loading second half"
adding new features to existing compounds. This could take a while
[1] "done loading"
[1] "createing db"
adding new features to existing compounds. This could take a while
[1] "found 70  compounds"
[1] "found 20  compounds"
Timing stopped at: 0 0 0
Error in DEACTIVATED("local test") : local test
In addition: There were 13 warnings (use warnings() to see them)
Timing stopped at: 0 0 0
Error in DEACTIVATED("local test only") : local test only
found 100 ids
  [1] 201 202 203 204 205 206 207 208 209 210 211 212 213 214 215 216 217 218
 [19] 219 220 221 222 223 224 225 226 227 228 229 230 231 232 233 234 235 236
 [37] 237 238 239 240 241 242 243 244 245 246 247 248 249 250 251 252 253 254
 [55] 255 256 257 258 259 260 261 262 263 264 265 266 267 268 269 270 271 272
 [73] 273 274 275 276 277 278 279 280 281 282 283 284 285 286 287 288 289 290
 [91] 291 292 293 294 295 296 297 298 299 300
starting parBatchByIndex
Loading required package: snow
 int [1:100] 201 202 203 204 205 206 207 208 209 210 ...
NULL
[1] "results:  parBench-sub-1,parBench-sub-2,parBench-sub-3,parBench-sub-4,parBench-sub-5,parBench-sub-6,parBench-sub-7,parBench-sub-8,parBench-sub-9,parBench-sub-10"
[1] "loading duplications"
loading 1 new compounds, updating 1 compounds
fetching features: 
Timing stopped at: 0 0 0
Error in DEACTIVATED("causing timeout on bioc, disabling for now") : 
  causing timeout on bioc, disabling for now
In addition: Warning messages:
1: In for (i in seq_along(slotTypes)) { :
  closing unused connection 6 (<-localhost:11477)
2: In for (i in seq_along(slotTypes)) { :
  closing unused connection 5 (<-localhost:11477)
3: In for (i in seq_along(slotTypes)) { :
  closing unused connection 4 (<-localhost:11477)
Timing stopped at: 0.001 0 0
Error in DEACTIVATED("this test requires ChemmineOB, but not available") : 
  this test requires ChemmineOB, but not available
Timing stopped at: 0.001 0.001 0
Error in DEACTIVATED("this test requires ChemmineOB, but not available") : 
  this test requires ChemmineOB, but not available
Timing stopped at: 0 0 0.001
Error in DEACTIVATED("this test requires ChemmineOB, but not available") : 
  this test requires ChemmineOB, but not available
Timing stopped at: 0 0 0
Error in DEACTIVATED("this test requires ChemmineOB, but not available") : 
  this test requires ChemmineOB, but not available
Timing stopped at: 0.001 0 0
Error in DEACTIVATED("removed old version of function") : 
  removed old version of function
Timing stopped at: 0 0 0
Error in DEACTIVATED("just for manual testing") : just for manual testing
Timing stopped at: 0 0 0.001
Error in DEACTIVATED("this test requires ChemmineOB, but not available") : 
  this test requires ChemmineOB, but not available
Timing stopped at: 0 0 0
Error in DEACTIVATED("requires local files") : requires local files
Timing stopped at: 0 0 0
Error in DEACTIVATED("fails on ubuntu 16.04") : fails on ubuntu 16.04
Timing stopped at: 0 0 0
Error in DEACTIVATED("Causes SSL protocol version error on BioC") : 
  Causes SSL protocol version error on BioC
Timing stopped at: 0.001 0 0.001
Error in DEACTIVATED("this test requires ChemmineOB, but not available") : 
  this test requires ChemmineOB, but not available
Timing stopped at: 0.001 0 0
Error in DEACTIVATED("this test requires ChemmineOB, but not installed") : 
  this test requires ChemmineOB, but not installed


RUNIT TEST PROTOCOL -- Fri Jan 31 14:03:03 2025 
*********************************************** 
Number of test functions: 16 
Number of deactivated test functions: 15 
Number of errors: 0 
Number of failures: 0 

 
1 Test Suite : 
ChemmineR RUnit Tests - 16 test functions, 0 errors, 0 failures
Number of test functions: 16 
Number of deactivated test functions: 15 
Number of errors: 0 
Number of failures: 0 
> 
> proc.time()
   user  system elapsed 
 11.564   1.122  13.785 

Example timings

ChemmineR.Rcheck/ChemmineR-Ex.timings

nameusersystemelapsed
AP-class0.3690.1240.494
APset-class0.2670.1190.389
ExtSDF-class0.0010.0000.002
FP-class0.0620.0070.071
FPset-class0.2450.0300.276
SDF-class0.0500.0120.062
SDF2apcmp0.0270.0020.029
SDFDataTable000
SDFset-class0.2630.0470.312
SDFset2SDF0.0610.0120.073
SDFset2list0.0450.0600.108
SDFstr-class0.2210.0070.237
SMI-class0.0030.0020.004
SMIset-class0.0040.0020.005
addDescriptorType0.0000.0010.001
addNewFeatures2.8410.1893.050
ap0.0730.0190.091
apfp0.0030.0020.005
apset0.0050.0020.007
apset2descdb0.2780.1150.395
atomblock0.0690.0250.094
atomcount0.1470.0070.155
atomprop0.0040.0020.006
atomsubset0.0270.0030.030
batchByIndex0.0000.0010.000
bondblock0.0650.0150.080
bonds0.0300.0040.033
browseJob0.0000.0000.001
bufferLines0.0000.0010.001
bufferResultSet0.0010.0000.001
byCluster0.8160.0460.863
canonicalNumbering000
canonicalize0.0000.0010.001
cid0.0230.0020.026
cluster.sizestat0.5190.0360.559
cluster.visualize0.6710.0460.719
cmp.cluster1.8360.0851.927
cmp.duplicated0.0470.0020.051
cmp.parse0.0420.0020.046
cmp.parse1000
cmp.search0.7120.0470.767
cmp.similarity0.0170.0030.020
conMA0.0500.0170.068
connections0.2170.0080.230
datablock0.1740.0140.188
datablock2ma0.0380.0030.042
db.explain0.0370.0090.047
db.subset0.0030.0010.004
dbTransaction0.0200.0050.026
desc2fp0.0880.0070.095
draw_sdf0.6010.0270.636
exactMassOB0.0000.0010.001
findCompounds2.4900.0362.555
findCompoundsByName0.2920.0160.309
fingerprintOB000
fold0.0010.0000.001
foldCount0.0010.0000.001
fp2bit0.2980.0270.325
fpSim0.2980.0270.327
fptype0.0010.0000.001
fromNNMatrix0.7860.0400.828
genAPDescriptors0.0210.0020.023
genParameters0.3150.0140.329
generate3DCoords000
getAllCompoundIds0.2810.0160.298
getAtomAttr000
getBondAttr000
getCompoundFeatures2.1350.0412.199
getCompoundNames0.2000.0090.246
getCompounds0.2560.0130.277
getIds000
grepSDFset0.0350.0010.038
groups0.0760.0070.085
header0.0560.0060.062
initDb0.0240.0070.032
jarvisPatrick1.6780.0721.807
jobToken-class000
largestComponent0.0000.0010.000
launchCMTool000
listCMTools0.0000.0000.001
listFeatures0.3040.0150.322
loadSdf2.4790.0562.553
makeUnique0.0210.0020.022
maximallyDissimilar0.1660.0060.173
nearestNeighbors1.0420.0371.081
numBits0.0010.0000.001
obmol0.0010.0000.001
openBabelPlot000
parBatchByIndex0.0000.0010.000
plotStruc0.2030.0120.216
propOB000
pubchemCidToSDF000
pubchemFPencoding0.0030.0020.005
pubchemInchi2cid000
pubchemInchikey2sdf0.0000.0010.001
pubchemName2CID0.0000.0000.001
pubchemSDFSearch000
pubchemSmilesSearch000
read.AP0.0210.0020.022
read.SDFindex0.0200.0020.022
read.SDFset0.5070.0040.513
read.SDFstr0.7350.0090.747
read.SMIset0.0010.0020.003
regenerateCoords000
result0.0000.0010.001
rings0.5250.0110.538
sdf.subset0.0010.0000.000
sdf.visualize0.0200.0020.027
sdf2ap0.2890.1150.411
sdf2list0.0250.0150.041
sdf2smiles000
sdf2str0.0320.0060.038
sdfStream0.0200.0020.022
sdfid0.0210.0020.024
sdfsample0.0350.0050.040
sdfstr2list0.6010.4631.092
searchSim0.0000.0010.000
searchString000
selectInBatches0.0010.0000.001
setPriorities0.0000.0000.001
smartsSearchOB0.0000.0000.001
smiles2sdf0.0000.0010.000
smisample0.0030.0020.005
status0.0010.0000.000
toolDetails000
trimNeighbors1.3460.0641.418
validSDF0.0230.0020.025
view0.0410.0090.051
write.SDF0.1160.0080.125
write.SDFsplit0.0200.0020.022
write.SMI0.0010.0020.003