Back to Multiple platform build/check report for BioC 3.20:   simplified   long
AB[C]DEFGHIJKLMNOPQRSTUVWXYZ

This page was generated on 2025-02-06 12:07 -0500 (Thu, 06 Feb 2025).

HostnameOSArch (*)R versionInstalled pkgs
nebbiolo2Linux (Ubuntu 24.04.1 LTS)x86_644.4.2 (2024-10-31) -- "Pile of Leaves" 4753
palomino8Windows Server 2022 Datacenterx644.4.2 (2024-10-31 ucrt) -- "Pile of Leaves" 4501
merida1macOS 12.7.5 Montereyx86_644.4.2 (2024-10-31) -- "Pile of Leaves" 4524
kjohnson1macOS 13.6.6 Venturaarm644.4.2 (2024-10-31) -- "Pile of Leaves" 4476
taishanLinux (openEuler 24.03 LTS)aarch644.4.2 (2024-10-31) -- "Pile of Leaves" 4407
Click on any hostname to see more info about the system (e.g. compilers)      (*) as reported by 'uname -p', except on Windows and Mac OS X

Package 348/2289HostnameOS / ArchINSTALLBUILDCHECKBUILD BIN
ChromSCape 1.16.0  (landing page)
Pacome Prompsy
Snapshot Date: 2025-02-03 13:00 -0500 (Mon, 03 Feb 2025)
git_url: https://git.bioconductor.org/packages/ChromSCape
git_branch: RELEASE_3_20
git_last_commit: 243f2f8
git_last_commit_date: 2024-10-29 10:51:14 -0500 (Tue, 29 Oct 2024)
nebbiolo2Linux (Ubuntu 24.04.1 LTS) / x86_64  OK    OK    WARNINGS  UNNEEDED, same version is already published
palomino8Windows Server 2022 Datacenter / x64  OK    OK    WARNINGS    OK  UNNEEDED, same version is already published
merida1macOS 12.7.5 Monterey / x86_64  OK    OK    WARNINGS    OK  UNNEEDED, same version is already published
kjohnson1macOS 13.6.6 Ventura / arm64  OK    OK    WARNINGS    OK  UNNEEDED, same version is already published
taishanLinux (openEuler 24.03 LTS) / aarch64  OK    OK    WARNINGS  


CHECK results for ChromSCape on merida1

To the developers/maintainers of the ChromSCape package:
- Allow up to 24 hours (and sometimes 48 hours) for your latest push to git@git.bioconductor.org:packages/ChromSCape.git to reflect on this report. See Troubleshooting Build Report for more information.
- Use the following Renviron settings to reproduce errors and warnings.
- If 'R CMD check' started to fail recently on the Linux builder(s) over a missing dependency, add the missing dependency to 'Suggests:' in your DESCRIPTION file. See Renviron.bioc for more information.

raw results


Summary

Package: ChromSCape
Version: 1.16.0
Command: /Library/Frameworks/R.framework/Resources/bin/R CMD check --install=check:ChromSCape.install-out.txt --library=/Library/Frameworks/R.framework/Resources/library --no-vignettes --timings ChromSCape_1.16.0.tar.gz
StartedAt: 2025-02-04 01:12:21 -0500 (Tue, 04 Feb 2025)
EndedAt: 2025-02-04 01:41:48 -0500 (Tue, 04 Feb 2025)
EllapsedTime: 1767.7 seconds
RetCode: 0
Status:   WARNINGS  
CheckDir: ChromSCape.Rcheck
Warnings: 3

Command output

##############################################################################
##############################################################################
###
### Running command:
###
###   /Library/Frameworks/R.framework/Resources/bin/R CMD check --install=check:ChromSCape.install-out.txt --library=/Library/Frameworks/R.framework/Resources/library --no-vignettes --timings ChromSCape_1.16.0.tar.gz
###
##############################################################################
##############################################################################


* using log directory ‘/Users/biocbuild/bbs-3.20-bioc/meat/ChromSCape.Rcheck’
* using R version 4.4.2 (2024-10-31)
* using platform: x86_64-apple-darwin20
* R was compiled by
    Apple clang version 14.0.0 (clang-1400.0.29.202)
    GNU Fortran (GCC) 12.2.0
* running under: macOS Monterey 12.7.6
* using session charset: UTF-8
* using option ‘--no-vignettes’
* checking for file ‘ChromSCape/DESCRIPTION’ ... OK
* this is package ‘ChromSCape’ version ‘1.16.0’
* package encoding: UTF-8
* checking package namespace information ... OK
* checking package dependencies ... OK
* checking if this is a source package ... OK
* checking if there is a namespace ... OK
* checking for hidden files and directories ... NOTE
Found the following hidden files and directories:
  .BBSoptions
These were most likely included in error. See section ‘Package
structure’ in the ‘Writing R Extensions’ manual.
* checking for portable file names ... OK
* checking for sufficient/correct file permissions ... OK
* checking whether package ‘ChromSCape’ can be installed ... OK
* used C++ compiler: ‘Apple clang version 14.0.0 (clang-1400.0.29.202)’
* used SDK: ‘MacOSX11.3.sdk’
* checking installed package size ... OK
* checking package directory ... OK
* checking ‘build’ directory ... OK
* checking DESCRIPTION meta-information ... OK
* checking top-level files ... OK
* checking for left-over files ... OK
* checking index information ... OK
* checking package subdirectories ... OK
* checking code files for non-ASCII characters ... OK
* checking R files for syntax errors ... OK
* checking whether the package can be loaded ... OK
* checking whether the package can be loaded with stated dependencies ... OK
* checking whether the package can be unloaded cleanly ... OK
* checking whether the namespace can be loaded with stated dependencies ... OK
* checking whether the namespace can be unloaded cleanly ... OK
* checking whether startup messages can be suppressed ... OK
* checking dependencies in R code ... WARNING
'library' or 'require' call not declared from: ‘dplyr’
'library' or 'require' call to ‘dplyr’ in package code.
  Please use :: or requireNamespace() instead.
  See section 'Suggested packages' in the 'Writing R Extensions' manual.
* checking S3 generic/method consistency ... OK
* checking replacement functions ... OK
* checking foreign function calls ... OK
* checking R code for possible problems ... NOTE
bams_to_matrix_indexes: no visible binding for global variable
  ‘files_dir_list’
enrich_TF_ChEA3_genes: no visible binding for global variable
  ‘CheA3_TF_nTargets’
filter_correlated_cell_scExp: no visible binding for global variable
  ‘run_tsne’
generate_analysis: no visible global function definition for ‘head’
generate_analysis: no visible binding for global variable ‘k’
generate_analysis: no visible binding for global variable
  ‘clusterConsensus’
get_most_variable_cyto: no visible binding for global variable
  ‘cytoBand’
get_most_variable_cyto: no visible binding for global variable
  ‘Fri_cyto’
num_cell_after_QC_filt_scExp: no visible binding for global variable
  ‘sample_id’
num_cell_after_QC_filt_scExp: no visible binding for global variable
  ‘total_counts’
num_cell_scExp: no visible binding for global variable ‘sample_id’
num_cell_scExp: no visible binding for global variable ‘total_counts’
plot_correlation_PCA_scExp: no visible binding for global variable
  ‘Component’
plot_coverage_BigWig: no visible binding for global variable ‘molecule’
plot_coverage_BigWig: no visible binding for global variable
  ‘orientation’
plot_coverage_BigWig: no visible binding for global variable ‘Gene’
plot_gain_or_loss_barplots: no visible binding for global variable
  ‘Gain_or_Loss’
plot_gain_or_loss_barplots: no visible binding for global variable
  ‘ncells’
plot_gain_or_loss_barplots: no visible binding for global variable
  ‘cytoBand’
plot_most_contributing_features: no visible binding for global variable
  ‘genes’
plot_percent_active_feature_scExp: no visible binding for global
  variable ‘group’
plot_percent_active_feature_scExp: no visible binding for global
  variable ‘percent_active’
plot_pie_most_contributing_chr: no visible binding for global variable
  ‘absolute_value’
plot_reduced_dim_scExp: no visible binding for global variable ‘V1’
plot_reduced_dim_scExp: no visible binding for global variable ‘V2’
plot_reduced_dim_scExp: no visible binding for global variable
  ‘cluster’
plot_top_TF_scExp: no visible binding for global variable ‘TF’
rebin_helper: no visible binding for global variable ‘new_row’
rebin_helper: no visible binding for global variable ‘origin_value’
rebin_matrix: no visible binding for global variable ‘group’
subset_bam_call_peaks: no visible binding for global variable
  ‘merged_bam’
Undefined global functions or variables:
  CheA3_TF_nTargets Component Fri_cyto Gain_or_Loss Gene TF V1 V2
  absolute_value cluster clusterConsensus cytoBand files_dir_list genes
  group head k merged_bam molecule ncells new_row orientation
  origin_value percent_active run_tsne sample_id total_counts
Consider adding
  importFrom("utils", "head")
to your NAMESPACE file.
* checking Rd files ... NOTE
prepare_Rd: raw_counts_to_sparse_matrix.Rd:6-8: Dropping empty section \source
* checking Rd metadata ... OK
* checking Rd cross-references ... OK
* checking for missing documentation entries ... OK
* checking for code/documentation mismatches ... WARNING
Codoc mismatches from Rd file 'generate_analysis.Rd':
generate_analysis
  Code: function(input_data_folder, analysis_name = "Analysis_1",
                 output_directory = "./", input_data_type = c("scBED",
                 "DenseMatrix", "SparseMatrix", "scBAM")[1],
                 feature_count_on = c("bins", "genebody", "peaks")[1],
                 feature_count_parameter = 50000, rebin_sparse_matrix =
                 FALSE, ref_genome = c("hg38", "mm10")[1], run =
                 c("filter", "CNA", "cluster", "consensus", "coverage",
                 "DA", "GSA", "report")[c(1, 3, 5, 6, 7, 8)],
                 min_reads_per_cell = 1000, max_quantile_read_per_cell
                 = 99, n_top_features = 40000, norm_type = "CPM",
                 subsample_n = NULL, exclude_regions = NULL, n_clust =
                 NULL, corr_threshold = 99, percent_correlation = 1,
                 maxK = 10, qval.th = 0.1, logFC.th = 1,
                 enrichment_qval = 0.1, doBatchCorr = FALSE, batch_sels
                 = NULL, control_samples_CNA = NULL, genes_to_plot =
                 c("Krt8", "Krt5", "Tgfb1", "Foxq1", "Cdkn2b",
                 "Cdkn2a", "chr7:15000000-20000000"))
  Docs: function(input_data_folder, analysis_name = "Analysis_1",
                 output_directory = "./", input_data_type = c("scBED",
                 "DenseMatrix", "SparseMatrix", "scBAM")[1],
                 rebin_sparse_matrix = FALSE, feature_count_on =
                 c("bins", "genebody", "peaks")[1],
                 feature_count_parameter = 50000, ref_genome =
                 c("hg38", "mm10")[1], run = c("filter", "CNA",
                 "cluster", "consensus", "peak_call", "coverage", "DA",
                 "GSA", "report")[c(1, 3, 6, 7, 8, 9)],
                 min_reads_per_cell = 1000, max_quantile_read_per_cell
                 = 99, n_top_features = 40000, norm_type = "CPM",
                 subsample_n = NULL, exclude_regions = NULL, n_clust =
                 NULL, corr_threshold = 99, percent_correlation = 1,
                 maxK = 10, qval.th = 0.1, logFC.th = 1,
                 enrichment_qval = 0.1, doBatchCorr = FALSE, batch_sels
                 = NULL, control_samples_CNA = NULL, genes_to_plot =
                 c("Krt8", "Krt5", "Tgfb1", "Foxq1", "Cdkn2b",
                 "Cdkn2a", "chr7:15000000-20000000"))
  Mismatches in argument names:
    Position: 5 Code: feature_count_on Docs: rebin_sparse_matrix
    Position: 6 Code: feature_count_parameter Docs: feature_count_on
    Position: 7 Code: rebin_sparse_matrix Docs: feature_count_parameter
  Mismatches in argument default values:
    Name: 'run'
    Code: c("filter", "CNA", "cluster", "consensus", "coverage", "DA", 
          "GSA", "report")[c(1, 3, 5, 6, 7, 8)]
    Docs: c("filter", "CNA", "cluster", "consensus", "peak_call", "coverage", 
          "DA", "GSA", "report")[c(1, 3, 6, 7, 8, 9)]

* checking Rd \usage sections ... WARNING
Undocumented arguments in Rd file 'rebin_matrix.Rd'
  ‘rebin_function’

Functions with \usage entries need to have the appropriate \alias
entries, and all their arguments documented.
The \usage entries must correspond to syntactically valid R code.
See chapter ‘Writing R documentation files’ in the ‘Writing R
Extensions’ manual.
* checking Rd contents ... OK
* checking for unstated dependencies in examples ... OK
* checking contents of ‘data’ directory ... OK
* checking data for non-ASCII characters ... OK
* checking data for ASCII and uncompressed saves ... OK
* checking line endings in C/C++/Fortran sources/headers ... OK
* checking compiled code ... NOTE
Note: information on .o files is not available
* checking files in ‘vignettes’ ... OK
* checking examples ... OK
Examples with CPU (user + system) or elapsed time > 5s
                                         user system elapsed
plot_gain_or_loss_barplots            116.330  1.178 142.448
get_pathway_mat_scExp                  64.545  8.703  93.587
calculate_CNA                          57.235  4.443  67.293
plot_reduced_dim_scExp_CNA             57.967  0.659  67.712
calculate_cyto_mat                     54.720  2.092  62.853
calculate_gain_or_loss                 54.654  1.940  64.003
calculate_logRatio_CNA                 53.411  2.184  63.074
get_most_variable_cyto                 53.013  0.482  67.548
get_cyto_features                      49.937  0.398  62.472
differential_activation                12.937  0.136  16.658
preprocessing_filtering_and_reduction  12.285  0.336  16.846
num_cell_after_cor_filt_scExp          11.911  0.200  15.113
filter_correlated_cell_scExp           11.314  0.130  14.378
create_scDataset_raw                    9.781  0.835  11.550
CompareedgeRGLM                         9.376  0.563  10.837
import_scExp                            7.890  0.800  11.134
CompareWilcox                           7.675  0.856   7.994
rebin_matrix                            7.699  0.121  46.288
plot_reduced_dim_scExp                  7.366  0.109   8.463
choose_cluster_scExp                    6.458  0.502   8.182
differential_analysis_scExp             6.845  0.074   9.359
consensus_clustering_scExp              5.967  0.500   7.226
plot_violin_feature_scExp               5.348  0.085   6.359
plot_percent_active_feature_scExp       5.067  0.101   5.969
enrich_TF_ChEA3_scExp                   1.968  0.126   5.562
enrich_TF_ChEA3_genes                   0.968  0.422   5.597
* checking for unstated dependencies in ‘tests’ ... OK
* checking tests ...
  Running ‘testthat.R’
 OK
* checking for unstated dependencies in vignettes ... OK
* checking package vignettes ... OK
* checking running R code from vignettes ... SKIPPED
* checking re-building of vignette outputs ... SKIPPED
* checking PDF version of manual ... OK
* DONE

Status: 3 WARNINGs, 4 NOTEs
See
  ‘/Users/biocbuild/bbs-3.20-bioc/meat/ChromSCape.Rcheck/00check.log’
for details.


Installation output

ChromSCape.Rcheck/00install.out

##############################################################################
##############################################################################
###
### Running command:
###
###   /Library/Frameworks/R.framework/Resources/bin/R CMD INSTALL ChromSCape
###
##############################################################################
##############################################################################


* installing to library ‘/Library/Frameworks/R.framework/Versions/4.4-x86_64/Resources/library’
* installing *source* package ‘ChromSCape’ ...
** using staged installation
** libs
using C++ compiler: ‘Apple clang version 14.0.0 (clang-1400.0.29.202)’
using SDK: ‘MacOSX11.3.sdk’
clang++ -arch x86_64 -std=gnu++17 -I"/Library/Frameworks/R.framework/Resources/include" -DNDEBUG  -I'/Library/Frameworks/R.framework/Versions/4.4-x86_64/Resources/library/Rcpp/include' -I/opt/R/x86_64/include    -fPIC  -falign-functions=64 -Wall -g -O2   -c RcppExports.cpp -o RcppExports.o
clang++ -arch x86_64 -std=gnu++17 -I"/Library/Frameworks/R.framework/Resources/include" -DNDEBUG  -I'/Library/Frameworks/R.framework/Versions/4.4-x86_64/Resources/library/Rcpp/include' -I/opt/R/x86_64/include    -fPIC  -falign-functions=64 -Wall -g -O2   -c as_dist.cpp -o as_dist.o
clang++ -arch x86_64 -std=gnu++17 -dynamiclib -Wl,-headerpad_max_install_names -undefined dynamic_lookup -L/Library/Frameworks/R.framework/Resources/lib -L/opt/R/x86_64/lib -o ChromSCape.so RcppExports.o as_dist.o -F/Library/Frameworks/R.framework/.. -framework R -Wl,-framework -Wl,CoreFoundation
installing to /Library/Frameworks/R.framework/Versions/4.4-x86_64/Resources/library/00LOCK-ChromSCape/00new/ChromSCape/libs
** R
** data
** inst
** byte-compile and prepare package for lazy loading
** help
*** installing help indices
** building package indices
** installing vignettes
** testing if installed package can be loaded from temporary location
** checking absolute paths in shared objects and dynamic libraries
** testing if installed package can be loaded from final location
** testing if installed package keeps a record of temporary installation path
* DONE (ChromSCape)

Tests output

ChromSCape.Rcheck/tests/testthat.Rout


R version 4.4.2 (2024-10-31) -- "Pile of Leaves"
Copyright (C) 2024 The R Foundation for Statistical Computing
Platform: x86_64-apple-darwin20

R is free software and comes with ABSOLUTELY NO WARRANTY.
You are welcome to redistribute it under certain conditions.
Type 'license()' or 'licence()' for distribution details.

R is a collaborative project with many contributors.
Type 'contributors()' for more information and
'citation()' on how to cite R or R packages in publications.

Type 'demo()' for some demos, 'help()' for on-line help, or
'help.start()' for an HTML browser interface to help.
Type 'q()' to quit R.

> library(testthat)
> library(ChromSCape)
> 
> test_check("ChromSCape")
[ FAIL 0 | WARN 2 | SKIP 0 | PASS 11 ]

[ FAIL 0 | WARN 2 | SKIP 0 | PASS 11 ]
> 
> proc.time()
   user  system elapsed 
 65.078   4.898  82.183 

Example timings

ChromSCape.Rcheck/ChromSCape-Ex.timings

nameusersystemelapsed
CheA3_TF_nTargets0.0140.0050.019
CompareWilcox7.6750.8567.994
CompareedgeRGLM 9.376 0.56310.837
annotToCol23.1900.3413.828
calculate_CNA57.235 4.44367.293
calculate_cyto_mat54.720 2.09262.853
calculate_gain_or_loss54.654 1.94064.003
calculate_logRatio_CNA53.411 2.18463.074
choose_cluster_scExp6.4580.5028.182
colors_scExp0.5740.0130.653
consensus_clustering_scExp5.9670.5007.226
correlation_and_hierarchical_clust_scExp0.6460.0150.768
create_project_folder0.0030.0060.010
create_scDataset_raw 9.781 0.83511.550
create_scExp1.0730.0381.193
define_feature0.2980.0100.379
detect_samples1.2100.1241.563
differential_activation12.937 0.13616.658
differential_analysis_scExp6.8450.0749.359
enrich_TF_ChEA3_genes0.9680.4225.597
enrich_TF_ChEA3_scExp1.9680.1265.562
exclude_features_scExp1.0850.0161.369
feature_annotation_scExp3.1920.1044.100
filter_correlated_cell_scExp11.314 0.13014.378
filter_scExp1.3020.0171.691
find_clusters_louvain_scExp0.6510.0180.858
find_top_features0.6510.0150.861
gene_set_enrichment_analysis_scExp0.4120.0110.533
generate_analysis0.0010.0010.001
generate_coverage_tracks0.0000.0010.001
generate_report0.0000.0010.001
getExperimentNames0.4800.0090.621
getMainExperiment0.5540.0120.716
get_cyto_features49.937 0.39862.472
get_genomic_coordinates0.8890.0111.145
get_most_variable_cyto53.013 0.48267.548
get_pathway_mat_scExp64.545 8.70393.587
has_genomic_coordinates1.4800.0261.938
import_scExp 7.890 0.80011.134
inter_correlation_scExp0.7230.0490.990
intra_correlation_scExp0.8060.0381.115
launchApp0.0010.0010.004
normalize_scExp0.9920.0671.536
num_cell_after_QC_filt_scExp0.9980.0161.294
num_cell_after_cor_filt_scExp11.911 0.20015.113
num_cell_before_cor_filt_scExp0.4130.0140.545
num_cell_in_cluster_scExp0.8440.0241.110
num_cell_scExp0.8310.0121.149
plot_cluster_consensus_scExp2.0360.0432.669
plot_correlation_PCA_scExp2.4630.0663.276
plot_coverage_BigWig0.4040.0130.571
plot_differential_summary_scExp0.4640.0170.598
plot_differential_volcano_scExp0.5820.0250.795
plot_distribution_scExp0.8820.0221.148
plot_gain_or_loss_barplots116.330 1.178142.448
plot_heatmap_scExp0.6280.0300.781
plot_inter_correlation_scExp1.1760.0241.338
plot_intra_correlation_scExp1.1160.0181.290
plot_most_contributing_features0.9620.0201.127
plot_percent_active_feature_scExp5.0670.1015.969
plot_pie_most_contributing_chr0.6560.0240.778
plot_reduced_dim_scExp7.3660.1098.463
plot_reduced_dim_scExp_CNA57.967 0.65967.712
plot_top_TF_scExp1.0550.0281.316
plot_violin_feature_scExp5.3480.0856.359
preprocess_CPM0.9890.0851.254
preprocess_RPKM1.0980.1111.447
preprocess_TFIDF0.9650.0711.266
preprocess_TPM1.0240.0811.293
preprocess_feature_size_only0.9630.0781.176
preprocessing_filtering_and_reduction12.285 0.33616.846
read_sparse_matrix0.0010.0010.001
rebin_matrix 7.699 0.12146.288
reduce_dims_scExp3.5840.0684.252
scExp2.1970.0682.685
subsample_scExp1.3240.0291.550
subset_bam_call_peaks0.0010.0000.001
summary_DA0.4810.0210.569
swapAltExp_sameColData0.6310.0150.724
table_enriched_genes_scExp0.4670.0190.561
wrapper_Signac_FeatureMatrix0.0000.0010.001