Back to Multiple platform build/check report for BioC 3.20: simplified long |
|
This page was generated on 2025-02-13 12:09 -0500 (Thu, 13 Feb 2025).
Hostname | OS | Arch (*) | R version | Installed pkgs |
---|---|---|---|---|
nebbiolo2 | Linux (Ubuntu 24.04.1 LTS) | x86_64 | 4.4.2 (2024-10-31) -- "Pile of Leaves" | 4754 |
palomino8 | Windows Server 2022 Datacenter | x64 | 4.4.2 (2024-10-31 ucrt) -- "Pile of Leaves" | 4502 |
merida1 | macOS 12.7.5 Monterey | x86_64 | 4.4.2 (2024-10-31) -- "Pile of Leaves" | 4525 |
kjohnson1 | macOS 13.6.6 Ventura | arm64 | 4.4.2 (2024-10-31) -- "Pile of Leaves" | 4477 |
taishan | Linux (openEuler 24.03 LTS) | aarch64 | 4.4.2 (2024-10-31) -- "Pile of Leaves" | 4414 |
Click on any hostname to see more info about the system (e.g. compilers) (*) as reported by 'uname -p', except on Windows and Mac OS X |
Package 545/2289 | Hostname | OS / Arch | INSTALL | BUILD | CHECK | BUILD BIN | ||||||||
DEP 1.28.0 (landing page) Arne Smits
| nebbiolo2 | Linux (Ubuntu 24.04.1 LTS) / x86_64 | OK | OK | WARNINGS | ![]() | ||||||||
palomino8 | Windows Server 2022 Datacenter / x64 | OK | OK | WARNINGS | OK | ![]() | ||||||||
merida1 | macOS 12.7.5 Monterey / x86_64 | OK | OK | WARNINGS | OK | ![]() | ||||||||
kjohnson1 | macOS 13.6.6 Ventura / arm64 | OK | OK | WARNINGS | OK | ![]() | ||||||||
taishan | Linux (openEuler 24.03 LTS) / aarch64 | OK | OK | WARNINGS | ||||||||||
To the developers/maintainers of the DEP package: - Allow up to 24 hours (and sometimes 48 hours) for your latest push to git@git.bioconductor.org:packages/DEP.git to reflect on this report. See Troubleshooting Build Report for more information. - Use the following Renviron settings to reproduce errors and warnings. - If 'R CMD check' started to fail recently on the Linux builder(s) over a missing dependency, add the missing dependency to 'Suggests:' in your DESCRIPTION file. See Renviron.bioc for more information. |
Package: DEP |
Version: 1.28.0 |
Command: /Library/Frameworks/R.framework/Resources/bin/R CMD check --install=check:DEP.install-out.txt --library=/Library/Frameworks/R.framework/Resources/library --no-vignettes --timings DEP_1.28.0.tar.gz |
StartedAt: 2025-02-11 02:26:30 -0500 (Tue, 11 Feb 2025) |
EndedAt: 2025-02-11 02:43:30 -0500 (Tue, 11 Feb 2025) |
EllapsedTime: 1020.1 seconds |
RetCode: 0 |
Status: WARNINGS |
CheckDir: DEP.Rcheck |
Warnings: 1 |
############################################################################## ############################################################################## ### ### Running command: ### ### /Library/Frameworks/R.framework/Resources/bin/R CMD check --install=check:DEP.install-out.txt --library=/Library/Frameworks/R.framework/Resources/library --no-vignettes --timings DEP_1.28.0.tar.gz ### ############################################################################## ############################################################################## * using log directory ‘/Users/biocbuild/bbs-3.20-bioc/meat/DEP.Rcheck’ * using R version 4.4.2 (2024-10-31) * using platform: x86_64-apple-darwin20 * R was compiled by Apple clang version 14.0.0 (clang-1400.0.29.202) GNU Fortran (GCC) 12.2.0 * running under: macOS Monterey 12.7.6 * using session charset: UTF-8 * using option ‘--no-vignettes’ * checking for file ‘DEP/DESCRIPTION’ ... OK * this is package ‘DEP’ version ‘1.28.0’ * package encoding: UTF-8 * checking package namespace information ... OK * checking package dependencies ... OK * checking if this is a source package ... OK * checking if there is a namespace ... OK * checking for hidden files and directories ... OK * checking for portable file names ... OK * checking for sufficient/correct file permissions ... OK * checking whether package ‘DEP’ can be installed ... OK * checking installed package size ... OK * checking package directory ... OK * checking ‘build’ directory ... OK * checking DESCRIPTION meta-information ... OK * checking top-level files ... OK * checking for left-over files ... OK * checking index information ... OK * checking package subdirectories ... OK * checking code files for non-ASCII characters ... OK * checking R files for syntax errors ... OK * checking whether the package can be loaded ... OK * checking whether the package can be loaded with stated dependencies ... OK * checking whether the package can be unloaded cleanly ... OK * checking whether the namespace can be loaded with stated dependencies ... OK * checking whether the namespace can be unloaded cleanly ... OK * checking whether startup messages can be suppressed ... OK * checking dependencies in R code ... OK * checking S3 generic/method consistency ... OK * checking replacement functions ... OK * checking foreign function calls ... OK * checking R code for possible problems ... OK * checking Rd files ... OK * checking Rd metadata ... OK * checking Rd cross-references ... WARNING Missing link or links in Rd file 'LFQ.Rd': ‘[MSnbase:impute-methods]{impute}’ Missing link or links in Rd file 'TMT.Rd': ‘[MSnbase:impute-methods]{impute}’ Missing link or links in Rd file 'impute.Rd': ‘[MSnbase:impute-methods]{impute}’ Missing link or links in Rd file 'process.Rd': ‘[MSnbase:impute-methods]{impute}’ See section 'Cross-references' in the 'Writing R Extensions' manual. * checking for missing documentation entries ... OK * checking for code/documentation mismatches ... OK * checking Rd \usage sections ... OK * checking Rd contents ... OK * checking for unstated dependencies in examples ... OK * checking contents of ‘data’ directory ... OK * checking data for non-ASCII characters ... OK * checking LazyData ... OK * checking data for ASCII and uncompressed saves ... OK * checking R/sysdata.rda ... OK * checking files in ‘vignettes’ ... OK * checking examples ... OK Examples with CPU (user + system) or elapsed time > 5s user system elapsed impute 119.998 0.598 134.640 plot_dist 9.658 0.106 10.395 plot_volcano 7.621 0.139 8.851 plot_heatmap 6.677 0.090 7.140 analyze_dep 4.891 0.134 5.492 * checking for unstated dependencies in ‘tests’ ... OK * checking tests ... Running ‘testthat.R’ OK * checking for unstated dependencies in vignettes ... OK * checking package vignettes ... OK * checking running R code from vignettes ... SKIPPED * checking re-building of vignette outputs ... SKIPPED * checking PDF version of manual ... OK * DONE Status: 1 WARNING See ‘/Users/biocbuild/bbs-3.20-bioc/meat/DEP.Rcheck/00check.log’ for details.
DEP.Rcheck/00install.out
############################################################################## ############################################################################## ### ### Running command: ### ### /Library/Frameworks/R.framework/Resources/bin/R CMD INSTALL DEP ### ############################################################################## ############################################################################## * installing to library ‘/Library/Frameworks/R.framework/Versions/4.4-x86_64/Resources/library’ * installing *source* package ‘DEP’ ... ** using staged installation ** R ** data *** moving datasets to lazyload DB ** inst ** byte-compile and prepare package for lazy loading ** help *** installing help indices ** building package indices ** installing vignettes ** testing if installed package can be loaded from temporary location ** testing if installed package can be loaded from final location ** testing if installed package keeps a record of temporary installation path * DONE (DEP)
DEP.Rcheck/tests/testthat.Rout
R version 4.4.2 (2024-10-31) -- "Pile of Leaves" Copyright (C) 2024 The R Foundation for Statistical Computing Platform: x86_64-apple-darwin20 R is free software and comes with ABSOLUTELY NO WARRANTY. You are welcome to redistribute it under certain conditions. Type 'license()' or 'licence()' for distribution details. R is a collaborative project with many contributors. Type 'contributors()' for more information and 'citation()' on how to cite R or R packages in publications. Type 'demo()' for some demos, 'help()' for on-line help, or 'help.start()' for an HTML browser interface to help. Type 'q()' to quit R. > library(testthat) > library(DEP) > > test_check("DEP") [ FAIL 0 | WARN 14 | SKIP 0 | PASS 333 ] [ FAIL 0 | WARN 14 | SKIP 0 | PASS 333 ] > > proc.time() user system elapsed 124.571 5.993 139.673
DEP.Rcheck/DEP-Ex.timings
name | user | system | elapsed | |
LFQ | 4.175 | 0.113 | 4.679 | |
TMT | 0.000 | 0.001 | 0.001 | |
add_rejections | 1.889 | 0.138 | 2.243 | |
analyze_dep | 4.891 | 0.134 | 5.492 | |
filter_missval | 1.209 | 0.042 | 1.356 | |
filter_proteins | 0.734 | 0.021 | 0.825 | |
get_df_long | 1.914 | 0.054 | 2.141 | |
get_df_wide | 1.820 | 0.045 | 2.028 | |
get_prefix | 0.006 | 0.001 | 0.008 | |
get_results | 3.282 | 0.063 | 3.644 | |
get_suffix | 0.002 | 0.001 | 0.002 | |
import_IsobarQuant | 0.001 | 0.000 | 0.001 | |
import_MaxQuant | 0.119 | 0.004 | 0.134 | |
impute | 119.998 | 0.598 | 134.640 | |
make_se | 0.097 | 0.002 | 0.117 | |
make_se_parse | 0.152 | 0.013 | 0.203 | |
make_unique | 0.048 | 0.002 | 0.062 | |
manual_impute | 1.602 | 0.037 | 1.839 | |
meanSdPlot | 1.820 | 0.214 | 2.246 | |
normalize_vsn | 0.861 | 0.030 | 1.006 | |
plot_all | 3.983 | 0.115 | 4.443 | |
plot_cond | 2.490 | 0.066 | 2.750 | |
plot_cond_freq | 2.183 | 0.054 | 2.368 | |
plot_cond_overlap | 2.172 | 0.059 | 2.358 | |
plot_cor | 3.161 | 0.082 | 3.860 | |
plot_coverage | 1.177 | 0.037 | 1.328 | |
plot_detect | 1.838 | 0.046 | 2.042 | |
plot_dist | 9.658 | 0.106 | 10.395 | |
plot_frequency | 1.051 | 0.036 | 1.162 | |
plot_gsea | 1.690 | 0.043 | 1.817 | |
plot_heatmap | 6.677 | 0.090 | 7.140 | |
plot_imputation | 2.402 | 0.071 | 2.650 | |
plot_missval | 4.073 | 0.098 | 4.401 | |
plot_normalization | 3.156 | 0.075 | 3.400 | |
plot_numbers | 1.178 | 0.040 | 1.320 | |
plot_p_hist | 3.056 | 0.066 | 3.291 | |
plot_pca | 3.018 | 0.047 | 3.241 | |
plot_single | 3.802 | 0.053 | 4.059 | |
plot_volcano | 7.621 | 0.139 | 8.851 | |
process | 3.370 | 0.079 | 3.724 | |
report | 0.000 | 0.001 | 0.001 | |
run_app | 0.000 | 0.001 | 0.002 | |
se2msn | 0.286 | 0.002 | 0.479 | |
test_diff | 2.150 | 0.066 | 2.506 | |
test_gsea | 1.735 | 0.049 | 1.996 | |
theme_DEP1 | 1.085 | 0.045 | 1.316 | |
theme_DEP2 | 1.201 | 0.048 | 1.401 | |