Back to Multiple platform build/check report for BioC 3.20:   simplified   long
ABCDEF[G]HIJKLMNOPQRSTUVWXYZ

This page was generated on 2025-02-06 12:11 -0500 (Thu, 06 Feb 2025).

HostnameOSArch (*)R versionInstalled pkgs
nebbiolo2Linux (Ubuntu 24.04.1 LTS)x86_644.4.2 (2024-10-31) -- "Pile of Leaves" 4753
palomino8Windows Server 2022 Datacenterx644.4.2 (2024-10-31 ucrt) -- "Pile of Leaves" 4501
merida1macOS 12.7.5 Montereyx86_644.4.2 (2024-10-31) -- "Pile of Leaves" 4524
kjohnson1macOS 13.6.6 Venturaarm644.4.2 (2024-10-31) -- "Pile of Leaves" 4476
taishanLinux (openEuler 24.03 LTS)aarch644.4.2 (2024-10-31) -- "Pile of Leaves" 4407
Click on any hostname to see more info about the system (e.g. compilers)      (*) as reported by 'uname -p', except on Windows and Mac OS X

Package 815/2289HostnameOS / ArchINSTALLBUILDCHECKBUILD BIN
GenomAutomorphism 1.8.1  (landing page)
Robersy Sanchez
Snapshot Date: 2025-02-03 13:00 -0500 (Mon, 03 Feb 2025)
git_url: https://git.bioconductor.org/packages/GenomAutomorphism
git_branch: RELEASE_3_20
git_last_commit: 7a7dfcf
git_last_commit_date: 2024-12-29 16:14:17 -0500 (Sun, 29 Dec 2024)
nebbiolo2Linux (Ubuntu 24.04.1 LTS) / x86_64  OK    OK    WARNINGS  UNNEEDED, same version is already published
palomino8Windows Server 2022 Datacenter / x64  OK    OK    WARNINGS    OK  UNNEEDED, same version is already published
merida1macOS 12.7.5 Monterey / x86_64  OK    OK    WARNINGS    OK  UNNEEDED, same version is already published
kjohnson1macOS 13.6.6 Ventura / arm64  OK    OK    WARNINGS    OK  UNNEEDED, same version is already published
taishanLinux (openEuler 24.03 LTS) / aarch64  OK    OK    WARNINGS  


CHECK results for GenomAutomorphism on taishan

To the developers/maintainers of the GenomAutomorphism package:
- Allow up to 24 hours (and sometimes 48 hours) for your latest push to git@git.bioconductor.org:packages/GenomAutomorphism.git to reflect on this report. See Troubleshooting Build Report for more information.
- Use the following Renviron settings to reproduce errors and warnings.
- If 'R CMD check' started to fail recently on the Linux builder(s) over a missing dependency, add the missing dependency to 'Suggests:' in your DESCRIPTION file. See Renviron.bioc for more information.
- See Martin Grigorov's blog post for how to debug Linux ARM64 related issues on a x86_64 host.

raw results


Summary

Package: GenomAutomorphism
Version: 1.8.1
Command: /home/biocbuild/R/R/bin/R CMD check --install=check:GenomAutomorphism.install-out.txt --library=/home/biocbuild/R/R/site-library --no-vignettes --timings GenomAutomorphism_1.8.1.tar.gz
StartedAt: 2025-02-04 07:17:23 -0000 (Tue, 04 Feb 2025)
EndedAt: 2025-02-04 07:21:19 -0000 (Tue, 04 Feb 2025)
EllapsedTime: 235.2 seconds
RetCode: 0
Status:   WARNINGS  
CheckDir: GenomAutomorphism.Rcheck
Warnings: 1

Command output

##############################################################################
##############################################################################
###
### Running command:
###
###   /home/biocbuild/R/R/bin/R CMD check --install=check:GenomAutomorphism.install-out.txt --library=/home/biocbuild/R/R/site-library --no-vignettes --timings GenomAutomorphism_1.8.1.tar.gz
###
##############################################################################
##############################################################################


* using log directory ‘/home/biocbuild/bbs-3.20-bioc/meat/GenomAutomorphism.Rcheck’
* using R version 4.4.2 (2024-10-31)
* using platform: aarch64-unknown-linux-gnu
* R was compiled by
    aarch64-unknown-linux-gnu-gcc (GCC) 14.2.0
    GNU Fortran (GCC) 12.3.1 (openEuler 12.3.1-36.oe2403)
* running under: openEuler 24.03 (LTS)
* using session charset: UTF-8
* using option ‘--no-vignettes’
* checking for file ‘GenomAutomorphism/DESCRIPTION’ ... OK
* this is package ‘GenomAutomorphism’ version ‘1.8.1’
* package encoding: UTF-8
* checking package namespace information ... OK
* checking package dependencies ... OK
* checking if this is a source package ... OK
* checking if there is a namespace ... OK
* checking for hidden files and directories ... OK
* checking for portable file names ... OK
* checking for sufficient/correct file permissions ... OK
* checking whether package ‘GenomAutomorphism’ can be installed ... OK
* checking installed package size ... OK
* checking package directory ... OK
* checking ‘build’ directory ... OK
* checking DESCRIPTION meta-information ... OK
* checking top-level files ... OK
* checking for left-over files ... OK
* checking index information ... OK
* checking package subdirectories ... OK
* checking code files for non-ASCII characters ... OK
* checking R files for syntax errors ... OK
* checking whether the package can be loaded ... OK
* checking whether the package can be loaded with stated dependencies ... OK
* checking whether the package can be unloaded cleanly ... OK
* checking whether the namespace can be loaded with stated dependencies ... OK
* checking whether the namespace can be unloaded cleanly ... OK
* checking loading without being on the library search path ... OK
* checking dependencies in R code ... OK
* checking S3 generic/method consistency ... OK
* checking replacement functions ... OK
* checking foreign function calls ... OK
* checking R code for possible problems ... OK
* checking Rd files ... OK
* checking Rd metadata ... OK
* checking Rd cross-references ... OK
* checking for missing documentation entries ... WARNING
Undocumented S4 methods:
  generic '[' and siglist 'AutomorphismList,ANY'
  generic '[' and siglist 'ListCodonMatrix,ANY'
  generic '[' and siglist 'MatrixSeq,ANY'
  generic '[[' and siglist 'AutomorphismList'
  generic '[[' and siglist 'ListCodonMatrix'
  generic 'names<-' and siglist 'AutomorphismList'
  generic 'names<-' and siglist 'MatrixSeq'
All user-level objects in a package (including S4 classes and methods)
should have documentation entries.
See chapter ‘Writing R documentation files’ in the ‘Writing R
Extensions’ manual.
* checking for code/documentation mismatches ... OK
* checking Rd \usage sections ... OK
* checking Rd contents ... OK
* checking for unstated dependencies in examples ... OK
* checking contents of ‘data’ directory ... OK
* checking data for non-ASCII characters ... OK
* checking data for ASCII and uncompressed saves ... OK
* checking files in ‘vignettes’ ... OK
* checking examples ... OK
Examples with CPU (user + system) or elapsed time > 5s
                user system elapsed
aminoacid_dist 5.611  1.065   5.972
automorphisms  4.823  1.304   5.389
* checking for unstated dependencies in ‘tests’ ... OK
* checking tests ...
  Running ‘spelling.R’
  Running ‘testthat.R’
 OK
* checking for unstated dependencies in vignettes ... OK
* checking package vignettes ... OK
* checking running R code from vignettes ... SKIPPED
* checking re-building of vignette outputs ... SKIPPED
* checking PDF version of manual ... OK
* DONE

Status: 1 WARNING
See
  ‘/home/biocbuild/bbs-3.20-bioc/meat/GenomAutomorphism.Rcheck/00check.log’
for details.


Installation output

GenomAutomorphism.Rcheck/00install.out

##############################################################################
##############################################################################
###
### Running command:
###
###   /home/biocbuild/R/R/bin/R CMD INSTALL GenomAutomorphism
###
##############################################################################
##############################################################################


* installing to library ‘/home/biocbuild/R/R-4.4.2/site-library’
* installing *source* package ‘GenomAutomorphism’ ...
** using staged installation
** R
** data
** inst
** byte-compile and prepare package for lazy loading
** help
*** installing help indices
*** copying figures
** building package indices
** installing vignettes
** testing if installed package can be loaded from temporary location
** testing if installed package can be loaded from final location
** testing if installed package keeps a record of temporary installation path
* DONE (GenomAutomorphism)

Tests output

GenomAutomorphism.Rcheck/tests/spelling.Rout


R version 4.4.2 (2024-10-31) -- "Pile of Leaves"
Copyright (C) 2024 The R Foundation for Statistical Computing
Platform: aarch64-unknown-linux-gnu

R is free software and comes with ABSOLUTELY NO WARRANTY.
You are welcome to redistribute it under certain conditions.
Type 'license()' or 'licence()' for distribution details.

R is a collaborative project with many contributors.
Type 'contributors()' for more information and
'citation()' on how to cite R or R packages in publications.

Type 'demo()' for some demos, 'help()' for on-line help, or
'help.start()' for an HTML browser interface to help.
Type 'q()' to quit R.

> if (requireNamespace("spelling", quietly = TRUE)) {
+     spelling::spell_check_test(
+         vignettes = TRUE, error = FALSE,
+         skip_on_cran = TRUE
+     )
+ }
NULL
> 
> proc.time()
   user  system elapsed 
  0.182   0.026   0.194 

GenomAutomorphism.Rcheck/tests/testthat.Rout


R version 4.4.2 (2024-10-31) -- "Pile of Leaves"
Copyright (C) 2024 The R Foundation for Statistical Computing
Platform: aarch64-unknown-linux-gnu

R is free software and comes with ABSOLUTELY NO WARRANTY.
You are welcome to redistribute it under certain conditions.
Type 'license()' or 'licence()' for distribution details.

R is a collaborative project with many contributors.
Type 'contributors()' for more information and
'citation()' on how to cite R or R packages in publications.

Type 'demo()' for some demos, 'help()' for on-line help, or
'help.start()' for an HTML browser interface to help.
Type 'q()' to quit R.

> library(testthat)
> library(GenomAutomorphism)
> 
> test_check("GenomAutomorphism")
[ FAIL 0 | WARN 0 | SKIP 0 | PASS 34 ]
> 
> proc.time()
   user  system elapsed 
 25.178   3.643  28.510 

Example timings

GenomAutomorphism.Rcheck/GenomAutomorphism-Ex.timings

nameusersystemelapsed
AutomorphismByCoef0.5670.0040.572
AutomorphismList2.8610.0122.880
CodonMatrix0.2480.0000.248
CodonSeq0.4530.0040.458
GRangesMatrixSeq0.2050.0400.246
ListCodonMatrix0.3170.0040.321
MatrixSeq0.1140.0040.119
aa_phychem_index0.0920.0000.093
aaindex10.0340.0000.034
aaindex20.0150.0000.015
aaindex30.0090.0000.009
aln0.0540.0000.055
aminoacid_dist5.6111.0655.972
as.AutomorphismList0.7640.1270.712
aut3D1.4140.3131.486
autZ1252.5610.8332.555
autZ50.9060.6421.330
autZ641.7410.3651.870
autby_coef0.3770.0170.393
autm0.0590.0110.071
autm_3d0.1020.0000.103
autm_z1250.0820.0030.086
automorphismByRanges0.1420.0280.170
automorphism_bycoef0.1310.0280.159
automorphism_prob1.3830.1321.517
automorphisms4.8231.3045.389
base2codon0.0550.0080.063
base2int0.0090.0000.010
base_methods0.5220.0670.592
brca1_aln0.0750.0080.083
brca1_aln20.0700.0130.082
brca1_autm0.4860.0270.514
cdm_z640.1270.0800.207
codon_coord0.8620.1401.004
codon_dist0.3710.0040.375
codon_dist_matrix0.0370.0452.893
codon_matrix3.3940.3510.906
conserved_regions0.5070.0040.512
covid_aln0.0670.0000.067
covid_autm0.0830.0000.084
cyc_aln0.1030.0000.103
cyc_autm0.1550.0000.155
dna_phyche0.0030.0040.007
dna_phychem0.0030.0000.003
extract-methods0.6130.0190.634
getAutomorphisms0.2420.0080.250
get_coord0.5600.1080.669
get_mutscore0.190.000.19
matrices0.5090.0000.511
mod0.0020.0000.001
modeq0.0020.0000.001
modlineq0.0030.0000.003
mut_type0.0030.0000.002
peptide_phychem_index0.1180.0000.118
reexports0.1170.0000.117
seqranges0.6040.0160.622
slapply0.0020.0000.002
sortByChromAndStart0.080.000.08
str2chr0.0010.0000.001
str2dig0.0000.0000.001
translation0.7120.0000.714