Back to Multiple platform build/check report for BioC 3.20:   simplified   long
ABCDEF[G]HIJKLMNOPQRSTUVWXYZ

This page was generated on 2025-02-06 12:11 -0500 (Thu, 06 Feb 2025).

HostnameOSArch (*)R versionInstalled pkgs
nebbiolo2Linux (Ubuntu 24.04.1 LTS)x86_644.4.2 (2024-10-31) -- "Pile of Leaves" 4753
palomino8Windows Server 2022 Datacenterx644.4.2 (2024-10-31 ucrt) -- "Pile of Leaves" 4501
merida1macOS 12.7.5 Montereyx86_644.4.2 (2024-10-31) -- "Pile of Leaves" 4524
kjohnson1macOS 13.6.6 Venturaarm644.4.2 (2024-10-31) -- "Pile of Leaves" 4476
taishanLinux (openEuler 24.03 LTS)aarch644.4.2 (2024-10-31) -- "Pile of Leaves" 4407
Click on any hostname to see more info about the system (e.g. compilers)      (*) as reported by 'uname -p', except on Windows and Mac OS X

Package 831/2289HostnameOS / ArchINSTALLBUILDCHECKBUILD BIN
GenomicSuperSignature 1.14.0  (landing page)
Sehyun Oh
Snapshot Date: 2025-02-03 13:00 -0500 (Mon, 03 Feb 2025)
git_url: https://git.bioconductor.org/packages/GenomicSuperSignature
git_branch: RELEASE_3_20
git_last_commit: 42a9dcd
git_last_commit_date: 2024-10-29 11:00:53 -0500 (Tue, 29 Oct 2024)
nebbiolo2Linux (Ubuntu 24.04.1 LTS) / x86_64  OK    OK    WARNINGS  UNNEEDED, same version is already published
palomino8Windows Server 2022 Datacenter / x64  OK    OK    WARNINGS    OK  UNNEEDED, same version is already published
merida1macOS 12.7.5 Monterey / x86_64  OK    OK    WARNINGS    OK  UNNEEDED, same version is already published
kjohnson1macOS 13.6.6 Ventura / arm64  OK    OK    WARNINGS    OK  UNNEEDED, same version is already published
taishanLinux (openEuler 24.03 LTS) / aarch64  OK    ERROR  skipped


BUILD results for GenomicSuperSignature on taishan

To the developers/maintainers of the GenomicSuperSignature package:
- Allow up to 24 hours (and sometimes 48 hours) for your latest push to git@git.bioconductor.org:packages/GenomicSuperSignature.git to reflect on this report. See Troubleshooting Build Report for more information.
- Use the following Renviron settings to reproduce errors and warnings.
- If 'R CMD check' started to fail recently on the Linux builder(s) over a missing dependency, add the missing dependency to 'Suggests:' in your DESCRIPTION file. See Renviron.bioc for more information.
- See Martin Grigorov's blog post for how to debug Linux ARM64 related issues on a x86_64 host.

raw results


Summary

Package: GenomicSuperSignature
Version: 1.14.0
Command: /home/biocbuild/R/R/bin/R CMD build --keep-empty-dirs --no-resave-data GenomicSuperSignature
StartedAt: 2025-02-03 23:51:28 -0000 (Mon, 03 Feb 2025)
EndedAt: 2025-02-04 00:07:22 -0000 (Tue, 04 Feb 2025)
EllapsedTime: 953.4 seconds
RetCode: 1
Status:   ERROR  
PackageFile: None
PackageFileSize: NA

Command output

##############################################################################
##############################################################################
###
### Running command:
###
###   /home/biocbuild/R/R/bin/R CMD build --keep-empty-dirs --no-resave-data GenomicSuperSignature
###
##############################################################################
##############################################################################


* checking for file ‘GenomicSuperSignature/DESCRIPTION’ ... OK
* preparing ‘GenomicSuperSignature’:
* checking DESCRIPTION meta-information ... OK
* installing the package to build vignettes
* creating vignettes ... ERROR
--- re-building ‘Contents.Rmd’ using rmarkdown
Could not fetch https://raw.githubusercontent.com/shbrief/GenomicSuperSignaturePaper/master/inst/images/GSig_RAVmodel.png
HttpExceptionRequest Request {
  host                 = "raw.githubusercontent.com"
  port                 = 443
  secure               = True
  requestHeaders       = []
  path                 = "/shbrief/GenomicSuperSignaturePaper/master/inst/images/GSig_RAVmodel.png"
  queryString          = ""
  method               = "GET"
  proxy                = Nothing
  rawBody              = False
  redirectCount        = 10
  responseTimeout      = ResponseTimeoutDefault
  requestVersion       = HTTP/1.1
  proxySecureMode      = ProxySecureWithConnect
}
 ConnectionTimeout
Error: processing vignette 'Contents.Rmd' failed with diagnostics:
pandoc document conversion failed with error 61
--- failed re-building ‘Contents.Rmd’

--- re-building ‘Quickstart.Rmd’ using rmarkdown
--- finished re-building ‘Quickstart.Rmd’

SUMMARY: processing the following file failed:
  ‘Contents.Rmd’

Error: Vignette re-building failed.
Execution halted