Back to Multiple platform build/check report for BioC 3.20:   simplified   long
ABCDEFGH[I]JKLMNOPQRSTUVWXYZ

This page was generated on 2025-02-06 12:08 -0500 (Thu, 06 Feb 2025).

HostnameOSArch (*)R versionInstalled pkgs
nebbiolo2Linux (Ubuntu 24.04.1 LTS)x86_644.4.2 (2024-10-31) -- "Pile of Leaves" 4753
palomino8Windows Server 2022 Datacenterx644.4.2 (2024-10-31 ucrt) -- "Pile of Leaves" 4501
merida1macOS 12.7.5 Montereyx86_644.4.2 (2024-10-31) -- "Pile of Leaves" 4524
kjohnson1macOS 13.6.6 Venturaarm644.4.2 (2024-10-31) -- "Pile of Leaves" 4476
taishanLinux (openEuler 24.03 LTS)aarch644.4.2 (2024-10-31) -- "Pile of Leaves" 4407
Click on any hostname to see more info about the system (e.g. compilers)      (*) as reported by 'uname -p', except on Windows and Mac OS X

Package 1016/2289HostnameOS / ArchINSTALLBUILDCHECKBUILD BIN
ILoReg 1.16.0  (landing page)
Johannes Smolander
Snapshot Date: 2025-02-03 13:00 -0500 (Mon, 03 Feb 2025)
git_url: https://git.bioconductor.org/packages/ILoReg
git_branch: RELEASE_3_20
git_last_commit: 0694b79
git_last_commit_date: 2024-10-29 10:48:50 -0500 (Tue, 29 Oct 2024)
nebbiolo2Linux (Ubuntu 24.04.1 LTS) / x86_64  OK    OK    WARNINGS  UNNEEDED, same version is already published
palomino8Windows Server 2022 Datacenter / x64  OK    OK    WARNINGS    OK  UNNEEDED, same version is already published
merida1macOS 12.7.5 Monterey / x86_64  OK    OK    WARNINGS    OK  UNNEEDED, same version is already published
kjohnson1macOS 13.6.6 Ventura / arm64  OK    OK    WARNINGS    OK  UNNEEDED, same version is already published
taishanLinux (openEuler 24.03 LTS) / aarch64  OK    ERROR  skipped


CHECK results for ILoReg on merida1

To the developers/maintainers of the ILoReg package:
- Allow up to 24 hours (and sometimes 48 hours) for your latest push to git@git.bioconductor.org:packages/ILoReg.git to reflect on this report. See Troubleshooting Build Report for more information.
- Use the following Renviron settings to reproduce errors and warnings.
- If 'R CMD check' started to fail recently on the Linux builder(s) over a missing dependency, add the missing dependency to 'Suggests:' in your DESCRIPTION file. See Renviron.bioc for more information.

raw results


Summary

Package: ILoReg
Version: 1.16.0
Command: /Library/Frameworks/R.framework/Resources/bin/R CMD check --install=check:ILoReg.install-out.txt --library=/Library/Frameworks/R.framework/Resources/library --no-vignettes --timings ILoReg_1.16.0.tar.gz
StartedAt: 2025-02-04 05:09:14 -0500 (Tue, 04 Feb 2025)
EndedAt: 2025-02-04 05:19:16 -0500 (Tue, 04 Feb 2025)
EllapsedTime: 601.8 seconds
RetCode: 0
Status:   WARNINGS  
CheckDir: ILoReg.Rcheck
Warnings: 2

Command output

##############################################################################
##############################################################################
###
### Running command:
###
###   /Library/Frameworks/R.framework/Resources/bin/R CMD check --install=check:ILoReg.install-out.txt --library=/Library/Frameworks/R.framework/Resources/library --no-vignettes --timings ILoReg_1.16.0.tar.gz
###
##############################################################################
##############################################################################


* using log directory ‘/Users/biocbuild/bbs-3.20-bioc/meat/ILoReg.Rcheck’
* using R version 4.4.2 (2024-10-31)
* using platform: x86_64-apple-darwin20
* R was compiled by
    Apple clang version 14.0.0 (clang-1400.0.29.202)
    GNU Fortran (GCC) 12.2.0
* running under: macOS Monterey 12.7.6
* using session charset: UTF-8
* using option ‘--no-vignettes’
* checking for file ‘ILoReg/DESCRIPTION’ ... OK
* checking extension type ... Package
* this is package ‘ILoReg’ version ‘1.16.0’
* package encoding: UTF-8
* checking package namespace information ... OK
* checking package dependencies ... OK
* checking if this is a source package ... OK
* checking if there is a namespace ... OK
* checking for hidden files and directories ... OK
* checking for portable file names ... OK
* checking for sufficient/correct file permissions ... OK
* checking whether package ‘ILoReg’ can be installed ... WARNING
Found the following significant warnings:
  Warning: replacing previous import ‘Matrix::det’ by ‘SparseM::det’ when loading ‘ILoReg’
See ‘/Users/biocbuild/bbs-3.20-bioc/meat/ILoReg.Rcheck/00install.out’ for details.
* checking installed package size ... OK
* checking package directory ... OK
* checking ‘build’ directory ... OK
* checking DESCRIPTION meta-information ... OK
* checking top-level files ... OK
* checking for left-over files ... OK
* checking index information ... OK
* checking package subdirectories ... OK
* checking code files for non-ASCII characters ... OK
* checking R files for syntax errors ... OK
* checking whether the package can be loaded ... OK
* checking whether the package can be loaded with stated dependencies ... OK
* checking whether the package can be unloaded cleanly ... OK
* checking whether the namespace can be loaded with stated dependencies ... OK
* checking whether the namespace can be unloaded cleanly ... OK
* checking dependencies in R code ... OK
* checking S3 generic/method consistency ... OK
* checking replacement functions ... OK
* checking foreign function calls ... OK
* checking R code for possible problems ... OK
* checking Rd files ... OK
* checking Rd metadata ... OK
* checking Rd cross-references ... OK
* checking for missing documentation entries ... OK
* checking for code/documentation mismatches ... WARNING
Codoc mismatches from Rd file 'FindAllGeneMarkers.Rd':
FindAllGeneMarkers.SingleCellExperiment
  Code: function(object, clustering.type, test, log2fc.threshold,
                 min.pct, min.diff.pct, min.cells.group,
                 max.cells.per.cluster, return.thresh, only.pos)
  Docs: function(object, clustering.type, test, log2fc.threshold,
                 min.pct, min.diff.pct, min.cells.group,
                 max.cells.per.cluster, pseudocount.use, return.thresh,
                 only.pos)
  Argument names in docs not in code:
    pseudocount.use
  Mismatches in argument names:
    Position: 9 Code: return.thresh Docs: pseudocount.use
    Position: 10 Code: only.pos Docs: return.thresh
\S4method{FindAllGeneMarkers}{SingleCellExperiment}
  Code: function(object, clustering.type = "manual", test = "wilcox",
                 log2fc.threshold = 0.25, min.pct = 0.1, min.diff.pct =
                 NULL, min.cells.group = 3, max.cells.per.cluster =
                 NULL, return.thresh = 0.01, only.pos = FALSE)
  Docs: function(object, clustering.type = "manual", test = "wilcox",
                 log2fc.threshold = 0.25, min.pct = 0.1, min.diff.pct =
                 NULL, min.cells.group = 3, max.cells.per.cluster =
                 NULL, pseudocount.use = 1, return.thresh = 0.01,
                 only.pos = FALSE)
  Argument names in docs not in code:
    pseudocount.use
  Mismatches in argument names:
    Position: 9 Code: return.thresh Docs: pseudocount.use
    Position: 10 Code: only.pos Docs: return.thresh

Codoc mismatches from Rd file 'FindGeneMarkers.Rd':
FindGeneMarkers.SingleCellExperiment
  Code: function(object, clusters.1, clusters.2, clustering.type, test,
                 logfc.threshold, min.pct, min.diff.pct,
                 min.cells.group, max.cells.per.cluster, return.thresh,
                 only.pos)
  Docs: function(object, clusters.1, clusters.2, clustering.type, test,
                 logfc.threshold, min.pct, min.diff.pct,
                 min.cells.group, max.cells.per.cluster,
                 pseudocount.use, return.thresh, only.pos)
  Argument names in docs not in code:
    pseudocount.use
  Mismatches in argument names:
    Position: 11 Code: return.thresh Docs: pseudocount.use
    Position: 12 Code: only.pos Docs: return.thresh
\S4method{FindGeneMarkers}{SingleCellExperiment}
  Code: function(object, clusters.1 = NULL, clusters.2 = NULL,
                 clustering.type = "", test = "wilcox", logfc.threshold
                 = 0.25, min.pct = 0.1, min.diff.pct = NULL,
                 min.cells.group = 3, max.cells.per.cluster = NULL,
                 return.thresh = 0.01, only.pos = FALSE)
  Docs: function(object, clusters.1 = NULL, clusters.2 = NULL,
                 clustering.type = "", test = "wilcox", logfc.threshold
                 = 0.25, min.pct = 0.1, min.diff.pct = NULL,
                 min.cells.group = 3, max.cells.per.cluster = NULL,
                 pseudocount.use = 1, return.thresh = 0.01, only.pos =
                 FALSE)
  Argument names in docs not in code:
    pseudocount.use
  Mismatches in argument names:
    Position: 11 Code: return.thresh Docs: pseudocount.use
    Position: 12 Code: only.pos Docs: return.thresh

Codoc mismatches from Rd file 'RunICP.Rd':
RunICP
  Code: function(normalized.data = NULL, k = 15, d = 0.3, r = 5, C = 5,
                 reg.type = "L1", max.iter = 200, icp.batch.size = Inf)
  Docs: function(normalized.data = NULL, k = 15, d = 0.3, r = 5, C = 5,
                 reg.type = "L1", max.iter = 200)
  Argument names in code not in docs:
    icp.batch.size

Codoc mismatches from Rd file 'RunParallelICP.Rd':
RunParallelICP.SingleCellExperiment
  Code: function(object, k, d, L, r, C, reg.type, max.iter, threads,
                 icp.batch.size)
  Docs: function(object, k, d, L, r, C, reg.type, max.iter, threads)
  Argument names in code not in docs:
    icp.batch.size
\S4method{RunParallelICP}{SingleCellExperiment}
  Code: function(object, k = 15, d = 0.3, L = 200, r = 5, C = 0.3,
                 reg.type = "L1", max.iter = 200, threads = 0,
                 icp.batch.size = Inf)
  Docs: function(object, k = 15, d = 0.3, L = 200, r = 5, C = 0.3,
                 reg.type = "L1", max.iter = 200, threads = 0)
  Argument names in code not in docs:
    icp.batch.size

* checking Rd \usage sections ... OK
* checking Rd contents ... OK
* checking for unstated dependencies in examples ... OK
* checking contents of ‘data’ directory ... OK
* checking data for non-ASCII characters ... OK
* checking LazyData ... OK
* checking data for ASCII and uncompressed saves ... OK
* checking files in ‘vignettes’ ... OK
* checking examples ... OK
Examples with CPU (user + system) or elapsed time > 5s
                         user system elapsed
FindAllGeneMarkers     24.099  1.407  26.693
SelectTopGenes         22.593  1.239  26.055
GeneHeatmap            15.711  1.121  18.491
ClusteringScatterPlot  14.164  1.086  15.821
GeneScatterPlot        14.164  0.848  16.335
AnnotationScatterPlot  11.502  0.973  12.790
FindGeneMarkers        11.036  0.965  12.995
RunUMAP                11.006  0.964  13.035
RunTSNE                 8.851  0.934  10.529
VlnPlot                 8.009  0.811   9.451
CalcSilhInfo            7.922  0.805   9.015
SilhouetteCurve         7.585  0.971   9.393
MergeClusters           6.767  0.884   8.002
RenameAllClusters       6.705  0.813   8.002
RunPCA                  6.539  0.893   7.825
PCAElbowPlot            6.168  0.712   7.245
RenameCluster           6.090  0.782   7.161
HierarchicalClustering  6.050  0.755   7.336
SelectKClusters         6.041  0.748   7.583
RunParallelICP          5.890  0.890   7.094
* checking for unstated dependencies in vignettes ... OK
* checking package vignettes ... OK
* checking running R code from vignettes ... SKIPPED
* checking re-building of vignette outputs ... SKIPPED
* checking PDF version of manual ... OK
* DONE

Status: 2 WARNINGs
See
  ‘/Users/biocbuild/bbs-3.20-bioc/meat/ILoReg.Rcheck/00check.log’
for details.


Installation output

ILoReg.Rcheck/00install.out

##############################################################################
##############################################################################
###
### Running command:
###
###   /Library/Frameworks/R.framework/Resources/bin/R CMD INSTALL ILoReg
###
##############################################################################
##############################################################################


* installing to library ‘/Library/Frameworks/R.framework/Versions/4.4-x86_64/Resources/library’
* installing *source* package ‘ILoReg’ ...
** using staged installation
** R
** data
*** moving datasets to lazyload DB
** inst
** byte-compile and prepare package for lazy loading
Warning: replacing previous import ‘Matrix::det’ by ‘SparseM::det’ when loading ‘ILoReg’
** help
*** installing help indices
** building package indices
** installing vignettes
** testing if installed package can be loaded from temporary location
Warning: replacing previous import ‘Matrix::det’ by ‘SparseM::det’ when loading ‘ILoReg’
** testing if installed package can be loaded from final location
Warning: replacing previous import ‘Matrix::det’ by ‘SparseM::det’ when loading ‘ILoReg’
** testing if installed package keeps a record of temporary installation path
* DONE (ILoReg)

Tests output


Example timings

ILoReg.Rcheck/ILoReg-Ex.timings

nameusersystemelapsed
AnnotationScatterPlot11.502 0.97312.790
CalcSilhInfo7.9220.8059.015
ClusteringScatterPlot14.164 1.08615.821
FindAllGeneMarkers24.099 1.40726.693
FindGeneMarkers11.036 0.96512.995
GeneHeatmap15.711 1.12118.491
GeneScatterPlot14.164 0.84816.335
HierarchicalClustering6.0500.7557.336
MergeClusters6.7670.8848.002
PCAElbowPlot6.1680.7127.245
PrepareILoReg0.5910.0210.639
RenameAllClusters6.7050.8138.002
RenameCluster6.0900.7827.161
RunPCA6.5390.8937.825
RunParallelICP5.8900.8907.094
RunTSNE 8.851 0.93410.529
RunUMAP11.006 0.96413.035
SelectKClusters6.0410.7487.583
SelectTopGenes22.593 1.23926.055
SilhouetteCurve7.5850.9719.393
VlnPlot8.0090.8119.451
pbmc3k_5000.0030.0020.008