Back to Multiple platform build/check report for BioC 3.20:   simplified   long
ABCDEFGHIJKLMNOPQR[S]TUVWXYZ

This page was generated on 2025-02-06 12:12 -0500 (Thu, 06 Feb 2025).

HostnameOSArch (*)R versionInstalled pkgs
nebbiolo2Linux (Ubuntu 24.04.1 LTS)x86_644.4.2 (2024-10-31) -- "Pile of Leaves" 4753
palomino8Windows Server 2022 Datacenterx644.4.2 (2024-10-31 ucrt) -- "Pile of Leaves" 4501
merida1macOS 12.7.5 Montereyx86_644.4.2 (2024-10-31) -- "Pile of Leaves" 4524
kjohnson1macOS 13.6.6 Venturaarm644.4.2 (2024-10-31) -- "Pile of Leaves" 4476
taishanLinux (openEuler 24.03 LTS)aarch644.4.2 (2024-10-31) -- "Pile of Leaves" 4407
Click on any hostname to see more info about the system (e.g. compilers)      (*) as reported by 'uname -p', except on Windows and Mac OS X

Package 1978/2289HostnameOS / ArchINSTALLBUILDCHECKBUILD BIN
SingleMoleculeFootprinting 2.0.0  (landing page)
Guido Barzaghi
Snapshot Date: 2025-02-03 13:00 -0500 (Mon, 03 Feb 2025)
git_url: https://git.bioconductor.org/packages/SingleMoleculeFootprinting
git_branch: RELEASE_3_20
git_last_commit: 4d5ea07
git_last_commit_date: 2024-10-29 11:00:56 -0500 (Tue, 29 Oct 2024)
nebbiolo2Linux (Ubuntu 24.04.1 LTS) / x86_64  OK    OK    WARNINGS  YES
palomino8Windows Server 2022 Datacenter / x64  OK    OK    WARNINGS    OK  YES
merida1macOS 12.7.5 Monterey / x86_64  OK    OK    WARNINGS    NA  
kjohnson1macOS 13.6.6 Ventura / arm64  OK    OK    WARNINGS    OK  YES
taishanLinux (openEuler 24.03 LTS) / aarch64  OK    OK    WARNINGS  


CHECK results for SingleMoleculeFootprinting on taishan

To the developers/maintainers of the SingleMoleculeFootprinting package:
- Allow up to 24 hours (and sometimes 48 hours) for your latest push to git@git.bioconductor.org:packages/SingleMoleculeFootprinting.git to reflect on this report. See Troubleshooting Build Report for more information.
- Use the following Renviron settings to reproduce errors and warnings.
- If 'R CMD check' started to fail recently on the Linux builder(s) over a missing dependency, add the missing dependency to 'Suggests:' in your DESCRIPTION file. See Renviron.bioc for more information.
- See Martin Grigorov's blog post for how to debug Linux ARM64 related issues on a x86_64 host.

raw results


Summary

Package: SingleMoleculeFootprinting
Version: 2.0.0
Command: /home/biocbuild/R/R/bin/R CMD check --install=check:SingleMoleculeFootprinting.install-out.txt --library=/home/biocbuild/R/R/site-library --no-vignettes --timings SingleMoleculeFootprinting_2.0.0.tar.gz
StartedAt: 2025-02-04 11:09:38 -0000 (Tue, 04 Feb 2025)
EndedAt: 2025-02-04 11:16:46 -0000 (Tue, 04 Feb 2025)
EllapsedTime: 427.5 seconds
RetCode: 0
Status:   WARNINGS  
CheckDir: SingleMoleculeFootprinting.Rcheck
Warnings: 1

Command output

##############################################################################
##############################################################################
###
### Running command:
###
###   /home/biocbuild/R/R/bin/R CMD check --install=check:SingleMoleculeFootprinting.install-out.txt --library=/home/biocbuild/R/R/site-library --no-vignettes --timings SingleMoleculeFootprinting_2.0.0.tar.gz
###
##############################################################################
##############################################################################


* using log directory ‘/home/biocbuild/bbs-3.20-bioc/meat/SingleMoleculeFootprinting.Rcheck’
* using R version 4.4.2 (2024-10-31)
* using platform: aarch64-unknown-linux-gnu
* R was compiled by
    aarch64-unknown-linux-gnu-gcc (GCC) 14.2.0
    GNU Fortran (GCC) 12.3.1 (openEuler 12.3.1-36.oe2403)
* running under: openEuler 24.03 (LTS)
* using session charset: UTF-8
* using option ‘--no-vignettes’
* checking for file ‘SingleMoleculeFootprinting/DESCRIPTION’ ... OK
* this is package ‘SingleMoleculeFootprinting’ version ‘2.0.0’
* package encoding: UTF-8
* checking package namespace information ... OK
* checking package dependencies ... OK
* checking if this is a source package ... OK
* checking if there is a namespace ... OK
* checking for hidden files and directories ... OK
* checking for portable file names ... OK
* checking for sufficient/correct file permissions ... OK
* checking whether package ‘SingleMoleculeFootprinting’ can be installed ... WARNING
Found the following significant warnings:
  Warning: replacing previous import ‘Biostrings::setequal’ by ‘dplyr::setequal’ when loading ‘SingleMoleculeFootprinting’
  Warning: replacing previous import ‘GenomicRanges::intersect’ by ‘dplyr::intersect’ when loading ‘SingleMoleculeFootprinting’
  Warning: replacing previous import ‘GenomicRanges::union’ by ‘dplyr::union’ when loading ‘SingleMoleculeFootprinting’
  Warning: replacing previous import ‘BiocGenerics::combine’ by ‘dplyr::combine’ when loading ‘SingleMoleculeFootprinting’
  Warning: replacing previous import ‘Biostrings::collapse’ by ‘dplyr::collapse’ when loading ‘SingleMoleculeFootprinting’
  Warning: replacing previous import ‘GenomicRanges::setdiff’ by ‘dplyr::setdiff’ when loading ‘SingleMoleculeFootprinting’
  Warning: replacing previous import ‘BiocGenerics::Position’ by ‘ggplot2::Position’ when loading ‘SingleMoleculeFootprinting’
  Warning: replacing previous import ‘BiocGenerics::boxplot’ by ‘graphics::boxplot’ when loading ‘SingleMoleculeFootprinting’
  Warning: replacing previous import ‘Matrix::image’ by ‘graphics::image’ when loading ‘SingleMoleculeFootprinting’
  Warning: replacing previous import ‘dplyr::between’ by ‘plyranges::between’ when loading ‘SingleMoleculeFootprinting’
  Warning: replacing previous import ‘dplyr::n_distinct’ by ‘plyranges::n_distinct’ when loading ‘SingleMoleculeFootprinting’
  Warning: replacing previous import ‘dplyr::n’ by ‘plyranges::n’ when loading ‘SingleMoleculeFootprinting’
See ‘/home/biocbuild/bbs-3.20-bioc/meat/SingleMoleculeFootprinting.Rcheck/00install.out’ for details.
* checking installed package size ... OK
* checking package directory ... OK
* checking ‘build’ directory ... OK
* checking DESCRIPTION meta-information ... OK
* checking top-level files ... OK
* checking for left-over files ... OK
* checking index information ... OK
* checking package subdirectories ... OK
* checking code files for non-ASCII characters ... OK
* checking R files for syntax errors ... OK
* checking whether the package can be loaded ... OK
* checking whether the package can be loaded with stated dependencies ... OK
* checking whether the package can be unloaded cleanly ... OK
* checking whether the namespace can be loaded with stated dependencies ... OK
* checking whether the namespace can be unloaded cleanly ... OK
* checking loading without being on the library search path ... OK
* checking dependencies in R code ... OK
* checking S3 generic/method consistency ... OK
* checking replacement functions ... OK
* checking foreign function calls ... OK
* checking R code for possible problems ... NOTE
Create_MethylationCallingWindows: no visible binding for global
  variable ‘idx’
GRanges_to_DF: no visible binding for global variable ‘Sample’
GRanges_to_DF: no visible binding for global variable ‘Score’
LowCoverageMethRate_RMSE: no visible binding for global variable
  ‘Sample’
PlotAvgSMF: no visible binding for global variable ‘MethRate’
PlotSingleMoleculeStack : <anonymous>: no visible binding for global
  variable ‘Coordinate’
PlotSingleMoleculeStack : <anonymous>: no visible binding for global
  variable ‘Methylation’
PlotSingleMoleculeStack: no visible binding for global variable
  ‘Sample’
StateQuantificationPlot: no visible binding for global variable ‘State’
StateQuantificationPlot: no visible binding for global variable
  ‘Pattern’
StateQuantificationPlot: no visible binding for global variable ‘Bin’
StateQuantificationPlot: no visible binding for global variable
  ‘Methylation’
Undefined global functions or variables:
  Bin Coordinate MethRate Methylation Pattern Sample Score State idx
* checking Rd files ... OK
* checking Rd metadata ... OK
* checking Rd cross-references ... OK
* checking for missing documentation entries ... OK
* checking for code/documentation mismatches ... OK
* checking Rd \usage sections ... NOTE
S3 methods shown with full name in Rd file 'cbind.fill.Matrix.Rd':
  ‘cbind.fill.Matrix’

S3 methods shown with full name in Rd file 'rbind.fill.Matrix.Rd':
  ‘rbind.fill.Matrix’

The \usage entries for S3 methods should use the \method markup and not
their full name.
See chapter ‘Writing R documentation files’ in the ‘Writing R
Extensions’ manual.
* checking Rd contents ... OK
* checking for unstated dependencies in examples ... OK
* checking files in ‘vignettes’ ... OK
* checking examples ... OK
* checking for unstated dependencies in ‘tests’ ... OK
* checking tests ...
  Running ‘testthat.R’
 OK
* checking for unstated dependencies in vignettes ... OK
* checking package vignettes ... OK
* checking running R code from vignettes ... SKIPPED
* checking re-building of vignette outputs ... SKIPPED
* checking PDF version of manual ... OK
* DONE

Status: 1 WARNING, 2 NOTEs
See
  ‘/home/biocbuild/bbs-3.20-bioc/meat/SingleMoleculeFootprinting.Rcheck/00check.log’
for details.


Installation output

SingleMoleculeFootprinting.Rcheck/00install.out

##############################################################################
##############################################################################
###
### Running command:
###
###   /home/biocbuild/R/R/bin/R CMD INSTALL SingleMoleculeFootprinting
###
##############################################################################
##############################################################################


* installing to library ‘/home/biocbuild/R/R-4.4.2/site-library’
* installing *source* package ‘SingleMoleculeFootprinting’ ...
** using staged installation
** R
** inst
** byte-compile and prepare package for lazy loading
Warning: replacing previous import ‘Biostrings::setequal’ by ‘dplyr::setequal’ when loading ‘SingleMoleculeFootprinting’
Warning: replacing previous import ‘GenomicRanges::intersect’ by ‘dplyr::intersect’ when loading ‘SingleMoleculeFootprinting’
Warning: replacing previous import ‘GenomicRanges::union’ by ‘dplyr::union’ when loading ‘SingleMoleculeFootprinting’
Warning: replacing previous import ‘BiocGenerics::combine’ by ‘dplyr::combine’ when loading ‘SingleMoleculeFootprinting’
Warning: replacing previous import ‘Biostrings::collapse’ by ‘dplyr::collapse’ when loading ‘SingleMoleculeFootprinting’
Warning: replacing previous import ‘GenomicRanges::setdiff’ by ‘dplyr::setdiff’ when loading ‘SingleMoleculeFootprinting’
Warning: replacing previous import ‘BiocGenerics::Position’ by ‘ggplot2::Position’ when loading ‘SingleMoleculeFootprinting’
Warning: replacing previous import ‘BiocGenerics::boxplot’ by ‘graphics::boxplot’ when loading ‘SingleMoleculeFootprinting’
Warning: replacing previous import ‘Matrix::image’ by ‘graphics::image’ when loading ‘SingleMoleculeFootprinting’
Warning: replacing previous import ‘dplyr::between’ by ‘plyranges::between’ when loading ‘SingleMoleculeFootprinting’
Warning: replacing previous import ‘dplyr::n_distinct’ by ‘plyranges::n_distinct’ when loading ‘SingleMoleculeFootprinting’
Warning: replacing previous import ‘dplyr::n’ by ‘plyranges::n’ when loading ‘SingleMoleculeFootprinting’
** help
*** installing help indices
** building package indices
** installing vignettes
** testing if installed package can be loaded from temporary location
Warning: replacing previous import ‘Biostrings::setequal’ by ‘dplyr::setequal’ when loading ‘SingleMoleculeFootprinting’
Warning: replacing previous import ‘GenomicRanges::intersect’ by ‘dplyr::intersect’ when loading ‘SingleMoleculeFootprinting’
Warning: replacing previous import ‘GenomicRanges::union’ by ‘dplyr::union’ when loading ‘SingleMoleculeFootprinting’
Warning: replacing previous import ‘BiocGenerics::combine’ by ‘dplyr::combine’ when loading ‘SingleMoleculeFootprinting’
Warning: replacing previous import ‘Biostrings::collapse’ by ‘dplyr::collapse’ when loading ‘SingleMoleculeFootprinting’
Warning: replacing previous import ‘GenomicRanges::setdiff’ by ‘dplyr::setdiff’ when loading ‘SingleMoleculeFootprinting’
Warning: replacing previous import ‘BiocGenerics::Position’ by ‘ggplot2::Position’ when loading ‘SingleMoleculeFootprinting’
Warning: replacing previous import ‘BiocGenerics::boxplot’ by ‘graphics::boxplot’ when loading ‘SingleMoleculeFootprinting’
Warning: replacing previous import ‘Matrix::image’ by ‘graphics::image’ when loading ‘SingleMoleculeFootprinting’
Warning: replacing previous import ‘dplyr::between’ by ‘plyranges::between’ when loading ‘SingleMoleculeFootprinting’
Warning: replacing previous import ‘dplyr::n_distinct’ by ‘plyranges::n_distinct’ when loading ‘SingleMoleculeFootprinting’
Warning: replacing previous import ‘dplyr::n’ by ‘plyranges::n’ when loading ‘SingleMoleculeFootprinting’
** testing if installed package can be loaded from final location
Warning: replacing previous import ‘Biostrings::setequal’ by ‘dplyr::setequal’ when loading ‘SingleMoleculeFootprinting’
Warning: replacing previous import ‘GenomicRanges::intersect’ by ‘dplyr::intersect’ when loading ‘SingleMoleculeFootprinting’
Warning: replacing previous import ‘GenomicRanges::union’ by ‘dplyr::union’ when loading ‘SingleMoleculeFootprinting’
Warning: replacing previous import ‘BiocGenerics::combine’ by ‘dplyr::combine’ when loading ‘SingleMoleculeFootprinting’
Warning: replacing previous import ‘Biostrings::collapse’ by ‘dplyr::collapse’ when loading ‘SingleMoleculeFootprinting’
Warning: replacing previous import ‘GenomicRanges::setdiff’ by ‘dplyr::setdiff’ when loading ‘SingleMoleculeFootprinting’
Warning: replacing previous import ‘BiocGenerics::Position’ by ‘ggplot2::Position’ when loading ‘SingleMoleculeFootprinting’
Warning: replacing previous import ‘BiocGenerics::boxplot’ by ‘graphics::boxplot’ when loading ‘SingleMoleculeFootprinting’
Warning: replacing previous import ‘Matrix::image’ by ‘graphics::image’ when loading ‘SingleMoleculeFootprinting’
Warning: replacing previous import ‘dplyr::between’ by ‘plyranges::between’ when loading ‘SingleMoleculeFootprinting’
Warning: replacing previous import ‘dplyr::n_distinct’ by ‘plyranges::n_distinct’ when loading ‘SingleMoleculeFootprinting’
Warning: replacing previous import ‘dplyr::n’ by ‘plyranges::n’ when loading ‘SingleMoleculeFootprinting’
** testing if installed package keeps a record of temporary installation path
* DONE (SingleMoleculeFootprinting)

Tests output

SingleMoleculeFootprinting.Rcheck/tests/testthat.Rout


R version 4.4.2 (2024-10-31) -- "Pile of Leaves"
Copyright (C) 2024 The R Foundation for Statistical Computing
Platform: aarch64-unknown-linux-gnu

R is free software and comes with ABSOLUTELY NO WARRANTY.
You are welcome to redistribute it under certain conditions.
Type 'license()' or 'licence()' for distribution details.

R is a collaborative project with many contributors.
Type 'contributors()' for more information and
'citation()' on how to cite R or R packages in publications.

Type 'demo()' for some demos, 'help()' for on-line help, or
'help.start()' for an HTML browser interface to help.
Type 'q()' to quit R.

> library(testthat)
> library(SingleMoleculeFootprinting)
There were 12 warnings (use warnings() to see them)
> 
> test_check("SingleMoleculeFootprinting")
Loading required package: BSgenome
Loading required package: BiocGenerics

Attaching package: 'BiocGenerics'

The following objects are masked from 'package:stats':

    IQR, mad, sd, var, xtabs

The following objects are masked from 'package:base':

    Filter, Find, Map, Position, Reduce, anyDuplicated, aperm, append,
    as.data.frame, basename, cbind, colnames, dirname, do.call,
    duplicated, eval, evalq, get, grep, grepl, intersect, is.unsorted,
    lapply, mapply, match, mget, order, paste, pmax, pmax.int, pmin,
    pmin.int, rank, rbind, rownames, sapply, saveRDS, setdiff, table,
    tapply, union, unique, unsplit, which.max, which.min

Loading required package: S4Vectors
Loading required package: stats4

Attaching package: 'S4Vectors'

The following object is masked from 'package:utils':

    findMatches

The following objects are masked from 'package:base':

    I, expand.grid, unname

Loading required package: IRanges
Loading required package: GenomeInfoDb
Loading required package: GenomicRanges
Loading required package: Biostrings
Loading required package: XVector

Attaching package: 'Biostrings'

The following object is masked from 'package:base':

    strsplit

Loading required package: BiocIO
Loading required package: rtracklayer

Attaching package: 'rtracklayer'

The following object is masked from 'package:BiocIO':

    FileForFormat

all necessary alignment files found
Detected experiment type: DE
all necessary alignment files found
see ?SingleMoleculeFootprintingData and browseVignettes('SingleMoleculeFootprintingData') for documentation
loading from cache
counting alignments...done
counting alignments...done
all necessary alignment files found
5334 reads found mapping to the - strand, collapsing to +
5334 reads found mapping to the - strand, collapsing to +
Detected experiment type: DE
Collecting summarized methylation for bins
Subsetting those reads that cover all bins
Summarizing reads into patterns
Splitting reads by pattern
[ FAIL 0 | WARN 0 | SKIP 0 | PASS 6 ]
> 
> proc.time()
   user  system elapsed 
 30.765   3.381  37.972 

Example timings

SingleMoleculeFootprinting.Rcheck/SingleMoleculeFootprinting-Ex.timings

nameusersystemelapsed
Arrange_TFBSs_clusters0.5610.0000.591
BaitCapture0.0000.0000.001
BinMethylation0.2680.0040.276
CallContextMethylation000
CollapseStrands000
CollapseStrandsSM0.0010.0000.000
CollectCompositeData000
CompositeMethylationCorrelation000
CompositePlot0.0000.0000.001
ConversionRate000
Create_MethylationCallingWindows0.0820.0000.081
DetectExperimentType0.5880.0460.635
FilterByConversionRate0.6130.0360.654
FilterContextCytosines0.5160.0080.526
GetQuasRprj0.3080.0200.329
GetSingleMolMethMat4.0380.1794.291
MaskSNPs0.1510.0040.157
PlotAvgSMF0.6780.0110.694
PlotSM1.0610.0561.119
PlotSingleMoleculeStack1.0820.0321.115
PlotSingleSiteSMF2.1020.0002.106
SingleTFStates0.0030.0000.004
SortReads0.1140.0040.119
SortReadsBySingleTF0.0330.0000.032
SortReadsBySingleTF_MultiSiteWrapper0.0010.0000.000
SortReadsByTFCluster0.0360.0000.035
SortReadsByTFCluster_MultiSiteWrapper0.0010.0000.000
StateQuantification0.0770.0040.081
StateQuantificationBySingleTF0.060.000.06
StateQuantificationByTFPair0.0590.0000.059
StateQuantificationPlot0.5250.0040.531
TFPairStates0.0090.0010.010
cbind.fill.Matrix0.3420.0800.423
rbind.fill.Matrix0.3540.0800.435