Back to Multiple platform build/check report for BioC 3.20:   simplified   long
[A]BCDEFGHIJKLMNOPQRSTUVWXYZ

This page was generated on 2025-02-06 12:07 -0500 (Thu, 06 Feb 2025).

HostnameOSArch (*)R versionInstalled pkgs
nebbiolo2Linux (Ubuntu 24.04.1 LTS)x86_644.4.2 (2024-10-31) -- "Pile of Leaves" 4753
palomino8Windows Server 2022 Datacenterx644.4.2 (2024-10-31 ucrt) -- "Pile of Leaves" 4501
merida1macOS 12.7.5 Montereyx86_644.4.2 (2024-10-31) -- "Pile of Leaves" 4524
kjohnson1macOS 13.6.6 Venturaarm644.4.2 (2024-10-31) -- "Pile of Leaves" 4476
taishanLinux (openEuler 24.03 LTS)aarch644.4.2 (2024-10-31) -- "Pile of Leaves" 4407
Click on any hostname to see more info about the system (e.g. compilers)      (*) as reported by 'uname -p', except on Windows and Mac OS X

Package 67/2289HostnameOS / ArchINSTALLBUILDCHECKBUILD BIN
animalcules 1.22.0  (landing page)
Jessica McClintock
Snapshot Date: 2025-02-03 13:00 -0500 (Mon, 03 Feb 2025)
git_url: https://git.bioconductor.org/packages/animalcules
git_branch: RELEASE_3_20
git_last_commit: 7d67c79
git_last_commit_date: 2024-10-29 10:37:18 -0500 (Tue, 29 Oct 2024)
nebbiolo2Linux (Ubuntu 24.04.1 LTS) / x86_64  OK    OK    OK  UNNEEDED, same version is already published
palomino8Windows Server 2022 Datacenter / x64  OK    OK    OK    OK  UNNEEDED, same version is already published
merida1macOS 12.7.5 Monterey / x86_64  OK    OK    ERROR    OK  
kjohnson1macOS 13.6.6 Ventura / arm64  OK    OK    OK    OK  UNNEEDED, same version is already published
taishanLinux (openEuler 24.03 LTS) / aarch64  OK    OK    OK  


CHECK results for animalcules on merida1

To the developers/maintainers of the animalcules package:
- Allow up to 24 hours (and sometimes 48 hours) for your latest push to git@git.bioconductor.org:packages/animalcules.git to reflect on this report. See Troubleshooting Build Report for more information.
- Use the following Renviron settings to reproduce errors and warnings.
- If 'R CMD check' started to fail recently on the Linux builder(s) over a missing dependency, add the missing dependency to 'Suggests:' in your DESCRIPTION file. See Renviron.bioc for more information.

raw results


Summary

Package: animalcules
Version: 1.22.0
Command: /Library/Frameworks/R.framework/Resources/bin/R CMD check --install=check:animalcules.install-out.txt --library=/Library/Frameworks/R.framework/Resources/library --no-vignettes --timings animalcules_1.22.0.tar.gz
StartedAt: 2025-02-03 23:37:58 -0500 (Mon, 03 Feb 2025)
EndedAt: 2025-02-03 23:48:32 -0500 (Mon, 03 Feb 2025)
EllapsedTime: 633.8 seconds
RetCode: 1
Status:   ERROR  
CheckDir: animalcules.Rcheck
Warnings: NA

Command output

##############################################################################
##############################################################################
###
### Running command:
###
###   /Library/Frameworks/R.framework/Resources/bin/R CMD check --install=check:animalcules.install-out.txt --library=/Library/Frameworks/R.framework/Resources/library --no-vignettes --timings animalcules_1.22.0.tar.gz
###
##############################################################################
##############################################################################


* using log directory ‘/Users/biocbuild/bbs-3.20-bioc/meat/animalcules.Rcheck’
* using R version 4.4.2 (2024-10-31)
* using platform: x86_64-apple-darwin20
* R was compiled by
    Apple clang version 14.0.0 (clang-1400.0.29.202)
    GNU Fortran (GCC) 12.2.0
* running under: macOS Monterey 12.7.6
* using session charset: UTF-8
* using option ‘--no-vignettes’
* checking for file ‘animalcules/DESCRIPTION’ ... OK
* this is package ‘animalcules’ version ‘1.22.0’
* package encoding: UTF-8
* checking package namespace information ... OK
* checking package dependencies ... OK
* checking if this is a source package ... OK
* checking if there is a namespace ... OK
* checking for hidden files and directories ... OK
* checking for portable file names ... OK
* checking for sufficient/correct file permissions ... OK
* checking whether package ‘animalcules’ can be installed ... OK
* checking installed package size ... OK
* checking package directory ... OK
* checking ‘build’ directory ... OK
* checking DESCRIPTION meta-information ... OK
* checking top-level files ... OK
* checking for left-over files ... OK
* checking index information ... OK
* checking package subdirectories ... OK
* checking code files for non-ASCII characters ... OK
* checking R files for syntax errors ... OK
* checking whether the package can be loaded ... OK
* checking whether the package can be loaded with stated dependencies ... OK
* checking whether the package can be unloaded cleanly ... OK
* checking whether the namespace can be loaded with stated dependencies ... OK
* checking whether the namespace can be unloaded cleanly ... OK
* checking dependencies in R code ... OK
* checking S3 generic/method consistency ... OK
* checking replacement functions ... OK
* checking foreign function calls ... OK
* checking R code for possible problems ... OK
* checking Rd files ... OK
* checking Rd metadata ... OK
* checking Rd cross-references ... OK
* checking for missing documentation entries ... OK
* checking for code/documentation mismatches ... OK
* checking Rd \usage sections ... OK
* checking Rd contents ... OK
* checking for unstated dependencies in examples ... OK
* checking files in ‘vignettes’ ... OK
* checking examples ... ERROR
Running examples in ‘animalcules-Ex.R’ failed
The error most likely occurred in:

> base::assign(".ptime", proc.time(), pos = "CheckExEnv")
> ### Name: find_taxonomy
> ### Title: Find the taxonomy for unlimited tids
> ### Aliases: find_taxonomy
> 
> ### ** Examples
> 
> taxonLevels <- find_taxonomy(tids = 1200)
Error: HTTP failure: 400
<?xml version="1.0" encoding="UTF-8" ?>
<!DOCTYPE eEfetchResult PUBLIC "-//NLM//DTD efetch 20131226//EN" "https://eutils.ncbi.nlm.nih.gov/eutils/dtd/20131226/efetch.dtd">
<eFetchResult>
	<ERROR> Error: CEFetchPApplication::proxy_stream(): &lt;!DOCTYPE html PUBLIC &quot;-//W3C//DTD XHTML 1.1//EN&quot; &quot;http://www.w3.org/TR/xhtml11/DTD/xhtml11.dtd&quot;&gt; &#xa;&lt;html&gt;&#xa;&lt;head&gt;&#xa;&lt;title&gt;NCBI/portal105 - WWW Error 500 Diagnostic&lt;/title&gt;&#xa;&lt;style type=&quot;text/css&quot;&gt; &#xa;h1.error {color: red; font-size: 40pt}&#xa;div.diags {text-indent: 0.5in }&#xa;&lt;/style&gt; &#xa;&lt;/head&gt;&#xa;&lt;body&gt;&#xa;&lt;h1&gt;Server Error&lt;/h1&gt;&#xa;&#xa;&#xa;&lt;p&gt;Your request could not be processed due to a problem on&#xa;our Web server.  This could be a transient problem, please&#xa;try the query again.  If it doesn&apos;t clear up within a&#xa;reasonable period of time, e-mail a short description of your&#xa;query and th
Execution halted
* checking for unstated dependencies in ‘tests’ ... OK
* checking tests ...
  Running ‘testthat.R’
 OK
* checking for unstated dependencies in vignettes ... OK
* checking package vignettes ... OK
* checking running R code from vignettes ... SKIPPED
* checking re-building of vignette outputs ... SKIPPED
* checking PDF version of manual ... OK
* DONE

Status: 1 ERROR
See
  ‘/Users/biocbuild/bbs-3.20-bioc/meat/animalcules.Rcheck/00check.log’
for details.


Installation output

animalcules.Rcheck/00install.out

##############################################################################
##############################################################################
###
### Running command:
###
###   /Library/Frameworks/R.framework/Resources/bin/R CMD INSTALL animalcules
###
##############################################################################
##############################################################################


* installing to library ‘/Library/Frameworks/R.framework/Versions/4.4-x86_64/Resources/library’
* installing *source* package ‘animalcules’ ...
** using staged installation
** R
** inst
** byte-compile and prepare package for lazy loading
** help
*** installing help indices
** building package indices
** installing vignettes
** testing if installed package can be loaded from temporary location
** testing if installed package can be loaded from final location
** testing if installed package keeps a record of temporary installation path
* DONE (animalcules)

Tests output

animalcules.Rcheck/tests/testthat.Rout


R version 4.4.2 (2024-10-31) -- "Pile of Leaves"
Copyright (C) 2024 The R Foundation for Statistical Computing
Platform: x86_64-apple-darwin20

R is free software and comes with ABSOLUTELY NO WARRANTY.
You are welcome to redistribute it under certain conditions.
Type 'license()' or 'licence()' for distribution details.

R is a collaborative project with many contributors.
Type 'contributors()' for more information and
'citation()' on how to cite R or R packages in publications.

Type 'demo()' for some demos, 'help()' for on-line help, or
'help.start()' for an HTML browser interface to help.
Type 'q()' to quit R.

> library(testthat)
> library(animalcules)
> 
> test_check("animalcules")
[ FAIL 0 | WARN 0 | SKIP 0 | PASS 38 ]
> 
> proc.time()
   user  system elapsed 
 61.804   2.217  84.721 

Example timings

animalcules.Rcheck/animalcules-Ex.timings

nameusersystemelapsed
alpha_div_boxplot1.8460.1212.184
alpha_div_test0.0060.0010.008
counts_to_logcpm0.0020.0010.003
counts_to_relabu0.0050.0010.007
df_char_to_factor0.0010.0010.002
differential_abundance 9.283 0.32310.180
dimred_pca0.3800.0700.458
dimred_pcoa0.2680.0680.380
dimred_tsne16.272 0.35121.619
dimred_umap0.8280.0661.056
diversities0.0000.0000.001
diversities_help0.0010.0010.001
diversity_beta_boxplot0.5440.0710.725
diversity_beta_heatmap0.4830.0710.643
diversity_beta_test0.4020.0060.457
do_alpha_div_test0.1070.0040.140
filter_categorize0.5750.1511.005
filter_summary_bar_density0.5930.0680.776
filter_summary_pie_box0.5020.0650.810
find_biomarker 9.816 0.32111.760
find_taxon_mat0.4600.0155.339