Back to Multiple platform build/check report for BioC 3.20:   simplified   long
AB[C]DEFGHIJKLMNOPQRSTUVWXYZ

This page was generated on 2025-02-06 12:04 -0500 (Thu, 06 Feb 2025).

HostnameOSArch (*)R versionInstalled pkgs
nebbiolo2Linux (Ubuntu 24.04.1 LTS)x86_644.4.2 (2024-10-31) -- "Pile of Leaves" 4753
palomino8Windows Server 2022 Datacenterx644.4.2 (2024-10-31 ucrt) -- "Pile of Leaves" 4501
merida1macOS 12.7.5 Montereyx86_644.4.2 (2024-10-31) -- "Pile of Leaves" 4524
kjohnson1macOS 13.6.6 Venturaarm644.4.2 (2024-10-31) -- "Pile of Leaves" 4476
taishanLinux (openEuler 24.03 LTS)aarch644.4.2 (2024-10-31) -- "Pile of Leaves" 4407
Click on any hostname to see more info about the system (e.g. compilers)      (*) as reported by 'uname -p', except on Windows and Mac OS X

Package 413/2289HostnameOS / ArchINSTALLBUILDCHECKBUILD BIN
coMET 1.38.0  (landing page)
Tiphaine Martin
Snapshot Date: 2025-02-03 13:00 -0500 (Mon, 03 Feb 2025)
git_url: https://git.bioconductor.org/packages/coMET
git_branch: RELEASE_3_20
git_last_commit: 59f6013
git_last_commit_date: 2024-10-29 11:16:09 -0500 (Tue, 29 Oct 2024)
nebbiolo2Linux (Ubuntu 24.04.1 LTS) / x86_64  OK    OK    ERROR  
palomino8Windows Server 2022 Datacenter / x64  OK    OK    ERROR    OK  
merida1macOS 12.7.5 Monterey / x86_64  OK    OK    WARNINGS    OK  UNNEEDED, same version is already published
kjohnson1macOS 13.6.6 Ventura / arm64  OK    OK    WARNINGS    OK  UNNEEDED, same version is already published
taishanLinux (openEuler 24.03 LTS) / aarch64  OK    OK    ERROR  


CHECK results for coMET on nebbiolo2

To the developers/maintainers of the coMET package:
- Allow up to 24 hours (and sometimes 48 hours) for your latest push to git@git.bioconductor.org:packages/coMET.git to reflect on this report. See Troubleshooting Build Report for more information.
- Use the following Renviron settings to reproduce errors and warnings.
- If 'R CMD check' started to fail recently on the Linux builder(s) over a missing dependency, add the missing dependency to 'Suggests:' in your DESCRIPTION file. See Renviron.bioc for more information.

raw results


Summary

Package: coMET
Version: 1.38.0
Command: /home/biocbuild/bbs-3.20-bioc/R/bin/R CMD check --install=check:coMET.install-out.txt --library=/home/biocbuild/bbs-3.20-bioc/R/site-library --timings coMET_1.38.0.tar.gz
StartedAt: 2025-02-03 21:11:53 -0500 (Mon, 03 Feb 2025)
EndedAt: 2025-02-03 21:21:02 -0500 (Mon, 03 Feb 2025)
EllapsedTime: 548.5 seconds
RetCode: 1
Status:   ERROR  
CheckDir: coMET.Rcheck
Warnings: NA

Command output

##############################################################################
##############################################################################
###
### Running command:
###
###   /home/biocbuild/bbs-3.20-bioc/R/bin/R CMD check --install=check:coMET.install-out.txt --library=/home/biocbuild/bbs-3.20-bioc/R/site-library --timings coMET_1.38.0.tar.gz
###
##############################################################################
##############################################################################


* using log directory ‘/home/biocbuild/bbs-3.20-bioc/meat/coMET.Rcheck’
* using R version 4.4.2 (2024-10-31)
* using platform: x86_64-pc-linux-gnu
* R was compiled by
    gcc (Ubuntu 13.2.0-23ubuntu4) 13.2.0
    GNU Fortran (Ubuntu 13.2.0-23ubuntu4) 13.2.0
* running under: Ubuntu 24.04.1 LTS
* using session charset: UTF-8
* checking for file ‘coMET/DESCRIPTION’ ... OK
* checking extension type ... Package
* this is package ‘coMET’ version ‘1.38.0’
* checking package namespace information ... OK
* checking package dependencies ... OK
* checking if this is a source package ... OK
* checking if there is a namespace ... OK
* checking for hidden files and directories ... OK
* checking for portable file names ... OK
* checking for sufficient/correct file permissions ... OK
* checking whether package ‘coMET’ can be installed ... WARNING
Found the following significant warnings:
  Warning: replacing previous import 'utils::findMatches' by 'S4Vectors::findMatches' when loading 'coMET'
See ‘/home/biocbuild/bbs-3.20-bioc/meat/coMET.Rcheck/00install.out’ for details.
* checking installed package size ... NOTE
  installed size is 19.0Mb
  sub-directories of 1Mb or more:
    data      7.6Mb
    extdata  10.7Mb
* checking package directory ... OK
* checking ‘build’ directory ... OK
* checking DESCRIPTION meta-information ... OK
* checking top-level files ... NOTE
File
  LICENSE
is not mentioned in the DESCRIPTION file.
* checking for left-over files ... OK
* checking index information ... OK
* checking package subdirectories ... OK
* checking code files for non-ASCII characters ... OK
* checking R files for syntax errors ... OK
* checking whether the package can be loaded ... OK
* checking whether the package can be loaded with stated dependencies ... OK
* checking whether the package can be unloaded cleanly ... OK
* checking whether the namespace can be loaded with stated dependencies ... OK
* checking whether the namespace can be unloaded cleanly ... OK
* checking loading without being on the library search path ... OK
* checking dependencies in R code ... OK
* checking S3 generic/method consistency ... OK
* checking replacement functions ... OK
* checking foreign function calls ... OK
* checking R code for possible problems ... NOTE
draw.plot.annotation : <anonymous>: no visible global function
  definition for 'ggplotGrob'
draw.plot.annotation: no visible global function definition for
  'viewTracks'
draw.plot.annotation: no visible global function definition for
  'trackList'
eQTL: no visible binding for global variable 'chromosome_stop'
eQTL: no visible binding for global variable 'chromosome_start'
eQTL: no visible binding for global variable 'chromosome_name'
eQTL_GTEx: no visible binding for global variable 'snp_pos'
eQTL_GTEx: no visible binding for global variable 'snp_chrom'
eQTL_GTEx: no visible binding for global variable 'gene_start'
eQTL_GTEx: no visible binding for global variable 'gene_stop'
eQTL_GTEx: no visible binding for global variable 'gene_chr'
geneExpression_GTEx: no visible global function definition for 'as'
metQTL: no visible binding for global variable 'chromosome_stop'
metQTL: no visible binding for global variable 'chromosome_start'
metQTL: no visible binding for global variable 'chromosome_name'
pizza: no visible global function definition for 'par'
pizza: no visible global function definition for 'plot.new'
pizza: no visible global function definition for 'plot.window'
pizza: no visible global function definition for 'polygon'
pizza: no visible global function definition for 'lines'
pizza: no visible global function definition for 'text'
psiQTL_GTEx: no visible binding for global variable 'pos_snp'
psiQTL_GTEx: no visible binding for global variable 'chr_snp'
psiQTL_GTEx: no visible binding for global variable 'pos_middle_exon'
psiQTL_GTEx: no visible binding for global variable 'chr_exon'
Undefined global functions or variables:
  as chr_exon chr_snp chromosome_name chromosome_start chromosome_stop
  gene_chr gene_start gene_stop ggplotGrob lines par plot.new
  plot.window polygon pos_middle_exon pos_snp snp_chrom snp_pos text
  trackList viewTracks
Consider adding
  importFrom("graphics", "lines", "par", "plot.new", "plot.window",
             "polygon", "text")
  importFrom("methods", "as")
to your NAMESPACE file (and ensure that your DESCRIPTION Imports field
contains 'methods').
* checking Rd files ... NOTE
checkRd: (-1) ChIPTF_ENCODE.Rd:36: Escaped LaTeX specials: \#
* checking Rd metadata ... OK
* checking Rd cross-references ... OK
* checking for missing documentation entries ... OK
* checking for code/documentation mismatches ... OK
* checking Rd \usage sections ... NOTE
Objects in \usage without \alias in Rd file 'check.configVar.cometlist.Rd':
  ‘check.configVar.cometlist’

Functions with \usage entries need to have the appropriate \alias
entries, and all their arguments documented.
The \usage entries must correspond to syntactically valid R code.
See chapter ‘Writing R documentation files’ in the ‘Writing R
Extensions’ manual.
* checking Rd contents ... OK
* checking for unstated dependencies in examples ... OK
* checking contents of ‘data’ directory ... OK
* checking data for non-ASCII characters ... OK
* checking data for ASCII and uncompressed saves ... OK
* checking files in ‘vignettes’ ... OK
* checking examples ... ERROR
Running examples in ‘coMET-Ex.R’ failed
The error most likely occurred in:

> base::assign(".ptime", proc.time(), pos = "CheckExEnv")
> ### Name: imprintedGenes_GTEx
> ### Title: Creates a imprinted genes track from GTEx
> ### Aliases: imprintedGenes_GTEx
> ### Keywords: hplot
> 
> ### ** Examples
> 
> library("Gviz")
> gen<-"hg19"
> chr<- "chr6"
> start <- 144251437
> end <- 144330541
> 
> if(interactive()){
+    allIGtrack <- imprintedGenes_GTEx(gen,chr,start, end,
+    tissues="all", classification="imprinted",showId=TRUE)
+    allimprintedIGtrack <- imprintedGenes_GTEx(gen,chr,start, end,
+    tissues="all", classification="imprinted",showId=TRUE)
+    StomachIGtrack <-imprintedGenes_GTEx(gen,chr,start, end,
+    tissues="Stomach", classification="all",showId=TRUE)
+    PancreasIGtrack <- imprintedGenes_GTEx(gen,chr,start, end,
+    tissues="Pancreas", classification="all",showId=TRUE)
+    PancreasimprintedIGtrack <- imprintedGenes_GTEx(gen,chr,start, end,
+    tissues="Pancreas", classification="biallelic",showId=TRUE)
+ 
+    imprintinglist <- list(allIGtrack,allimprintedIGtrack,
+    StomachIGtrack,PancreasIGtrack,PancreasimprintedIGtrack)
+ 
+   plotTracks(imprintinglist, from = start, to = end,
+                                    fontfamily="sans",fontfamily.title="sans")
+ 
+ } else {
+ 
+   data(allIGtrack)
+   data(allimprintedIGtrack)
+   data(StomachIGtrack)
+   data(PancreasIGtrack)
+   data(PancreasimprintedIGtrack)
+ 
+    imprintinglist <- list(allIGtrack,allimprintedIGtrack,
+    StomachIGtrack,PancreasIGtrack,PancreasimprintedIGtrack)
+ 
+   plotTracks(imprintinglist, from = start, to = end,
+                                    fontfamily="sans",fontfamily.title="sans")
+ }
Error in do.call(c, obj@http_config) : 
  no slot of name "http_config" for this object of class "Mart"
Calls: plotTracks ... list2 -> martHTTPConfig -> martHTTPConfig -> do.call
Execution halted
* checking for unstated dependencies in ‘tests’ ... OK
* checking tests ...
  Running ‘runTests.R’
 OK
* checking for unstated dependencies in vignettes ... OK
* checking package vignettes ... OK
* checking re-building of vignette outputs ... OK
* checking PDF version of manual ... OK
* DONE

Status: 1 ERROR, 1 WARNING, 5 NOTEs
See
  ‘/home/biocbuild/bbs-3.20-bioc/meat/coMET.Rcheck/00check.log’
for details.


Installation output

coMET.Rcheck/00install.out

##############################################################################
##############################################################################
###
### Running command:
###
###   /home/biocbuild/bbs-3.20-bioc/R/bin/R CMD INSTALL coMET
###
##############################################################################
##############################################################################


* installing to library ‘/home/biocbuild/bbs-3.20-bioc/R/site-library’
* installing *source* package ‘coMET’ ...
** using staged installation
** R
** data
** inst
** byte-compile and prepare package for lazy loading
Warning: replacing previous import 'utils::findMatches' by 'S4Vectors::findMatches' when loading 'coMET'
** help
*** installing help indices
** building package indices
** installing vignettes
** testing if installed package can be loaded from temporary location
Warning: replacing previous import 'utils::findMatches' by 'S4Vectors::findMatches' when loading 'coMET'
** testing if installed package can be loaded from final location
Warning: replacing previous import 'utils::findMatches' by 'S4Vectors::findMatches' when loading 'coMET'
** testing if installed package keeps a record of temporary installation path
* DONE (coMET)

Tests output

coMET.Rcheck/tests/runTests.Rout


R version 4.4.2 (2024-10-31) -- "Pile of Leaves"
Copyright (C) 2024 The R Foundation for Statistical Computing
Platform: x86_64-pc-linux-gnu

R is free software and comes with ABSOLUTELY NO WARRANTY.
You are welcome to redistribute it under certain conditions.
Type 'license()' or 'licence()' for distribution details.

R is a collaborative project with many contributors.
Type 'contributors()' for more information and
'citation()' on how to cite R or R packages in publications.

Type 'demo()' for some demos, 'help()' for on-line help, or
'help.start()' for an HTML browser interface to help.
Type 'q()' to quit R.

> require("coMET") || stop("unable to load Package:coMET")
Loading required package: coMET
Loading required package: grid
Loading required package: biomaRt
Loading required package: Gviz
Loading required package: S4Vectors
Loading required package: stats4
Loading required package: BiocGenerics

Attaching package: 'BiocGenerics'

The following objects are masked from 'package:stats':

    IQR, mad, sd, var, xtabs

The following objects are masked from 'package:base':

    Filter, Find, Map, Position, Reduce, anyDuplicated, aperm, append,
    as.data.frame, basename, cbind, colnames, dirname, do.call,
    duplicated, eval, evalq, get, grep, grepl, intersect, is.unsorted,
    lapply, mapply, match, mget, order, paste, pmax, pmax.int, pmin,
    pmin.int, rank, rbind, rownames, sapply, saveRDS, setdiff, table,
    tapply, union, unique, unsplit, which.max, which.min


Attaching package: 'S4Vectors'

The following object is masked from 'package:utils':

    findMatches

The following objects are masked from 'package:base':

    I, expand.grid, unname

Loading required package: IRanges
Loading required package: GenomicRanges
Loading required package: GenomeInfoDb
Loading required package: psych

Attaching package: 'psych'

The following object is masked from 'package:GenomicRanges':

    distance

The following objects are masked from 'package:IRanges':

    distance, reflect

[1] TRUE
Warning message:
replacing previous import 'utils::findMatches' by 'S4Vectors::findMatches' when loading 'coMET' 
> BiocGenerics:::testPackage("coMET")


RUNIT TEST PROTOCOL -- Mon Feb  3 21:19:14 2025 
*********************************************** 
Number of test functions: 1 
Number of errors: 0 
Number of failures: 0 

 
1 Test Suite : 
coMET RUnit Tests - 1 test function, 0 errors, 0 failures
Number of test functions: 1 
Number of errors: 0 
Number of failures: 0 
> 
> proc.time()
   user  system elapsed 
 14.492   0.851  15.330 

Example timings

coMET.Rcheck/coMET-Ex.timings

nameusersystemelapsed
COSMIC_UCSC1.8850.1402.025
ChIPTF_ENCODE0.7000.0020.702
ClinVarCnv_UCSC0.3730.0160.388
ClinVarMain_UCSC0.3920.0010.393
CoreillCNV_UCSC0.4220.0140.437
DNAse_UCSC000
DNaseI_FANTOM0.6050.0090.613
DNaseI_RoadMap0.1850.0120.197
GAD_UCSC0.4360.0050.441
GWAScatalog_UCSC0.3140.0000.314
GeneReviews_UCSC0.5040.0000.503
HiCdata2matrix0.0240.0000.024
HistoneAll_UCSC4.0480.1134.161
HistoneOne_UCSC0.3420.0000.342
ISCA_UCSC0.4010.0010.402
TFBS_FANTOM0.4090.0010.410
bindingMotifsBiomart_ENSEMBL0.1310.0040.135
chrUCSC2ENSEMBL000
chromHMM_RoadMap0.6250.0010.626
chromatinHMMAll_UCSC4.1340.0254.160
chromatinHMMOne_UCSC0.4330.0150.449
coMET-package 6.591 0.74418.403
col2HSV000
comet3.7650.3834.148
comet.list0.6310.0180.649
comet.web 8.433 1.09224.123
complementary0.0220.0000.023
cpgIslands_UCSC0.1360.0010.137
dgfootprints_RoadMap0.6730.0240.696
eQTL1.3050.0481.352
eQTL_GTEx1.2050.0791.284
gcContent_UCSC1.2420.2421.486
genesName_ENSEMBL0.0010.0010.003
genes_ENSEMBL0.7810.0020.784