Back to Multiple platform build/check report for BioC 3.20: simplified long |
|
This page was generated on 2025-02-03 12:05 -0500 (Mon, 03 Feb 2025).
Hostname | OS | Arch (*) | R version | Installed pkgs |
---|---|---|---|---|
nebbiolo2 | Linux (Ubuntu 24.04.1 LTS) | x86_64 | 4.4.2 (2024-10-31) -- "Pile of Leaves" | 4746 |
palomino8 | Windows Server 2022 Datacenter | x64 | 4.4.2 (2024-10-31 ucrt) -- "Pile of Leaves" | 4494 |
merida1 | macOS 12.7.5 Monterey | x86_64 | 4.4.2 (2024-10-31) -- "Pile of Leaves" | 4517 |
kjohnson1 | macOS 13.6.6 Ventura | arm64 | 4.4.2 (2024-10-31) -- "Pile of Leaves" | 4469 |
taishan | Linux (openEuler 24.03 LTS) | aarch64 | 4.4.2 (2024-10-31) -- "Pile of Leaves" | 4400 |
Click on any hostname to see more info about the system (e.g. compilers) (*) as reported by 'uname -p', except on Windows and Mac OS X |
Package 720/2289 | Hostname | OS / Arch | INSTALL | BUILD | CHECK | BUILD BIN | ||||||||
flagme 1.62.0 (landing page) Mark Robinson
| nebbiolo2 | Linux (Ubuntu 24.04.1 LTS) / x86_64 | OK | OK | WARNINGS | |||||||||
palomino8 | Windows Server 2022 Datacenter / x64 | OK | OK | WARNINGS | OK | |||||||||
merida1 | macOS 12.7.5 Monterey / x86_64 | OK | OK | WARNINGS | OK | |||||||||
kjohnson1 | macOS 13.6.6 Ventura / arm64 | OK | OK | WARNINGS | OK | |||||||||
taishan | Linux (openEuler 24.03 LTS) / aarch64 | OK | OK | WARNINGS | ||||||||||
To the developers/maintainers of the flagme package: - Allow up to 24 hours (and sometimes 48 hours) for your latest push to git@git.bioconductor.org:packages/flagme.git to reflect on this report. See Troubleshooting Build Report for more information. - Use the following Renviron settings to reproduce errors and warnings. - If 'R CMD check' started to fail recently on the Linux builder(s) over a missing dependency, add the missing dependency to 'Suggests:' in your DESCRIPTION file. See Renviron.bioc for more information. |
Package: flagme |
Version: 1.62.0 |
Command: /home/biocbuild/bbs-3.20-bioc/R/bin/R CMD check --install=check:flagme.install-out.txt --library=/home/biocbuild/bbs-3.20-bioc/R/site-library --timings flagme_1.62.0.tar.gz |
StartedAt: 2025-01-30 22:14:24 -0500 (Thu, 30 Jan 2025) |
EndedAt: 2025-01-30 22:30:19 -0500 (Thu, 30 Jan 2025) |
EllapsedTime: 955.2 seconds |
RetCode: 0 |
Status: WARNINGS |
CheckDir: flagme.Rcheck |
Warnings: 2 |
############################################################################## ############################################################################## ### ### Running command: ### ### /home/biocbuild/bbs-3.20-bioc/R/bin/R CMD check --install=check:flagme.install-out.txt --library=/home/biocbuild/bbs-3.20-bioc/R/site-library --timings flagme_1.62.0.tar.gz ### ############################################################################## ############################################################################## * using log directory ‘/home/biocbuild/bbs-3.20-bioc/meat/flagme.Rcheck’ * using R version 4.4.2 (2024-10-31) * using platform: x86_64-pc-linux-gnu * R was compiled by gcc (Ubuntu 13.2.0-23ubuntu4) 13.2.0 GNU Fortran (Ubuntu 13.2.0-23ubuntu4) 13.2.0 * running under: Ubuntu 24.04.1 LTS * using session charset: UTF-8 * checking for file ‘flagme/DESCRIPTION’ ... OK * this is package ‘flagme’ version ‘1.62.0’ * package encoding: UTF-8 * checking package namespace information ... OK * checking package dependencies ... OK * checking if this is a source package ... OK * checking if there is a namespace ... OK * checking for hidden files and directories ... OK * checking for portable file names ... OK * checking for sufficient/correct file permissions ... OK * checking whether package ‘flagme’ can be installed ... OK * used C compiler: ‘gcc (Ubuntu 13.3.0-6ubuntu2~24.04) 13.3.0’ * checking installed package size ... OK * checking package directory ... OK * checking ‘build’ directory ... OK * checking DESCRIPTION meta-information ... OK * checking top-level files ... OK * checking for left-over files ... OK * checking index information ... OK * checking package subdirectories ... OK * checking code files for non-ASCII characters ... OK * checking R files for syntax errors ... OK * checking whether the package can be loaded ... OK * checking whether the package can be loaded with stated dependencies ... OK * checking whether the package can be unloaded cleanly ... OK * checking whether the namespace can be loaded with stated dependencies ... OK * checking whether the namespace can be unloaded cleanly ... OK * checking loading without being on the library search path ... OK * checking whether startup messages can be suppressed ... OK * checking dependencies in R code ... NOTE Unexported object imported by a ':::' call: ‘xcms:::rectUnique’ See the note in ?`:::` about the use of this operator. * checking S3 generic/method consistency ... OK * checking replacement functions ... OK * checking foreign function calls ... OK * checking R code for possible problems ... NOTE addXCMSPeaks: no visible global function definition for ‘bpparam’ addXCMSPeaks: no visible global function definition for ‘sampnames’ addXCMSPeaks : <anonymous> : <anonymous>: no visible global function definition for ‘setNames’ importSpec : <anonymous>: no visible global function definition for ‘setNames’ Undefined global functions or variables: bpparam sampnames setNames Consider adding importFrom("stats", "setNames") to your NAMESPACE file. * checking Rd files ... OK * checking Rd metadata ... OK * checking Rd cross-references ... WARNING Missing link or links in Rd file 'addXCMSPeaks.Rd': ‘[xcms]{findPeaks-matchedFilter}’ ‘[xcms]{findPeaks-centWave}’ ‘[xcms]{peaksDataset}’ Missing link or links in Rd file 'plotAlignment-peaksAlignment-method.Rd': ‘plotAlignment’ Missing link or links in Rd file 'plotClustAlignment-clusterAlignment-method.Rd': ‘plotAlignment’ See section 'Cross-references' in the 'Writing R Extensions' manual. * checking for missing documentation entries ... WARNING Undocumented code objects: ‘plotAlignment’ ‘plotChrom’ ‘plotClustAlignment’ Undocumented S4 methods: generic 'show' and siglist 'betweenAlignment' All user-level objects in a package (including S4 classes and methods) should have documentation entries. See chapter ‘Writing R documentation files’ in the ‘Writing R Extensions’ manual. * checking for code/documentation mismatches ... OK * checking Rd \usage sections ... OK * checking Rd contents ... OK * checking for unstated dependencies in examples ... OK * checking line endings in C/C++/Fortran sources/headers ... OK * checking compiled code ... NOTE Note: information on .o files is not available * checking files in ‘vignettes’ ... OK * checking examples ... OK Examples with CPU (user + system) or elapsed time > 5s user system elapsed plotAlignedFrags 89.897 15.724 56.262 peaksAlignment-class 46.453 7.947 37.891 dynRT 46.725 7.600 38.781 addXCMSPeaks 46.374 7.645 39.327 retFatMatrix 44.687 8.744 38.277 ndpRT 43.053 9.502 36.421 corPrt 44.425 6.853 35.395 progressiveAlignment-class 43.211 6.886 36.459 plotFrags 41.392 7.658 35.246 plotAlignment-peaksAlignment-method 40.716 6.530 32.618 imputePeaks 10.763 0.263 11.033 gatherInfo 7.363 0.345 7.709 multipleAlignment-class 7.218 0.050 7.269 plotChrom-peaksDataset-method 7.015 0.080 7.095 calcTimeDiffs 5.972 0.390 6.362 clusterAlignment 6.056 0.304 6.361 peaksDataset 6.057 0.294 6.352 dp 6.130 0.146 6.277 rmaFitUnit 5.681 0.137 5.818 normDotProduct 5.391 0.372 5.763 plotClustAlignment-clusterAlignment-method 5.024 0.056 5.079 addAMDISPeaks 4.911 0.091 5.022 * checking for unstated dependencies in vignettes ... OK * checking package vignettes ... OK * checking re-building of vignette outputs ... OK * checking PDF version of manual ... OK * DONE Status: 2 WARNINGs, 3 NOTEs See ‘/home/biocbuild/bbs-3.20-bioc/meat/flagme.Rcheck/00check.log’ for details.
flagme.Rcheck/00install.out
############################################################################## ############################################################################## ### ### Running command: ### ### /home/biocbuild/bbs-3.20-bioc/R/bin/R CMD INSTALL flagme ### ############################################################################## ############################################################################## * installing to library ‘/home/biocbuild/bbs-3.20-bioc/R/site-library’ * installing *source* package ‘flagme’ ... ** using staged installation ** libs using C compiler: ‘gcc (Ubuntu 13.3.0-6ubuntu2~24.04) 13.3.0’ gcc -I"/home/biocbuild/bbs-3.20-bioc/R/include" -DNDEBUG -I/usr/local/include -fpic -g -O2 -Wall -c dp.c -o dp.o dp.c: In function ‘dp’: dp.c:264:35: warning: ‘tb’ may be used uninitialized [-Wmaybe-uninitialized] 264 | phi[(i+1)+(j+1)*(nr+1)] = tb; | ~~~~~~~~~~~~~~~~~~~~~~~~^~~~ dp.c:217:30: note: ‘tb’ was declared here 217 | int i,j, nr=*nr_, nc=*nc_, tb, count=0, done=0; | ^~ dp.c:263:33: warning: ‘cur_min’ may be used uninitialized [-Wmaybe-uninitialized] 263 | D[(i+1)+(j+1)*(nr+1)] = cur_min; | ~~~~~~~~~~~~~~~~~~~~~~^~~~~~~~~ dp.c:218:21: note: ‘cur_min’ was declared here 218 | double gap=*gap_, cur_min, a, b, c; | ^~~~~~~ gcc -I"/home/biocbuild/bbs-3.20-bioc/R/include" -DNDEBUG -I/usr/local/include -fpic -g -O2 -Wall -c init.c -o init.o gcc -I"/home/biocbuild/bbs-3.20-bioc/R/include" -DNDEBUG -I/usr/local/include -fpic -g -O2 -Wall -c pearson.c -o pearson.o gcc -shared -L/home/biocbuild/bbs-3.20-bioc/R/lib -L/usr/local/lib -o flagme.so dp.o init.o pearson.o -L/home/biocbuild/bbs-3.20-bioc/R/lib -lR installing to /home/biocbuild/bbs-3.20-bioc/R/site-library/00LOCK-flagme/00new/flagme/libs ** R ** inst ** byte-compile and prepare package for lazy loading ** help *** installing help indices ** building package indices ** installing vignettes ** testing if installed package can be loaded from temporary location ** checking absolute paths in shared objects and dynamic libraries ** testing if installed package can be loaded from final location ** testing if installed package keeps a record of temporary installation path * DONE (flagme)
flagme.Rcheck/flagme-Ex.timings
name | user | system | elapsed | |
addAMDISPeaks | 4.911 | 0.091 | 5.022 | |
addChromaTOFPeaks | 4.045 | 0.156 | 4.201 | |
addXCMSPeaks | 46.374 | 7.645 | 39.327 | |
betweenAlignment | 0.000 | 0.000 | 0.001 | |
calcTimeDiffs | 5.972 | 0.390 | 6.362 | |
clusterAlignment | 6.056 | 0.304 | 6.361 | |
corPrt | 44.425 | 6.853 | 35.395 | |
dp | 6.130 | 0.146 | 6.277 | |
dynRT | 46.725 | 7.600 | 38.781 | |
gatherInfo | 7.363 | 0.345 | 7.709 | |
imputePeaks | 10.763 | 0.263 | 11.033 | |
multipleAlignment-class | 7.218 | 0.050 | 7.269 | |
ndpRT | 43.053 | 9.502 | 36.421 | |
normDotProduct | 5.391 | 0.372 | 5.763 | |
parseChromaTOF | 1.962 | 0.021 | 1.983 | |
parseELU | 1.696 | 0.020 | 1.717 | |
peaksAlignment-class | 46.453 | 7.947 | 37.891 | |
peaksDataset | 6.057 | 0.294 | 6.352 | |
plotAlignedFrags | 89.897 | 15.724 | 56.262 | |
plotAlignment-peaksAlignment-method | 40.716 | 6.530 | 32.618 | |
plotChrom-peaksDataset-method | 7.015 | 0.080 | 7.095 | |
plotClustAlignment-clusterAlignment-method | 5.024 | 0.056 | 5.079 | |
plotFrags | 41.392 | 7.658 | 35.246 | |
plotImage | 3.083 | 0.041 | 3.125 | |
progressiveAlignment-class | 43.211 | 6.886 | 36.459 | |
retFatMatrix | 44.687 | 8.744 | 38.277 | |
rmaFitUnit | 5.681 | 0.137 | 5.818 | |