Back to Multiple platform build/check report for BioC 3.20:   simplified   long
ABCDEFGHIJKLM[N]OPQRSTUVWXYZ

This page was generated on 2025-02-03 12:10 -0500 (Mon, 03 Feb 2025).

HostnameOSArch (*)R versionInstalled pkgs
nebbiolo2Linux (Ubuntu 24.04.1 LTS)x86_644.4.2 (2024-10-31) -- "Pile of Leaves" 4746
palomino8Windows Server 2022 Datacenterx644.4.2 (2024-10-31 ucrt) -- "Pile of Leaves" 4494
merida1macOS 12.7.5 Montereyx86_644.4.2 (2024-10-31) -- "Pile of Leaves" 4517
kjohnson1macOS 13.6.6 Venturaarm644.4.2 (2024-10-31) -- "Pile of Leaves" 4469
taishanLinux (openEuler 24.03 LTS)aarch644.4.2 (2024-10-31) -- "Pile of Leaves" 4400
Click on any hostname to see more info about the system (e.g. compilers)      (*) as reported by 'uname -p', except on Windows and Mac OS X

Package 1407/2289HostnameOS / ArchINSTALLBUILDCHECKBUILD BIN
nethet 1.38.0  (landing page)
Nicolas Staedler
Snapshot Date: 2025-01-30 13:00 -0500 (Thu, 30 Jan 2025)
git_url: https://git.bioconductor.org/packages/nethet
git_branch: RELEASE_3_20
git_last_commit: df04fd9
git_last_commit_date: 2024-10-29 09:57:17 -0500 (Tue, 29 Oct 2024)
nebbiolo2Linux (Ubuntu 24.04.1 LTS) / x86_64  OK    OK    WARNINGS  UNNEEDED, same version is already published
palomino8Windows Server 2022 Datacenter / x64  OK    OK    WARNINGS    OK  UNNEEDED, same version is already published
merida1macOS 12.7.5 Monterey / x86_64  OK    OK    WARNINGS    OK  UNNEEDED, same version is already published
kjohnson1macOS 13.6.6 Ventura / arm64  OK    OK    WARNINGS    OK  UNNEEDED, same version is already published
taishanLinux (openEuler 24.03 LTS) / aarch64  OK    OK    WARNINGS  


CHECK results for nethet on kjohnson1

To the developers/maintainers of the nethet package:
- Allow up to 24 hours (and sometimes 48 hours) for your latest push to git@git.bioconductor.org:packages/nethet.git to reflect on this report. See Troubleshooting Build Report for more information.
- Use the following Renviron settings to reproduce errors and warnings.
- If 'R CMD check' started to fail recently on the Linux builder(s) over a missing dependency, add the missing dependency to 'Suggests:' in your DESCRIPTION file. See Renviron.bioc for more information.

raw results


Summary

Package: nethet
Version: 1.38.0
Command: /Library/Frameworks/R.framework/Resources/bin/R CMD check --install=check:nethet.install-out.txt --library=/Library/Frameworks/R.framework/Resources/library --no-vignettes --timings nethet_1.38.0.tar.gz
StartedAt: 2025-02-01 03:10:25 -0500 (Sat, 01 Feb 2025)
EndedAt: 2025-02-01 03:14:02 -0500 (Sat, 01 Feb 2025)
EllapsedTime: 216.5 seconds
RetCode: 0
Status:   WARNINGS  
CheckDir: nethet.Rcheck
Warnings: 1

Command output

##############################################################################
##############################################################################
###
### Running command:
###
###   /Library/Frameworks/R.framework/Resources/bin/R CMD check --install=check:nethet.install-out.txt --library=/Library/Frameworks/R.framework/Resources/library --no-vignettes --timings nethet_1.38.0.tar.gz
###
##############################################################################
##############################################################################


* using log directory ‘/Users/biocbuild/bbs-3.20-bioc/meat/nethet.Rcheck’
* using R version 4.4.2 (2024-10-31)
* using platform: aarch64-apple-darwin20
* R was compiled by
    Apple clang version 14.0.0 (clang-1400.0.29.202)
    GNU Fortran (GCC) 12.2.0
* running under: macOS Ventura 13.7.1
* using session charset: UTF-8
* using option ‘--no-vignettes’
* checking for file ‘nethet/DESCRIPTION’ ... OK
* checking extension type ... Package
* this is package ‘nethet’ version ‘1.38.0’
* checking package namespace information ... OK
* checking package dependencies ... OK
* checking if this is a source package ... OK
* checking if there is a namespace ... OK
* checking for hidden files and directories ... OK
* checking for portable file names ... OK
* checking for sufficient/correct file permissions ... OK
* checking whether package ‘nethet’ can be installed ... WARNING
Found the following significant warnings:
  Warning: replacing previous import ‘limma::logsumexp’ by ‘mclust::logsumexp’ when loading ‘nethet’
  Warning: replacing previous import ‘mclust::dmvnorm’ by ‘mvtnorm::dmvnorm’ when loading ‘nethet’
  Warning: replacing previous import ‘multtest::update’ by ‘stats::update’ when loading ‘nethet’
See ‘/Users/biocbuild/bbs-3.20-bioc/meat/nethet.Rcheck/00install.out’ for details.
* used C compiler: ‘Apple clang version 15.0.0 (clang-1500.0.40.1)’
* used SDK: ‘MacOSX11.3.sdk’
* checking installed package size ... OK
* checking package directory ... OK
* checking ‘build’ directory ... OK
* checking DESCRIPTION meta-information ... OK
* checking top-level files ... OK
* checking for left-over files ... OK
* checking index information ... OK
* checking package subdirectories ... OK
* checking code files for non-ASCII characters ... OK
* checking R files for syntax errors ... OK
* checking whether the package can be loaded ... OK
* checking whether the package can be loaded with stated dependencies ... OK
* checking whether the package can be unloaded cleanly ... OK
* checking whether the namespace can be loaded with stated dependencies ... OK
* checking whether the namespace can be unloaded cleanly ... OK
* checking dependencies in R code ... OK
* checking S3 generic/method consistency ... OK
* checking replacement functions ... OK
* checking foreign function calls ... OK
* checking R code for possible problems ... NOTE
screen_shrink: no visible global function definition for
  ‘performance.pcor’
Undefined global functions or variables:
  performance.pcor
* checking Rd files ... NOTE
checkRd: (-1) NetHet-package.Rd:19: Lost braces
    19 | St{\"a}dler, N. and Mukherjee, S. (2013). Two-Sample Testing in High-Dimensional Models.
       |   ^
checkRd: (-1) bwprun_mixglasso.Rd:32: Lost braces; missing escapes or markup?
    32 | init={'cl.init','r.means','random','kmeans','kmeans.hc','hc'}. Default='kmeans.hc'}
       |      ^
checkRd: (-1) func.uinit.Rd:16: Lost braces; missing escapes or markup?
    16 | init={'cl.init','r.means','random','kmeans','kmeans.hc','hc'}}
       |      ^
checkRd: (-1) mixglasso.Rd:31: Lost braces; missing escapes or markup?
    31 | init={'cl.init','r.means','random','kmeans','kmeans.hc','hc'}. Default='kmeans'}
       |      ^
checkRd: (-1) mixglasso_ncomp_fixed.Rd:22: Lost braces; missing escapes or markup?
    22 | init={'cl.init','r.means','random','kmeans','kmeans.hc','hc'}. Default='kmeans'}
       |      ^
* checking Rd metadata ... NOTE
Invalid package aliases in Rd file 'NetHet-package.Rd':
  ‘NetHet-package’
* checking Rd cross-references ... OK
* checking for missing documentation entries ... OK
* checking for code/documentation mismatches ... OK
* checking Rd \usage sections ... OK
* checking Rd contents ... OK
* checking for unstated dependencies in examples ... OK
* checking line endings in C/C++/Fortran sources/headers ... OK
* checking compiled code ... NOTE
Note: information on .o files is not available
* checking sizes of PDF files under ‘inst/doc’ ... OK
* checking files in ‘vignettes’ ... OK
* checking examples ... OK
Examples with CPU (user + system) or elapsed time > 5s
                      user system elapsed
het_cv_glasso       40.235  0.090  40.361
ggmgsa_multisplit   24.349  0.069  24.436
mixglasso           16.772  0.715  17.503
diffnet_multisplit   6.939  0.021   6.959
diffregr_multisplit  6.082  0.235   6.349
* checking for unstated dependencies in ‘tests’ ... OK
* checking tests ...
  Running ‘testthat.R’
 OK
* checking for unstated dependencies in vignettes ... OK
* checking package vignettes ... OK
* checking running R code from vignettes ... SKIPPED
* checking re-building of vignette outputs ... SKIPPED
* checking PDF version of manual ... OK
* DONE

Status: 1 WARNING, 4 NOTEs
See
  ‘/Users/biocbuild/bbs-3.20-bioc/meat/nethet.Rcheck/00check.log’
for details.


Installation output

nethet.Rcheck/00install.out

##############################################################################
##############################################################################
###
### Running command:
###
###   /Library/Frameworks/R.framework/Resources/bin/R CMD INSTALL nethet
###
##############################################################################
##############################################################################


* installing to library ‘/Library/Frameworks/R.framework/Versions/4.4-arm64/Resources/library’
* installing *source* package ‘nethet’ ...
** using staged installation
** libs
using C compiler: ‘Apple clang version 15.0.0 (clang-1500.0.40.1)’
using SDK: ‘MacOSX11.3.sdk’
clang -arch arm64 -I"/Library/Frameworks/R.framework/Resources/include" -DNDEBUG   -I/opt/R/arm64/include    -fPIC  -falign-functions=64 -Wall -g -O2  -c betamat_diffnet.c -o betamat_diffnet.o
clang -arch arm64 -dynamiclib -Wl,-headerpad_max_install_names -undefined dynamic_lookup -L/Library/Frameworks/R.framework/Resources/lib -L/opt/R/arm64/lib -o nethet.so betamat_diffnet.o -F/Library/Frameworks/R.framework/.. -framework R -Wl,-framework -Wl,CoreFoundation
installing to /Library/Frameworks/R.framework/Versions/4.4-arm64/Resources/library/00LOCK-nethet/00new/nethet/libs
** R
** inst
** byte-compile and prepare package for lazy loading
Warning: replacing previous import ‘limma::logsumexp’ by ‘mclust::logsumexp’ when loading ‘nethet’
Warning: replacing previous import ‘mclust::dmvnorm’ by ‘mvtnorm::dmvnorm’ when loading ‘nethet’
Warning: replacing previous import ‘multtest::update’ by ‘stats::update’ when loading ‘nethet’
** help
*** installing help indices
** building package indices
** installing vignettes
** testing if installed package can be loaded from temporary location
Warning: replacing previous import ‘limma::logsumexp’ by ‘mclust::logsumexp’ when loading ‘nethet’
Warning: replacing previous import ‘mclust::dmvnorm’ by ‘mvtnorm::dmvnorm’ when loading ‘nethet’
Warning: replacing previous import ‘multtest::update’ by ‘stats::update’ when loading ‘nethet’
** checking absolute paths in shared objects and dynamic libraries
** testing if installed package can be loaded from final location
Warning: replacing previous import ‘limma::logsumexp’ by ‘mclust::logsumexp’ when loading ‘nethet’
Warning: replacing previous import ‘mclust::dmvnorm’ by ‘mvtnorm::dmvnorm’ when loading ‘nethet’
Warning: replacing previous import ‘multtest::update’ by ‘stats::update’ when loading ‘nethet’
** testing if installed package keeps a record of temporary installation path
* DONE (nethet)

Tests output

nethet.Rcheck/tests/testthat.Rout


R version 4.4.2 (2024-10-31) -- "Pile of Leaves"
Copyright (C) 2024 The R Foundation for Statistical Computing
Platform: aarch64-apple-darwin20

R is free software and comes with ABSOLUTELY NO WARRANTY.
You are welcome to redistribute it under certain conditions.
Type 'license()' or 'licence()' for distribution details.

R is a collaborative project with many contributors.
Type 'contributors()' for more information and
'citation()' on how to cite R or R packages in publications.

Type 'demo()' for some demos, 'help()' for on-line help, or
'help.start()' for an HTML browser interface to help.
Type 'q()' to quit R.

> library(testthat)
> library(nethet)
Warning messages:
1: replacing previous import 'limma::logsumexp' by 'mclust::logsumexp' when loading 'nethet' 
2: replacing previous import 'mclust::dmvnorm' by 'mvtnorm::dmvnorm' when loading 'nethet' 
3: replacing previous import 'multtest::update' by 'stats::update' when loading 'nethet' 
> 
> test_check("nethet")
         -mixglasso: comp too small; min(n_k)= 4.87702 
         -mixglasso: comp too small; min(n_k)= 4.860436 
[ FAIL 0 | WARN 0 | SKIP 0 | PASS 18 ]
> 
> proc.time()
   user  system elapsed 
  7.857   0.417   8.353 

Example timings

nethet.Rcheck/nethet-Ex.timings

nameusersystemelapsed
aggpval0.0050.0010.005
bwprun_mixglasso2.1900.1422.344
diffnet_multisplit6.9390.0216.959
diffnet_singlesplit3.4910.0113.507
diffregr_multisplit6.0820.2356.349
diffregr_singlesplit0.4900.0190.509
dot_plot0.7790.0230.802
export_network0.1520.0060.158
generate_2networks0.0360.0020.038
generate_inv_cov0.0630.1180.182
ggmgsa_multisplit24.349 0.06924.436
gsea.iriz0.0060.0010.006
het_cv_glasso40.235 0.09040.361
invcov2parcor0.0010.0000.001
invcov2parcor_array0.0050.0010.006
logratio0.0000.0000.001
mixglasso16.772 0.71517.503
plot_2networks0.0360.0020.040
scatter_plot0.7350.0170.767
screen_aic.glasso1.3450.0121.366
screen_bic.glasso1.3180.0041.327
screen_cv.glasso2.6620.0052.666
screen_cv1se.lasso0.1190.0030.121
screen_cvfix.lasso0.1270.0030.129
screen_cvmin.lasso0.1260.0060.131
screen_cvsqrt.lasso0.1170.0030.120
screen_cvtrunc.lasso0.1260.0070.133
sim_mix0.0030.0060.009
sim_mix_networks0.0070.0000.008