Back to Multiple platform build/check report for BioC 3.20:   simplified   long
ABCDEFGHIJKLMNO[P]QRSTUVWXYZ

This page was generated on 2025-02-03 12:08 -0500 (Mon, 03 Feb 2025).

HostnameOSArch (*)R versionInstalled pkgs
nebbiolo2Linux (Ubuntu 24.04.1 LTS)x86_644.4.2 (2024-10-31) -- "Pile of Leaves" 4746
palomino8Windows Server 2022 Datacenterx644.4.2 (2024-10-31 ucrt) -- "Pile of Leaves" 4494
merida1macOS 12.7.5 Montereyx86_644.4.2 (2024-10-31) -- "Pile of Leaves" 4517
kjohnson1macOS 13.6.6 Venturaarm644.4.2 (2024-10-31) -- "Pile of Leaves" 4469
taishanLinux (openEuler 24.03 LTS)aarch644.4.2 (2024-10-31) -- "Pile of Leaves" 4400
Click on any hostname to see more info about the system (e.g. compilers)      (*) as reported by 'uname -p', except on Windows and Mac OS X

Package 1548/2289HostnameOS / ArchINSTALLBUILDCHECKBUILD BIN
phyloseq 1.50.0  (landing page)
Paul J. McMurdie
Snapshot Date: 2025-01-30 13:00 -0500 (Thu, 30 Jan 2025)
git_url: https://git.bioconductor.org/packages/phyloseq
git_branch: RELEASE_3_20
git_last_commit: 8724974
git_last_commit_date: 2024-10-29 09:40:05 -0500 (Tue, 29 Oct 2024)
nebbiolo2Linux (Ubuntu 24.04.1 LTS) / x86_64  OK    OK    WARNINGS  UNNEEDED, same version is already published
palomino8Windows Server 2022 Datacenter / x64  OK    OK    WARNINGS    OK  UNNEEDED, same version is already published
merida1macOS 12.7.5 Monterey / x86_64  OK    OK    WARNINGS    OK  UNNEEDED, same version is already published
kjohnson1macOS 13.6.6 Ventura / arm64  OK    ERROR  skippedskipped
taishanLinux (openEuler 24.03 LTS) / aarch64  OK    OK    WARNINGS  


CHECK results for phyloseq on merida1

To the developers/maintainers of the phyloseq package:
- Allow up to 24 hours (and sometimes 48 hours) for your latest push to git@git.bioconductor.org:packages/phyloseq.git to reflect on this report. See Troubleshooting Build Report for more information.
- Use the following Renviron settings to reproduce errors and warnings.
- If 'R CMD check' started to fail recently on the Linux builder(s) over a missing dependency, add the missing dependency to 'Suggests:' in your DESCRIPTION file. See Renviron.bioc for more information.

raw results


Summary

Package: phyloseq
Version: 1.50.0
Command: /Library/Frameworks/R.framework/Resources/bin/R CMD check --install=check:phyloseq.install-out.txt --library=/Library/Frameworks/R.framework/Resources/library --no-vignettes --timings phyloseq_1.50.0.tar.gz
StartedAt: 2025-01-31 08:02:20 -0500 (Fri, 31 Jan 2025)
EndedAt: 2025-01-31 08:12:02 -0500 (Fri, 31 Jan 2025)
EllapsedTime: 581.6 seconds
RetCode: 0
Status:   WARNINGS  
CheckDir: phyloseq.Rcheck
Warnings: 1

Command output

##############################################################################
##############################################################################
###
### Running command:
###
###   /Library/Frameworks/R.framework/Resources/bin/R CMD check --install=check:phyloseq.install-out.txt --library=/Library/Frameworks/R.framework/Resources/library --no-vignettes --timings phyloseq_1.50.0.tar.gz
###
##############################################################################
##############################################################################


* using log directory ‘/Users/biocbuild/bbs-3.20-bioc/meat/phyloseq.Rcheck’
* using R version 4.4.2 (2024-10-31)
* using platform: x86_64-apple-darwin20
* R was compiled by
    Apple clang version 14.0.0 (clang-1400.0.29.202)
    GNU Fortran (GCC) 12.2.0
* running under: macOS Monterey 12.7.6
* using session charset: UTF-8
* using option ‘--no-vignettes’
* checking for file ‘phyloseq/DESCRIPTION’ ... OK
* this is package ‘phyloseq’ version ‘1.50.0’
* checking package namespace information ... OK
* checking package dependencies ... OK
* checking if this is a source package ... OK
* checking if there is a namespace ... OK
* checking for hidden files and directories ... NOTE
Found the following hidden files and directories:
  .travis.yml
These were most likely included in error. See section ‘Package
structure’ in the ‘Writing R Extensions’ manual.
* checking for portable file names ... OK
* checking for sufficient/correct file permissions ... OK
* checking whether package ‘phyloseq’ can be installed ... OK
* checking installed package size ... OK
* checking package directory ... OK
* checking ‘build’ directory ... OK
* checking DESCRIPTION meta-information ... OK
* checking top-level files ... OK
* checking for left-over files ... OK
* checking index information ... OK
* checking package subdirectories ... OK
* checking code files for non-ASCII characters ... OK
* checking R files for syntax errors ... OK
* checking whether the package can be loaded ... OK
* checking whether the package can be loaded with stated dependencies ... OK
* checking whether the package can be unloaded cleanly ... OK
* checking whether the namespace can be loaded with stated dependencies ... OK
* checking whether the namespace can be unloaded cleanly ... OK
* checking dependencies in R code ... OK
* checking S3 generic/method consistency ... OK
* checking replacement functions ... OK
* checking foreign function calls ... OK
* checking R code for possible problems ... NOTE
DPCoA: no visible global function definition for ‘as.dist’
chunkReOrder: no visible global function definition for ‘tail’
chunkReOrder: no visible global function definition for ‘head’
export_env_file: no visible global function definition for
  ‘write.table’
export_mothur_dist: no visible global function definition for ‘as.dist’
export_mothur_dist: no visible global function definition for
  ‘write.table’
fastUniFrac: no visible global function definition for ‘combn’
fastUniFrac: no visible global function definition for ‘as.dist’
import_RDP_otu: no visible global function definition for ‘read.table’
import_env_file: no visible global function definition for ‘read.table’
import_mothur_constaxonomy: no visible global function definition for
  ‘read.table’
import_mothur_dist: no visible global function definition for ‘as.dist’
import_mothur_groups: no visible global function definition for
  ‘read.table’
import_mothur_shared: no visible global function definition for
  ‘read.table’
import_qiime_otu_tax: no visible global function definition for ‘:=’
import_qiime_otu_tax: no visible binding for global variable ‘Consensus
  Lineage’
import_qiime_otu_tax: no visible binding for global variable ‘#OTU ID’
import_qiime_sample_data: no visible global function definition for
  ‘read.table’
import_uparse: no visible global function definition for ‘:=’
import_uparse: no visible binding for global variable ‘count’
import_uparse: no visible binding for global variable ‘queryString’
import_uparse: no visible binding for global variable ‘queryID’
import_uparse: no visible binding for global variable ‘Classification’
import_uparse: no visible global function definition for
  ‘dcast.data.table’
import_uparse: no visible binding for global variable ‘OTULabel’
import_usearch_uc: no visible global function definition for ‘:=’
import_usearch_uc: no visible binding for global variable ‘read’
microbio_me_qiime: no visible global function definition for
  ‘download.file’
microbio_me_qiime: no visible global function definition for ‘unzip’
microbio_me_qiime: no visible global function definition for ‘untar’
nodeplotboot : <anonymous>: no visible global function definition for
  ‘complete.cases’
nodeplotboot : <anonymous>: no visible binding for global variable ‘x’
nodeplotboot : <anonymous>: no visible binding for global variable ‘y’
nodeplotdefault : <anonymous>: no visible binding for global variable
  ‘x’
nodeplotdefault : <anonymous>: no visible binding for global variable
  ‘y’
nodeplotdefault : <anonymous>: no visible binding for global variable
  ‘label’
ordinate: no visible global function definition for ‘as.formula’
plot_clusgap: no visible binding for global variable ‘k’
plot_clusgap: no visible binding for global variable ‘gap’
plot_clusgap: no visible binding for global variable ‘SE.sim’
plot_heatmap: no visible global function definition for
  ‘capture.output’
plot_heatmap: no visible binding for global variable ‘Sample’
plot_heatmap: no visible binding for global variable ‘OTU’
plot_heatmap: no visible binding for global variable ‘Abundance’
plot_net : vertex_layout: no visible binding for global variable ‘x’
plot_net : link_layout: no visible binding for global variable ‘x’
plot_net : link_layout: no visible binding for global variable ‘y’
plot_net: no visible binding for global variable ‘x’
plot_net: no visible binding for global variable ‘y’
plot_net: no visible binding for global variable ‘xend’
plot_net: no visible binding for global variable ‘yend’
plot_network: no visible binding for global variable ‘x’
plot_network: no visible binding for global variable ‘y’
plot_richness: no visible binding for global variable ‘value’
plot_richness: no visible binding for global variable ‘se’
plot_scree: no visible binding for global variable ‘axis’
plot_scree: no visible binding for global variable ‘eigenvalue’
plot_tree: no visible binding for global variable ‘xleft’
plot_tree: no visible binding for global variable ‘xright’
plot_tree: no visible binding for global variable ‘y’
plot_tree: no visible binding for global variable ‘x’
plot_tree: no visible binding for global variable ‘vmin’
plot_tree: no visible binding for global variable ‘vmax’
plot_tree: no visible binding for global variable ‘OTU’
plot_tree: no visible binding for global variable ‘label’
plot_tree: no visible binding for global variable ‘Abundance’
plot_tree: no visible binding for global variable ‘Sample’
plot_tree: no visible global function definition for ‘:=’
plot_tree: no visible binding for global variable ‘h.adj.index’
plot_tree: no visible binding for global variable ‘xdodge’
plot_tree: no visible binding for global variable ‘xfartiplab’
plot_tree: no visible binding for global variable ‘.SD’
rp.joint.fill: no visible global function definition for ‘relevel’
tip_glom: no visible global function definition for ‘as.dist’
tip_glom: no visible global function definition for ‘cutree’
tip_glom: no visible global function definition for ‘as.hclust’
tree_layout: no visible global function definition for ‘:=’
tree_layout: no visible binding for global variable ‘OTU’
tree_layout: no visible binding for global variable ‘V2’
tree_layout: no visible binding for global variable ‘xleft’
tree_layout: no visible binding for global variable ‘V1’
tree_layout: no visible binding for global variable ‘xright’
tree_layout: no visible binding for global variable ‘y’
tree_layout: no visible binding for global variable ‘x’
tree_layout: no visible binding for global variable ‘label’
tree_layout: no visible global function definition for ‘J’
tree_layout: no visible binding for global variable ‘vmin’
tree_layout: no visible binding for global variable ‘vmax’
JSD,matrix: no visible global function definition for ‘combn’
JSD,matrix: no visible binding for global variable ‘i’
JSD,matrix: no visible global function definition for ‘as.dist’
capscale.phyloseq,phyloseq-formula-character: no visible global
  function definition for ‘as.formula’
capscale.phyloseq,phyloseq-formula-dist: no visible global function
  definition for ‘as.formula’
cca.phyloseq,phyloseq-formula: no visible global function definition
  for ‘as.formula’
distance,phyloseq-character: no visible global function definition for
  ‘as.dist’
merge_phyloseq_pair,sample_data-sample_data : <anonymous>: no visible
  binding for global variable ‘X0’
merge_samples,sample_data: no visible global function definition for
  ‘aggregate’
plot_phyloseq,phyloseq: no visible binding for global variable
  ‘esophagus’
Undefined global functions or variables:
  #OTU ID .SD := Abundance Classification Consensus Lineage J OTU
  OTULabel SE.sim Sample V1 V2 X0 aggregate as.dist as.formula
  as.hclust axis capture.output combn complete.cases count cutree
  dcast.data.table download.file eigenvalue esophagus gap h.adj.index
  head i k label queryID queryString read read.table relevel se tail
  untar unzip value vmax vmin write.table x xdodge xend xfartiplab
  xleft xright y yend
Consider adding
  importFrom("graphics", "axis")
  importFrom("stats", "aggregate", "as.dist", "as.formula", "as.hclust",
             "complete.cases", "cutree", "relevel")
  importFrom("utils", "capture.output", "combn", "download.file", "head",
             "read.table", "tail", "untar", "unzip", "write.table")
to your NAMESPACE file.
* checking Rd files ... WARNING
checkRd: (-1) import_biom.Rd:15: Lost braces
    15 | \url{http://www.qiime.org/svn_documentation/documentation/biom_format.html}{the biom-format home page}.
       |                                                                            ^
checkRd: (-1) import_biom.Rd:45: Lost braces
    45 | as in the case of the GreenGenes tree mentioned earlier (code{\link{read_tree_greengenes}}).}
       |                                                              ^
checkRd: (-1) import_biom.Rd:92: Lost braces
    92 | \url{http://greengenes.lbl.gov/cgi-bin/nph-index.cgi}{greengenes},
       |                                                      ^
checkRd: (-1) import_pyrotagger_tab.Rd:55: Lost braces
    55 | \code{R}. Rather than add to the dependency requirements of emph{phyloseq}
       |                                                                 ^
checkRd: (-1) import_qiime.Rd:44: Lost braces
    44 | as in the case of the GreenGenes tree mentioned earlier (code{\link{read_tree_greengenes}}).}
       |                                                              ^
checkRd: (7) import_qiime.Rd:120: Invalid URL: "http://www.qiime.org/"
checkRd: (-1) merge_samples-methods.Rd:71: Lost braces
    71 | \code{\link{merge_taxa}}, code{\link{merge_phyloseq}}
       |                               ^
* checking Rd metadata ... NOTE
Invalid package aliases in Rd file 'phyloseq-deprecated.Rd':
  ‘phyloseq-deprecated-package’
* checking Rd cross-references ... OK
* checking for missing documentation entries ... OK
* checking for code/documentation mismatches ... OK
* checking Rd \usage sections ... NOTE
S3 methods shown with full name in Rd file 'cca-rda-phyloseq-methods.Rd':
  ‘cca.phyloseq’

The \usage entries for S3 methods should use the \method markup and not
their full name.
See chapter ‘Writing R documentation files’ in the ‘Writing R
Extensions’ manual.
* checking Rd contents ... OK
* checking for unstated dependencies in examples ... OK
* checking contents of ‘data’ directory ... OK
* checking data for non-ASCII characters ... OK
* checking data for ASCII and uncompressed saves ... OK
* checking installed files from ‘inst/doc’ ... OK
* checking files in ‘vignettes’ ... OK
* checking examples ... OK
Examples with CPU (user + system) or elapsed time > 5s
                    user system elapsed
phyloseq_to_deseq2 8.378  0.166   8.978
threshrank         2.694  4.500   7.772
plot_net           6.515  0.169   6.869
plot_richness      6.224  0.206   6.768
transpose-methods  1.492  4.266   6.258
plot_heatmap       5.417  0.141   5.876
* checking for unstated dependencies in ‘tests’ ... OK
* checking tests ...
  Running ‘testthat-phyloseq.R’
 OK
* checking for unstated dependencies in vignettes ... OK
* checking package vignettes ... OK
* checking running R code from vignettes ... SKIPPED
* checking re-building of vignette outputs ... SKIPPED
* checking PDF version of manual ... OK
* DONE

Status: 1 WARNING, 4 NOTEs
See
  ‘/Users/biocbuild/bbs-3.20-bioc/meat/phyloseq.Rcheck/00check.log’
for details.


Installation output

phyloseq.Rcheck/00install.out

##############################################################################
##############################################################################
###
### Running command:
###
###   /Library/Frameworks/R.framework/Resources/bin/R CMD INSTALL phyloseq
###
##############################################################################
##############################################################################


* installing to library ‘/Library/Frameworks/R.framework/Versions/4.4-x86_64/Resources/library’
* installing *source* package ‘phyloseq’ ...
** using staged installation
** R
** data
** inst
** byte-compile and prepare package for lazy loading
** help
*** installing help indices
** building package indices
** installing vignettes
** testing if installed package can be loaded from temporary location
** testing if installed package can be loaded from final location
** testing if installed package keeps a record of temporary installation path
* DONE (phyloseq)

Tests output

phyloseq.Rcheck/tests/testthat-phyloseq.Rout


R version 4.4.2 (2024-10-31) -- "Pile of Leaves"
Copyright (C) 2024 The R Foundation for Statistical Computing
Platform: x86_64-apple-darwin20

R is free software and comes with ABSOLUTELY NO WARRANTY.
You are welcome to redistribute it under certain conditions.
Type 'license()' or 'licence()' for distribution details.

R is a collaborative project with many contributors.
Type 'contributors()' for more information and
'citation()' on how to cite R or R packages in publications.

Type 'demo()' for some demos, 'help()' for on-line help, or
'help.start()' for an HTML browser interface to help.
Type 'q()' to quit R.

> library("testthat")
> packageVersion("phyloseq")
[1] '1.50.0'
> # As suggested for opt-out option on testing by users, recommended by CRAN
> # http://adv-r.had.co.nz/Testing.html
> # Previously, best practice was to put all test files in inst/tests and ensure that R CMD check ran them by putting the following code in tests/test-all.R:  
> # library(testthat)
> # library(yourpackage)
> # test_package("yourpackage")
> # Now, recommended practice is to put your tests in tests/testthat, and ensure R CMD check runs them by putting the following code in tests/test-all.R:
> # library(testthat)
> # test_check("yourpackage")
> # The advantage of this new structure is that the user has control over whether or not tests are installed using the –install-tests parameter to R CMD install, or INSTALL_opts = c(“–install-tests”) argument to install.packages(). I’m not sure why you wouldn’t want to install the tests, but now you have the flexibility as requested by CRAN maintainers.
> test_check("phyloseq")
Loading required package: phyloseq
Found biom-format file, now parsing it... 
Done parsing biom... 
Importing Sample Metdadata from mapping file...
Merging the imported objects... 
Successfully merged, phyloseq-class created. 
 Returning... 
Found biom-format file, now parsing it... 
Done parsing biom... 
Importing Sample Metdadata from mapping file...
Merging the imported objects... 
Successfully merged, phyloseq-class created. 
 Returning... 
Reading `ucfile` into memory and parsing into table 
Initially read 100 entries. 
... Now removing unassigned OTUs (* or NA)... 
Removed 7 entries that had no OTU assignment. 
A total of 93 will be assigned to the OTU table.
Processing otu/tax file...
Reading file into memory prior to parsing...
Detecting first header line...
Header is on line 2  
Converting input file to a table...
Defining OTU table... 
Parsing taxonomy table...
Processing phylogenetic tree...
 /Library/Frameworks/R.framework/Versions/4.4-x86_64/Resources/library/phyloseq/extdata/GP_tree_rand_short.newick.gz ...
Processing map file...
Processing otu/tax file...
Reading file into memory prior to parsing...
Detecting first header line...
Header is on line 2  
Converting input file to a table...
Defining OTU table... 
Parsing taxonomy table...
Processing phylogenetic tree...
 /Library/Frameworks/R.framework/Versions/4.4-x86_64/Resources/library/phyloseq/extdata/GP_tree_rand_short.newick.gz ...
Processing Reference Sequences...
[ FAIL 0 | WARN 51 | SKIP 0 | PASS 604 ]

[ FAIL 0 | WARN 51 | SKIP 0 | PASS 604 ]
> 
> proc.time()
   user  system elapsed 
119.564   3.490 136.927 

Example timings

phyloseq.Rcheck/phyloseq-Ex.timings

nameusersystemelapsed
DPCoA4.3960.2414.756
JSD0.0010.0000.000
UniFrac-methods0.2000.0040.205
access0.0000.0010.001
assign-otu_table0.0000.0000.001
assign-phy_tree0.0650.0030.068
assign-sample_data0.1690.0080.177
assign-sample_names0.0120.0030.015
assign-tax_table0.0000.0010.001
assign-taxa_are_rows0.0040.0020.006
assign-taxa_names0.0120.0060.017
build_tax_table0.0200.0020.023
capscale-phyloseq-methods0.9520.0360.991
cca-rda-phyloseq-methods000
chunkReOrder000
data-GlobalPatterns2.1860.0702.281
data-enterotype1.6050.0291.719
data-esophagus1.1330.0781.223
data-soilrep2.1180.1072.356
distance0.3560.0710.468
distanceMethodList0.0000.0010.002
envHash2otu_table0.0000.0000.001
estimate_richness0.0440.0060.051
export_env_file0.0000.0010.001
export_mothur_dist0.1190.0890.224
extract-methods0.0130.0040.016
filter_taxa2.8820.0753.112
filterfun_sample0.0290.0020.031
gapstat_ord2.3410.0342.492
genefilter_sample-methods0.0000.0010.001
get.component.classes0.0010.0010.001
get_sample-methods0.0050.0040.008
get_taxa-methods0.0040.0040.010
get_taxa_unique0.3420.0330.396
get_variable0.2670.0060.286
getslots.phyloseq0.2700.0060.280
import0.0000.0000.001
import_RDP_otu1.0150.0201.186
import_biom0.2310.0130.285
import_env_file000
import_mothur0.0000.0010.001
import_mothur_dist000
import_pyrotagger_tab000
import_qiime1.0780.0141.365
import_qiime_otu_tax1.0060.2611.379
import_qiime_sample_data0.0160.0050.023
import_uparse0.0010.0000.001
import_usearch_uc0.0240.0180.047
index_reorder0.0000.0010.001
intersect_taxa000
make_network2.8580.0433.092
merge_phyloseq000
merge_phyloseq_pair-methods0.0010.0020.003
merge_samples-methods0.9560.0541.038
merge_taxa-methods0.1050.0030.109
microbio_me_qiime0.9870.0281.064
mt-methods1.8620.0222.045
nodeplotblank0.7230.0150.865
nodeplotboot0.0020.0010.003
nodeplotdefault0.0000.0010.001
nsamples-methods0.0390.0030.049
ntaxa-methods0.0050.0030.007
ordinate0.0010.0010.001
otu_table-methods0.0010.0010.001
parseTaxonomy-functions0.0030.0020.005
phy_tree-methods0.2630.0050.286
phyloseq0.0370.0030.045
phyloseq_to_deseq28.3780.1668.978
phyloseq_to_metagenomeSeq1.6440.1471.934
plot_bar4.0080.1764.383
plot_clusgap4.4740.1114.722
plot_heatmap5.4170.1415.876
plot_net6.5150.1696.869
plot_network2.3190.0402.536
plot_ordination0.8900.0150.946
plot_phyloseq-methods0.4450.0100.476
plot_richness6.2240.2066.768
plot_scree2.9700.0783.216
plot_tree1.0960.0811.224
prune_samples-methods0.5650.0190.613
prune_taxa-methods0.0820.0040.092
psmelt1.0250.0291.113
rank_names0.0320.0030.037
rarefy_even_depth0.1530.0040.167
read_tree0.0280.0050.035
read_tree_greengenes0.0170.0040.021
reconcile_categories0.0000.0010.001
refseq-methods0.2650.0040.294
rm_outlierf0.0300.0040.036
sample_data-methods0.1010.0140.120
sample_names-methods0.0030.0030.006
sample_sums0.0380.0160.054
sample_variables0.0320.0030.035
show-methods0.0000.0000.001
splat.phyloseq.objects000
subset_ord_plot0.0010.0000.000
subset_samples-methods0.0010.0000.000
subset_taxa-methods0.0000.0000.001
tax_glom000
tax_table-methods0.0000.0010.001
taxa_names-methods0.0400.0050.046
taxa_sums0.0450.0300.076
threshrank2.6944.5007.772
threshrankfun0.0930.0090.104
tip_glom1.2530.0111.399
topf0.0220.0040.025
topk0.0230.0020.025
topp0.0220.0030.027
transformcounts0.1800.0130.195
transpose-methods1.4924.2666.258
tree_layout1.1040.0561.398